V/AlarmManager( 714): sending alarm PendingIntent{42634458: PendingIntentRecord{426cf298 com.domobile.applock startService}}, i=null, t=3, cnt=1, w=1668099972, Int=120
D/PMS ( 714): releaseWL(43a7cd58): PARTIAL_WAKE_LOCK AlarmManager 0x1
D/PMS ( 714): acquireWL(435b0938): PARTIAL_WAKE_LOCK AlarmManager 0x1 714 1000
V/AlarmManager( 714): sending alarm PendingIntent{42634458: PendingIntentRecord{426cf298 com.domobile.applock startService}}, i=null, t=3, cnt=1, w=1668100092, Int=120
D/PMS ( 714): releaseWL(435b0938): PARTIAL_WAKE_LOCK AlarmManager 0x1
D/PMS ( 714): acquireWL(4323be08): PARTIAL_WAKE_LOCK AlarmManager 0x1 714 1000
V/AlarmManager( 714): sending alarm PendingIntent{42634458: PendingIntentRecord{426cf298 com.domobile.applock startService}}, i=null, t=3, cnt=1, w=1668100212, Int=120
D/PMS ( 714): releaseWL(4323be08): PARTIAL_WAKE_LOCK AlarmManager 0x1
D/PMS ( 714): acquireWL(42e006f0): PARTIAL_WAKE_LOCK AlarmManager 0x1 714 1000
V/AlarmManager( 714): sending alarm PendingIntent{42634458: PendingIntentRecord{426cf298 com.domobile.applock startService}}, i=null, t=3, cnt=1, w=1668100332, Int=120
D/PMS ( 714): releaseWL(42e006f0): PARTIAL_WAKE_LOCK AlarmManager 0x1
D/PMS ( 714): acquireWL(42c4db30): PARTIAL_WAKE_LOCK AlarmManager 0x1 714 1000
V/AlarmManager( 714): sending alarm PendingIntent{42634458: PendingIntentRecord{426cf298 com.domobile.applock startService}}, i=null, t=3, cnt=1, w=1668100452, Int=120
D/PMS ( 714): releaseWL(42c4db30): PARTIAL_WAKE_LOCK AlarmManager 0x1
D/PMS ( 714): acquireWL(42ada7b8): PARTIAL_WAKE_LOCK AlarmManager 0x1 714 1000
V/AlarmManager( 714): sending alarm PendingIntent{42634458: PendingIntentRecord{426cf298 com.domobile.applock startService}}, i=null, t=3, cnt=1, w=1668100572, Int=120
D/PMS ( 714): releaseWL(42ada7b8): PARTIAL_WAKE_LOCK AlarmManager 0x1
D/PMS ( 714): acquireWL(42943b08): PARTIAL_WAKE_LOCK AlarmManager 0x1 714 1000
V/AlarmManager( 714): sending alarm PendingIntent{42634458: PendingIntentRecord{426cf298 com.domobile.applock startService}}, i=null, t=3, cnt=1, w=1668100692, Int=120
D/PMS ( 714): releaseWL(42943b08): PARTIAL_WAKE_LOCK AlarmManager 0x1
D/PMS ( 714): acquireWL(42620510): PARTIAL_WAKE_LOCK AlarmManager 0x1 714 1000
V/AlarmManager( 714): sending alarm PendingIntent{42634458: PendingIntentRecord{426cf298 com.domobile.applock startService}}, i=null, t=3, cnt=1, w=1668100812, Int=120
D/PMS ( 714): releaseWL(42620510): PARTIAL_WAKE_LOCK AlarmManager 0x1
D/WifiStateMachine( 714): fetchRssiAndLinkSpeedNative RSSI = -48 abnormalRssiCnt = 0 newLinkSpeed = 58
D/WifiStateMachine( 714): fetchRssiAndLinkSpeedNative mLinkspeedCount = 5, mLinkspeedSum: 290
D/WifiStateMachine( 714): fetchRssiAndLinkSpeedNative: Update RSSI:-51 and linkspeed:58 in database
D/WifiApDatabaseHandler( 714): updateConnectedAP...
D/PMS ( 714): acquireWL(42692568): PARTIAL_WAKE_LOCK AlarmManager 0x1 714 1000
V/AlarmManager( 714): sending alarm PendingIntent{42634458: PendingIntentRecord{426cf298 com.domobile.applock startService}}, i=null, t=3, cnt=1, w=1668100932, Int=120
D/PMS ( 714): releaseWL(42692568): PARTIAL_WAKE_LOCK AlarmManager 0x1
D/PMS ( 714): acquireWL(43141710): PARTIAL_WAKE_LOCK AlarmManager 0x1 714 1000
V/AlarmManager( 714): sending alarm PendingIntent{42634458: PendingIntentRecord{426cf298 com.domobile.applock startService}}, i=null, t=3, cnt=1, w=1668101052, Int=120
D/PMS ( 714): releaseWL(43141710): PARTIAL_WAKE_LOCK AlarmManager 0x1
D/PMS ( 714): acquireWL(42c54ee0): PARTIAL_WAKE_LOCK AlarmManager 0x1 714 1000
V/AlarmManager( 714): sending alarm PendingIntent{42634458: PendingIntentRecord{426cf298 com.domobile.applock startService}}, i=null, t=3, cnt=1, w=1668101172, Int=120
D/PMS ( 714): releaseWL(42c54ee0): PARTIAL_WAKE_LOCK AlarmManager 0x1
D/PMS ( 714): acquireWL(427c2b10): PARTIAL_WAKE_LOCK AlarmManager 0x1 714 1000
V/AlarmManager( 714): sending alarm PendingIntent{42634458: PendingIntentRecord{426cf298 com.domobile.applock startService}}, i=null, t=3, cnt=1, w=1668101292, Int=120
D/PMS ( 714): releaseWL(427c2b10): PARTIAL_WAKE_LOCK AlarmManager 0x1
D/PMS ( 714): acquireWL(422bb670): PARTIAL_WAKE_LOCK AlarmManager 0x1 714 1000
V/AlarmManager( 714): sending alarm PendingIntent{42634458: PendingIntentRecord{426cf298 com.domobile.applock startService}}, i=null, t=3, cnt=1, w=1668101412, Int=120
D/PMS ( 714): releaseWL(422bb670): PARTIAL_WAKE_LOCK AlarmManager 0x1
D/PMS ( 714): acquireWL(435ace38): PARTIAL_WAKE_LOCK AlarmManager 0x1 714 1000
V/AlarmManager( 714): sending alarm PendingIntent{42634458: PendingIntentRecord{426cf298 com.domobile.applock startService}}, i=null, t=3, cnt=1, w=1668101532, Int=120
D/PMS ( 714): releaseWL(435ace38): PARTIAL_WAKE_LOCK AlarmManager 0x1
D/PMS ( 714): acquireWL(4313c9e0): PARTIAL_WAKE_LOCK AlarmManager 0x1 714 1000
V/AlarmManager( 714): sending alarm PendingIntent{42634458: PendingIntentRecord{426cf298 com.domobile.applock startService}}, i=null, t=3, cnt=1, w=1668101652, Int=120
D/PMS ( 714): releaseWL(4313c9e0): PARTIAL_WAKE_LOCK AlarmManager 0x1
D/PMS ( 714): acquireWL(42fc7db0): PARTIAL_WAKE_LOCK AlarmManager 0x1 714 1000
V/AlarmManager( 714): sending alarm PendingIntent{42634458: PendingIntentRecord{426cf298 com.domobile.applock startService}}, i=null, t=3, cnt=1, w=1668101772, Int=120
D/PMS ( 714): releaseWL(42fc7db0): PARTIAL_WAKE_LOCK AlarmManager 0x1
D/PMS ( 714): acquireWL(42d57ef0): PARTIAL_WAKE_LOCK AlarmManager 0x1 714 1000
V/AlarmManager( 714): sending alarm PendingIntent{42634458: PendingIntentRecord{426cf298 com.domobile.applock startService}}, i=null, t=3, cnt=1, w=1668101892, Int=120
D/PMS ( 714): releaseWL(42d57ef0): PARTIAL_WAKE_LOCK AlarmManager 0x1
D/PMS ( 714): acquireWL(42c3ef98): PARTIAL_WAKE_LOCK AlarmManager 0x1 714 1000
V/AlarmManager( 714): sending alarm PendingIntent{42634458: PendingIntentRecord{426cf298 com.domobile.applock startService}}, i=null, t=3, cnt=1, w=1668102012, Int=120
D/PMS ( 714): releaseWL(42c3ef98): PARTIAL_WAKE_LOCK AlarmManager 0x1
D/PMS ( 714): acquireWL(42a3e540): PARTIAL_WAKE_LOCK AlarmManager 0x1 714 1000
V/AlarmManager( 714): sending alarm PendingIntent{42634458: PendingIntentRecord{426cf298 com.domobile.applock startService}}, i=null, t=3, cnt=1, w=1668102132, Int=120
D/PMS ( 714): releaseWL(42a3e540): PARTIAL_WAKE_LOCK AlarmManager 0x1
D/PMS ( 714): acquireWL(428fc290): PARTIAL_WAKE_LOCK AlarmManager 0x1 714 1000
V/AlarmManager( 714): sending alarm PendingIntent{42634458: PendingIntentRecord{426cf298 com.domobile.applock startService}}, i=null, t=3, cnt=1, w=1668102252, Int=120
D/PMS ( 714): releaseWL(428fc290): PARTIAL_WAKE_LOCK AlarmManager 0x1
D/PMS ( 714): acquireWL(42534020): PARTIAL_WAKE_LOCK AlarmManager 0x1 714 1000
V/AlarmManager( 714): sending alarm PendingIntent{42634458: PendingIntentRecord{426cf298 com.domobile.applock startService}}, i=null, t=3, cnt=1, w=1668102372, Int=120
D/PMS ( 714): releaseWL(42534020): PARTIAL_WAKE_LOCK AlarmManager 0x1
D/PMS ( 714): acquireWL(43a97670): PARTIAL_WAKE_LOCK AlarmManager 0x1 714 1000
V/AlarmManager( 714): sending alarm PendingIntent{42634458: PendingIntentRecord{426cf298 com.domobile.applock startService}}, i=null, t=3, cnt=1, w=1668102492, Int=120
D/PMS ( 714): releaseWL(43a97670): PARTIAL_WAKE_LOCK AlarmManager 0x1
D/PMS ( 714): acquireWL(436318b0): PARTIAL_WAKE_LOCK AlarmManager 0x1 714 1000
V/AlarmManager( 714): sending alarm PendingIntent{42634458: PendingIntentRecord{426cf298 com.domobile.applock startService}}, i=null, t=3, cnt=1, w=1668102612, Int=120
D/PMS ( 714): releaseWL(436318b0): PARTIAL_WAKE_LOCK AlarmManager 0x1
D/PMS ( 714): acquireWL(43158ba0): PARTIAL_WAKE_LOCK AlarmManager 0x1 714 1000
V/AlarmManager( 714): sending alarm PendingIntent{42634458: PendingIntentRecord{426cf298 com.domobile.applock startService}}, i=null, t=3, cnt=1, w=1668102732, Int=120
D/PMS ( 714): releaseWL(43158ba0): PARTIAL_WAKE_LOCK AlarmManager 0x1
D/PMS ( 714): acquireWL(42d5a810): PARTIAL_WAKE_LOCK AlarmManager 0x1 714 1000
V/AlarmManager( 714): sending alarm PendingIntent{42634458: PendingIntentRecord{426cf298 com.domobile.applock startService}}, i=null, t=3, cnt=1, w=1668102852, Int=120
D/PMS ( 714): releaseWL(42d5a810): PARTIAL_WAKE_LOCK AlarmManager 0x1
D/PMS ( 714): acquireWL(42c1ded8): PARTIAL_WAKE_LOCK AlarmManager 0x1 714 1000
V/AlarmManager( 714): sending alarm PendingIntent{42634458: PendingIntentRecord{426cf298 com.domobile.applock startService}}, i=null, t=3, cnt=1, w=1668102972, Int=120
D/PMS ( 714): releaseWL(42c1ded8): PARTIAL_WAKE_LOCK AlarmManager 0x1
D/PMS ( 714): acquireWL(428d0b38): PARTIAL_WAKE_LOCK AlarmManager 0x1 714 1000
V/AlarmManager( 714): sending alarm PendingIntent{42634458: PendingIntentRecord{426cf298 com.domobile.applock startService}}, i=null, t=3, cnt=1, w=1668103092, Int=120
D/PMS ( 714): releaseWL(428d0b38): PARTIAL_WAKE_LOCK AlarmManager 0x1
D/PMS ( 714): acquireWL(426dee10): PARTIAL_WAKE_LOCK AlarmManager 0x1 714 1000
V/AlarmManager( 714): sending alarm PendingIntent{42634458: PendingIntentRecord{426cf298 com.domobile.applock startService}}, i=null, t=3, cnt=1, w=1668103212, Int=120
D/PMS ( 714): releaseWL(426dee10): PARTIAL_WAKE_LOCK AlarmManager 0x1
D/PMS ( 714): acquireWL(42228138): PARTIAL_WAKE_LOCK AlarmManager 0x1 714 1000
V/AlarmManager( 714): sending alarm PendingIntent{42634458: PendingIntentRecord{426cf298 com.domobile.applock startService}}, i=null, t=3, cnt=1, w=1668103332, Int=120
D/PMS ( 714): releaseWL(42228138): PARTIAL_WAKE_LOCK AlarmManager 0x1
D/PMS ( 714): acquireWL(4277fa60): PARTIAL_WAKE_LOCK AlarmManager 0x1 714 1000
V/AlarmManager( 714): sending alarm PendingIntent{42634458: PendingIntentRecord{426cf298 com.domobile.applock startService}}, i=null, t=3, cnt=1, w=1668103452, Int=120
D/PMS ( 714): releaseWL(4277fa60): PARTIAL_WAKE_LOCK AlarmManager 0x1
D/PMS ( 714): acquireWL(428c11c8): PARTIAL_WAKE_LOCK AlarmManager 0x1 714 1000
V/AlarmManager( 714): sending alarm PendingIntent{42634458: PendingIntentRecord{426cf298 com.domobile.applock startService}}, i=null, t=3, cnt=1, w=1668103572, Int=120
D/PMS ( 714): releaseWL(428c11c8): PARTIAL_WAKE_LOCK AlarmManager 0x1
D/PMS ( 714): acquireWL(429f8fe0): PARTIAL_WAKE_LOCK AlarmManager 0x1 714 1000
V/AlarmManager( 714): sending alarm PendingIntent{42634458: PendingIntentRecord{426cf298 com.domobile.applock startService}}, i=null, t=3, cnt=1, w=1668103692, Int=120
D/PMS ( 714): releaseWL(429f8fe0): PARTIAL_WAKE_LOCK AlarmManager 0x1
D/PMS ( 714): acquireWL(42ac80d0): PARTIAL_WAKE_LOCK AlarmManager 0x1 714 1000
V/AlarmManager( 714): sending alarm PendingIntent{42634458: PendingIntentRecord{426cf298 com.domobile.applock startService}}, i=null, t=3, cnt=1, w=1668103812, Int=120
D/PMS ( 714): releaseWL(42ac80d0): PARTIAL_WAKE_LOCK AlarmManager 0x1
D/PMS ( 714): acquireWL(42bc8ac8): PARTIAL_WAKE_LOCK AlarmManager 0x1 714 1000
V/AlarmManager( 714): sending alarm PendingIntent{42634458: PendingIntentRecord{426cf298 com.domobile.applock startService}}, i=null, t=3, cnt=1, w=1668103932, Int=120
D/PMS ( 714): releaseWL(42bc8ac8): PARTIAL_WAKE_LOCK AlarmManager 0x1
D/WifiStateMachine( 714): fetchRssiAndLinkSpeedNative RSSI = -49 abnormalRssiCnt = 0 newLinkSpeed = 58
D/WifiStateMachine( 714): fetchRssiAndLinkSpeedNative mLinkspeedCount = 1, mLinkspeedSum: 58
D/PMS ( 714): acquireWL(42d46638): PARTIAL_WAKE_LOCK AlarmManager 0x1 714 1000
V/AlarmManager( 714): sending alarm PendingIntent{42634458: PendingIntentRecord{426cf298 com.domobile.applock startService}}, i=null, t=3, cnt=1, w=1668104052, Int=120
D/PMS ( 714): releaseWL(42d46638): PARTIAL_WAKE_LOCK AlarmManager 0x1
D/PMS ( 714): acquireWL(42e43288): PARTIAL_WAKE_LOCK AlarmManager 0x1 714 1000
V/AlarmManager( 714): sending alarm PendingIntent{42634458: PendingIntentRecord{426cf298 com.domobile.applock startService}}, i=null, t=3, cnt=1, w=1668104172, Int=120
D/PMS ( 714): releaseWL(42e43288): PARTIAL_WAKE_LOCK AlarmManager 0x1
D/PMS ( 714): acquireWL(430ba1e0): PARTIAL_WAKE_LOCK AlarmManager 0x1 714 1000
V/AlarmManager( 714): sending alarm PendingIntent{42634458: PendingIntentRecord{426cf298 com.domobile.applock startService}}, i=null, t=3, cnt=1, w=1668104292, Int=120
D/PMS ( 714): releaseWL(430ba1e0): PARTIAL_WAKE_LOCK AlarmManager 0x1
D/PMS ( 714): acquireWL(432662d8): PARTIAL_WAKE_LOCK AlarmManager 0x1 714 1000
V/AlarmManager( 714): sending alarm PendingIntent{42634458: PendingIntentRecord{426cf298 com.domobile.applock startService}}, i=null, t=3, cnt=1, w=1668104412, Int=120
D/PMS ( 714): releaseWL(432662d8): PARTIAL_WAKE_LOCK AlarmManager 0x1
D/PMS ( 714): acquireWL(4362f340): PARTIAL_WAKE_LOCK AlarmManager 0x1 714 1000
V/AlarmManager( 714): sending alarm PendingIntent{42634458: PendingIntentRecord{426cf298 com.domobile.applock startService}}, i=null, t=3, cnt=1, w=1668104532, Int=120
D/PMS ( 714): releaseWL(4362f340): PARTIAL_WAKE_LOCK AlarmManager 0x1
D/PMS ( 714): acquireWL(43be8d00): PARTIAL_WAKE_LOCK AlarmManager 0x1 714 1000
V/AlarmManager( 714): sending alarm PendingIntent{42634458: PendingIntentRecord{426cf298 com.domobile.applock startService}}, i=null, t=3, cnt=1, w=1668104652, Int=120
D/PMS ( 714): releaseWL(43be8d00): PARTIAL_WAKE_LOCK AlarmManager 0x1
D/PMS ( 714): acquireWL(42aea648): PARTIAL_WAKE_LOCK AlarmManager 0x1 714 1000
V/AlarmManager( 714): sending alarm PendingIntent{42634458: PendingIntentRecord{426cf298 com.domobile.applock startService}}, i=null, t=3, cnt=1, w=1668104772, Int=120
D/PMS ( 714): releaseWL(42aea648): PARTIAL_WAKE_LOCK AlarmManager 0x1
D/PMS ( 714): acquireWL(42d5e3b0): PARTIAL_WAKE_LOCK AlarmManager 0x1 714 1000
V/AlarmManager( 714): sending alarm PendingIntent{42634458: PendingIntentRecord{426cf298 com.domobile.applock startService}}, i=null, t=3, cnt=1, w=1668104892, Int=120
D/PMS ( 714): releaseWL(42d5e3b0): PARTIAL_WAKE_LOCK AlarmManager 0x1
D/PMS ( 714): acquireWL(42e28b08): PARTIAL_WAKE_LOCK AlarmManager 0x1 714 1000
V/AlarmManager( 714): sending alarm PendingIntent{42634458: PendingIntentRecord{426cf298 com.domobile.applock startService}}, i=null, t=3, cnt=1, w=1668105012, Int=120
D/PMS ( 714): releaseWL(42e28b08): PARTIAL_WAKE_LOCK AlarmManager 0x1
D/PMS ( 714): acquireWL(43102c60): PARTIAL_WAKE_LOCK AlarmManager 0x1 714 1000
V/AlarmManager( 714): sending alarm PendingIntent{42634458: PendingIntentRecord{426cf298 com.domobile.applock startService}}, i=null, t=3, cnt=1, w=1668105132, Int=120
D/PMS ( 714): releaseWL(43102c60): PARTIAL_WAKE_LOCK AlarmManager 0x1
D/PMS ( 714): acquireWL(4363e378): PARTIAL_WAKE_LOCK AlarmManager 0x1 714 1000
V/AlarmManager( 714): sending alarm PendingIntent{42634458: PendingIntentRecord{426cf298 com.domobile.applock startService}}, i=null, t=3, cnt=1, w=1668105252, Int=120
D/PMS ( 714): releaseWL(4363e378): PARTIAL_WAKE_LOCK AlarmManager 0x1
D/PMS ( 714): acquireWL(43a9b3e8): PARTIAL_WAKE_LOCK AlarmManager 0x1 714 1000
V/AlarmManager( 714): sending alarm PendingIntent{42634458: PendingIntentRecord{426cf298 com.domobile.applock startService}}, i=null, t=3, cnt=1, w=1668105372, Int=120
D/PMS ( 714): releaseWL(43a9b3e8): PARTIAL_WAKE_LOCK AlarmManager 0x1
D/PMS ( 714): acquireWL(4252b948): PARTIAL_WAKE_LOCK AlarmManager 0x1 714 1000
V/AlarmManager( 714): sending alarm PendingIntent{42634458: PendingIntentRecord{426cf298 com.domobile.applock startService}}, i=null, t=3, cnt=1, w=1668105492, Int=120
D/PMS ( 714): releaseWL(4252b948): PARTIAL_WAKE_LOCK AlarmManager 0x1
D/PMS ( 714): acquireWL(4282a3b8): PARTIAL_WAKE_LOCK AlarmManager 0x1 714 1000
V/AlarmManager( 714): sending alarm PendingIntent{42634458: PendingIntentRecord{426cf298 com.domobile.applock startService}}, i=null, t=3, cnt=1, w=1668105612, Int=120
D/PMS ( 714): releaseWL(4282a3b8): PARTIAL_WAKE_LOCK AlarmManager 0x1
D/PMS ( 714): acquireWL(4297f780): PARTIAL_WAKE_LOCK AlarmManager 0x1 714 1000
V/AlarmManager( 714): sending alarm PendingIntent{42634458: PendingIntentRecord{426cf298 com.domobile.applock startService}}, i=null, t=3, cnt=1, w=1668105732, Int=120
D/PMS ( 714): releaseWL(4297f780): PARTIAL_WAKE_LOCK AlarmManager 0x1
D/PMS ( 714): acquireWL(42ba8a80): PARTIAL_WAKE_LOCK AlarmManager 0x1 714 1000
V/AlarmManager( 714): sending alarm PendingIntent{42634458: PendingIntentRecord{426cf298 com.domobile.applock startService}}, i=null, t=3, cnt=1, w=1668105852, Int=120
D/PMS ( 714): releaseWL(42ba8a80): PARTIAL_WAKE_LOCK AlarmManager 0x1
D/PMS ( 714): acquireWL(4303f570): PARTIAL_WAKE_LOCK AlarmManager 0x1 714 1000
V/AlarmManager( 714): sending alarm PendingIntent{42634458: PendingIntentRecord{426cf298 com.domobile.applock startService}}, i=null, t=3, cnt=1, w=1668105972, Int=120
D/PMS ( 714): releaseWL(4303f570): PARTIAL_WAKE_LOCK AlarmManager 0x1
D/PMS ( 714): acquireWL(4323c8f8): PARTIAL_WAKE_LOCK AlarmManager 0x1 714 1000
V/AlarmManager( 714): sending alarm PendingIntent{42634458: PendingIntentRecord{426cf298 com.domobile.applock startService}}, i=null, t=3, cnt=1, w=1668106092, Int=120
D/PMS ( 714): releaseWL(4323c8f8): PARTIAL_WAKE_LOCK AlarmManager 0x1
D/PMS ( 714): acquireWL(4348fd90): PARTIAL_WAKE_LOCK AlarmManager 0x1 714 1000
V/AlarmManager( 714): sending alarm PendingIntent{42634458: PendingIntentRecord{426cf298 com.domobile.applock startService}}, i=null, t=3, cnt=1, w=1668106212, Int=120
D/PMS ( 714): releaseWL(4348fd90): PARTIAL_WAKE_LOCK AlarmManager 0x1
D/PMS ( 714): acquireWL(43abc648): PARTIAL_WAKE_LOCK AlarmManager 0x1 714 1000
V/AlarmManager( 714): sending alarm PendingIntent{42634458: PendingIntentRecord{426cf298 com.domobile.applock startService}}, i=null, t=3, cnt=1, w=1668106332, Int=120
D/PMS ( 714): releaseWL(43abc648): PARTIAL_WAKE_LOCK AlarmManager 0x1
D/PMS ( 714): acquireWL(4248d8a8): PARTIAL_WAKE_LOCK AlarmManager 0x1 714 1000
V/AlarmManager( 714): sending alarm PendingIntent{42634458: PendingIntentRecord{426cf298 com.domobile.applock startService}}, i=null, t=3, cnt=1, w=1668106452, Int=120
D/PMS ( 714): releaseWL(4248d8a8): PARTIAL_WAKE_LOCK AlarmManager 0x1
D/PMS ( 714): acquireWL(428c0c60): PARTIAL_WAKE_LOCK AlarmManager 0x1 714 1000
V/AlarmManager( 714): sending alarm PendingIntent{42634458: PendingIntentRecord{426cf298 com.domobile.applock startService}}, i=null, t=3, cnt=1, w=1668106572, Int=120
D/PMS ( 714): releaseWL(428c0c60): PARTIAL_WAKE_LOCK AlarmManager 0x1
D/PMS ( 714): acquireWL(42a2e818): PARTIAL_WAKE_LOCK AlarmManager 0x1 714 1000
V/AlarmManager( 714): sending alarm PendingIntent{42634458: PendingIntentRecord{426cf298 com.domobile.applock startService}}, i=null, t=3, cnt=1, w=1668106692, Int=120
D/PMS ( 714): releaseWL(42a2e818): PARTIAL_WAKE_LOCK AlarmManager 0x1
D/PMS ( 714): acquireWL(42d98d30): PARTIAL_WAKE_LOCK AlarmManager 0x1 714 1000
V/AlarmManager( 714): sending alarm PendingIntent{42634458: PendingIntentRecord{426cf298 com.domobile.applock startService}}, i=null, t=3, cnt=1, w=1668106812, Int=120
D/PMS ( 714): releaseWL(42d98d30): PARTIAL_WAKE_LOCK AlarmManager 0x1
D/PMS ( 714): acquireWL(431411e0): PARTIAL_WAKE_LOCK AlarmManager 0x1 714 1000
V/AlarmManager( 714): sending alarm PendingIntent{42634458: PendingIntentRecord{426cf298 com.domobile.applock startService}}, i=null, t=3, cnt=1, w=1668106932, Int=120
D/PMS ( 714): releaseWL(431411e0): PARTIAL_WAKE_LOCK AlarmManager 0x1
I/RemoteViews.Performance( 920): com.cleanmaster.mguard 0 2 20
D/WifiStateMachine( 714): fetchRssiAndLinkSpeedNative RSSI = -49 abnormalRssiCnt = 0 newLinkSpeed = 58
D/WifiStateMachine( 714): fetchRssiAndLinkSpeedNative mLinkspeedCount = 2, mLinkspeedSum: 116
I/RemoteViews.Performance( 920): com.cleanmaster.mguard 0 17 9 20
I/RemoteViews.Performance( 920): com.cleanmaster.mguard 1 15 10 18
I/RemoteViews.Performance( 920): com.cleanmaster.mguard 0 55 4
D/PMS ( 714): acquireWL(43343d18): PARTIAL_WAKE_LOCK AlarmManager 0x1 714 1000
V/AlarmManager( 714): sending alarm PendingIntent{42634458: PendingIntentRecord{426cf298 com.domobile.applock startService}}, i=null, t=3, cnt=1, w=1668107052, Int=120
D/PMS ( 714): releaseWL(43343d18): PARTIAL_WAKE_LOCK AlarmManager 0x1
D/PMS ( 714): acquireWL(434dc4c0): PARTIAL_WAKE_LOCK AlarmManager 0x1 714 1000
V/AlarmManager( 714): sending alarm PendingIntent{42634458: PendingIntentRecord{426cf298 com.domobile.applock startService}}, i=null, t=3, cnt=1, w=1668107172, Int=120
D/PMS ( 714): releaseWL(434dc4c0): PARTIAL_WAKE_LOCK AlarmManager 0x1
D/PMS ( 714): acquireWL(43ca48f8): PARTIAL_WAKE_LOCK AlarmManager 0x1 714 1000
V/AlarmManager( 714): sending alarm PendingIntent{42634458: PendingIntentRecord{426cf298 com.domobile.applock startService}}, i=null, t=3, cnt=1, w=1668107292, Int=120
D/PMS ( 714): releaseWL(43ca48f8): PARTIAL_WAKE_LOCK AlarmManager 0x1
D/PMS ( 714): acquireWL(427911b8): PARTIAL_WAKE_LOCK AlarmManager 0x1 714 1000
V/AlarmManager( 714): sending alarm PendingIntent{42634458: PendingIntentRecord{426cf298 com.domobile.applock startService}}, i=null, t=3, cnt=1, w=1668107412, Int=120
D/PMS ( 714): releaseWL(427911b8): PARTIAL_WAKE_LOCK AlarmManager 0x1
D/PMS ( 714): acquireWL(42b7fe28): PARTIAL_WAKE_LOCK AlarmManager 0x1 714 1000
V/AlarmManager( 714): sending alarm PendingIntent{42634458: PendingIntentRecord{426cf298 com.domobile.applock startService}}, i=null, t=3, cnt=1, w=1668107532, Int=120
D/PMS ( 714): releaseWL(42b7fe28): PARTIAL_WAKE_LOCK AlarmManager 0x1
D/PMS ( 714): acquireWL(42d5b528): PARTIAL_WAKE_LOCK AlarmManager 0x1 714 1000
V/AlarmManager( 714): sending alarm PendingIntent{42634458: PendingIntentRecord{426cf298 com.domobile.applock startService}}, i=null, t=3, cnt=1, w=1668107652, Int=120
D/PMS ( 714): releaseWL(42d5b528): PARTIAL_WAKE_LOCK AlarmManager 0x1
D/PMS ( 714): acquireWL(4361fbb8): PARTIAL_WAKE_LOCK AlarmManager 0x1 714 1000
V/AlarmManager( 714): sending alarm PendingIntent{42634458: PendingIntentRecord{426cf298 com.domobile.applock startService}}, i=null, t=3, cnt=1, w=1668107772, Int=120
D/PMS ( 714): releaseWL(4361fbb8): PARTIAL_WAKE_LOCK AlarmManager 0x1
D/PMS ( 714): acquireWL(43edb630): PARTIAL_WAKE_LOCK AlarmManager 0x1 714 1000
V/AlarmManager( 714): sending alarm PendingIntent{42ba5018: PendingIntentRecord{424dd430 com.levelup.beautifulwidgets.free broadcastIntent}}, i=com.levelup.beautifulwidgets.core.ACTION_REFRESHTIME, t=1, cnt=1, w=1405197060000, Int=0
V/AlarmManager( 714): sending alarm PendingIntent{4243e0f8: PendingIntentRecord{42430420 android broadcastIntent}}, i=android.intent.action.TIME_TICK, t=3, cnt=1, w=1668107796, Int=0
I/ClockThread( 920): now=1405197060046 next=59954
D/PMS ( 714): releaseWL(43edb630): PARTIAL_WAKE_LOCK AlarmManager 0x1
D/PMS ( 714): acquireWL(43690f80): PARTIAL_WAKE_LOCK AlarmManager 0x1 714 1000
V/AlarmManager( 714): sending alarm PendingIntent{42634458: PendingIntentRecord{426cf298 com.domobile.applock startService}}, i=null, t=3, cnt=1, w=1668107892, Int=120
D/PMS ( 714): releaseWL(43690f80): PARTIAL_WAKE_LOCK AlarmManager 0x1
W/MastheadClock( 1102): mDigitAnimMin.start
D/PMS ( 714): acquireWL(436a2868): PARTIAL_WAKE_LOCK AlarmManager 0x1 714 1000
V/AlarmManager( 714): sending alarm PendingIntent{42634458: PendingIntentRecord{426cf298 com.domobile.applock startService}}, i=null, t=3, cnt=1, w=1668108012, Int=120
D/PMS ( 714): releaseWL(436a2868): PARTIAL_WAKE_LOCK AlarmManager 0x1
D/PMS ( 714): acquireWL(428df8b8): PARTIAL_WAKE_LOCK AlarmManager 0x1 714 1000
V/AlarmManager( 714): sending alarm PendingIntent{42634458: PendingIntentRecord{426cf298 com.domobile.applock startService}}, i=null, t=3, cnt=1, w=1668108132, Int=120
D/PMS ( 714): releaseWL(428df8b8): PARTIAL_WAKE_LOCK AlarmManager 0x1
D/AppWidgetHostView( 1102): updateAppWidget mInfo = AppWidgetProviderInfo(provider=ComponentInfo{com.levelup.beautifulwidgets.free/com.levelup.beautifulwidgets.core.ui.widgets.clock.ClockWidget42})
I/RemoteViews.Performance( 1102): com.levelup.beautifulwidgets.free 0 5 74
D/PMS ( 714): acquireHCC(42ddbd70): CPU_MIN_NUM PrismScroll_2 0x400 1102 10159
D/PMS ( 714): acquireHCC(42fb4578): CPU_MIN_FREQ PrismScroll_2 0x100 1102 10159
D/PMS ( 714): acquireWL(43083d28): PARTIAL_WAKE_LOCK AlarmManager 0x1 714 1000
V/AlarmManager( 714): sending alarm PendingIntent{42634458: PendingIntentRecord{426cf298 com.domobile.applock startService}}, i=null, t=3, cnt=1, w=1668108252, Int=120
D/PMS ( 714): releaseWL(43083d28): PARTIAL_WAKE_LOCK AlarmManager 0x1
D/PMS ( 714): releaseHCC(42ddbd70): CPU_MIN_NUM PrismScroll_2 0x400
D/PMS ( 714): releaseHCC(42fb4578): CPU_MIN_FREQ PrismScroll_2 0x100
W/CpuWake ( 714): >>nativeAcquireCpuPerfWakeLock()
W/CpuWake ( 714): <>acquire mCpuPerf_cpu_count wakelock
W/CpuWake ( 714): <>acquire mCpuPerf_Freq wakelock
W/CpuWake ( 714): <: EGL 1.4 QUALCOMM build: (CL4169980)
I/Adreno-EGL(15134): OpenGL ES Shader Compiler Version: 17.01.10.SPL
I/Adreno-EGL(15134): Build Date: 12/25/13 Wed I/Adreno-EGL(15134): Local Branch:
I/Adreno-EGL(15134): Remote Branch:
I/Adreno-EGL(15134): Local Patches:
I/Adreno-EGL(15134): Reconstruct Branch:
W/Adreno-EGL(15134): : EGL_BAD_ATTRIBUTE
W/Adreno-EGL(15134): : EGL_BAD_ATTRIBUTE
D/Unity (15134): GL_AMD_compressed_ATC_texture GL_AMD_performance_monitor GL_AMD_program_binary_Z400 GL_EXT_debug_label GL_EXT_debug_marker GL_EXT_discard_framebuffer GL_EXT_robustness GL_EXT_texture_format_BGRA8888 GL_EXT_texture_type_2_10_10_10_REV GL_NV_fence GL_OES_compressed_ETC1_RGB8_texture GL_OES_depth_texture GL_OES_depth24 GL_OES_EGL_image GL_OES_EGL_image_external GL_OES_element_index_uint GL_OES_fbo_render_mipmap GL_OES_fragment_precision_high GL_OES_get_program_binary GL_OES_packed_depth_stencil GL_OES_depth_texture_cube_map GL_OES_rgb8_rgba8 GL_OES_standard_derivatives GL_OES_texture_3D GL_OES_texture_float GL_OES_texture_half_float GL_OES_texture_half_float_linear GL_OES_texture_npot GL_OES_vertex_half_float GL_OES_vertex_type_10_10_10_2 GL_OES_vertex_array_object GL_QCOM_alpha_test GL_QCOM_binning_control GL_QCOM_driver_control GL_QCOM_perfmon_global_mode GL_QCOM_extended_get GL_QCOM_extended_get2 GL_QCOM_tiled_rendering GL_QCOM_writeonly_rendering GL_EXT_sRGB GL_EXT_texture_filter_anisotropic GL_EXT_color_bu
D/Unity (15134): ffer_float GL_EXT_color_buffer_half_float GL_EXT_disjoint_timer_query
W/libc (15134): pthread_create sched_setscheduler call failed: Operation not permitted
W/AudFlgTh( 266): Using by PID 15134, ProcessName:com.Halim.admobdeneme
D/PMS ( 714): acquireWL(43131d68): PARTIAL_WAKE_LOCK AudioMix 0x1 266 1013
D/PMS ( 714): acquireWL(432c4fc0): PARTIAL_WAKE_LOCK AudioMix 0x1 266 1013
D/PMS ( 714): releaseWL(432c4fc0): PARTIAL_WAKE_LOCK AudioMix 0x1
V/AudioService( 714): Receive BEATS_NATIVE_NOTIFICATION from Native AudioTrack!!! notificationOn=true
D/AudioService( 714): [HtcBeatsEffect]onMessageBeatsNotify active=true effect=900
I/AudioService( 714): [HtcBeatsEffect]enableBeats notification!
D/PhoneStatusBar( 920): addIcon slot=beats_effect index=0 viewIndex=0 icon=StatusBarIcon(pkg=androiduser=0 id=0x302008e level=0 visible=true num=0 ) name=stat_sys_beats vis=true
V/WiredAccessoryManager( 714): Headset UEVENT: {SUBSYSTEM=switch, SWITCH_STATE=1, DEVPATH=/devices/virtual/switch/Beats, SEQNUM=434857, ACTION=change, SWITCH_NAME=Beats}
W/Vold ( 250): Ignoring unknown switch 'Beats'
V/WiredAccessoryManager( 714): Beats UEVENT: STATE:1
V/WiredAccessoryManager( 714): Beats UEVENT: bests_status:true
E/AudioStreamOutALSA( 266): PCM_Write set_amp_mode,1
W/HtcAudFlgTh( 266): ThreadLoop_wrtie blocking by HAL 28322905ns, the mixerBufferTime is 10666666
D/PMS ( 714): acquireWL(43c60528): PARTIAL_WAKE_LOCK AlarmManager 0x1 714 1000
V/AlarmManager( 714): sending alarm PendingIntent{4252a0c8: PendingIntentRecord{426cf298 com.domobile.applock startService}}, i=null, t=3, cnt=1, w=1668109435, Int=300
D/PMS ( 714): releaseWL(43c60528): PARTIAL_WAKE_LOCK AlarmManager 0x1
D/PhoneStatusBar( 920): Status bar WINDOW_STATE_HIDDEN
D/PMS ( 714): acquireWL(429b1a10): PARTIAL_WAKE_LOCK AlarmManager 0x1 714 1000
V/AlarmManager( 714): sending alarm PendingIntent{4252a0c8: PendingIntentRecord{426cf298 com.domobile.applock startService}}, i=null, t=3, cnt=1, w=1668109735, Int=300
D/PMS ( 714): releaseWL(429b1a10): PARTIAL_WAKE_LOCK AlarmManager 0x1
W/CpuWake ( 714): >>nativeReleaseCpuPerfWakeLock()
W/CpuWake ( 714): <>release mCpuPerf_cpu_count wakelock
W/CpuWake ( 714): <>release mCpuPerf_Freq wakelock
D/PMS ( 714): releaseHCC(438bccb8): CPU_MIN_NUM ActivityManager-MultiCore-Num 0x400
W/CpuWake ( 714): <:0
I/Unity (15134): at UnityEngine.AndroidJNISafe.CallStaticObjectMethod (IntPtr clazz, IntPtr methodID, UnityEngine.jvalue[] args) [0x00000] in :0
I/Unity (15134): at UnityEngine.AndroidJavaObject._CallStatic[AndroidJavaObject] (System.String methodName, System.Object[] args) [0x00000] in :0
I/Unity (15134): at UnityEngine.AndroidJavaObject.CallStatic[AndroidJavaObject] (System.String methodName, System.Object[] args) [0x00000] in :0
I/Unity (15134): at UnityEngine.AndroidJavaObject.FindClass (System.String name) [0x00000] in :0
I/Unity (15134): at UnityEngine.AndroidJavaObject._AndroidJavaObject (System.String className, System.Object[] args) [0x00000] in :0
I/Unity (15134): at UnityEngine.AndroidJavaObject..ctor (System.String className, System.Object[] args) [0x00000] in :0
I/Unity (15134): at GoogleMobileAds.Android.Utils.Get
D/PMS ( 714): acquireWL(43101a88): PARTIAL_WAKE_LOCK AlarmManager 0x1 714 1000
V/AlarmManager( 714): sending alarm PendingIntent{4252a0c8: PendingIntentRecord{426cf298 com.domobile.applock startService}}, i=null, t=3, cnt=1, w=1668110335, Int=300
D/PMS ( 714): releaseWL(43101a88): PARTIAL_WAKE_LOCK AlarmManager 0x1
D/PMS ( 714): acquireWL(438f6ec8): PARTIAL_WAKE_LOCK AlarmManager 0x1 714 1000
V/AlarmManager( 714): sending alarm PendingIntent{4252a0c8: PendingIntentRecord{426cf298 com.domobile.applock startService}}, i=null, t=3, cnt=1, w=1668110635, Int=300
D/PMS ( 714): releaseWL(438f6ec8): PARTIAL_WAKE_LOCK AlarmManager 0x1
D/PMS ( 714): acquireWL(424d6408): PARTIAL_WAKE_LOCK AlarmManager 0x1 714 1000
V/AlarmManager( 714): sending alarm PendingIntent{4252a0c8: PendingIntentRecord{426cf298 com.domobile.applock startService}}, i=null, t=3, cnt=1, w=1668110935, Int=300
D/PMS ( 714): releaseWL(424d6408): PARTIAL_WAKE_LOCK AlarmManager 0x1
D/PMS ( 714): acquireWL(42a3a280): PARTIAL_WAKE_LOCK AlarmManager 0x1 714 1000
V/AlarmManager( 714): sending alarm PendingIntent{4252a0c8: PendingIntentRecord{426cf298 com.domobile.applock startService}}, i=null, t=3, cnt=1, w=1668111235, Int=300
D/PMS ( 714): releaseWL(42a3a280): PARTIAL_WAKE_LOCK AlarmManager 0x1
D/PMS ( 714): acquireWL(432639e0): PARTIAL_WAKE_LOCK AlarmManager 0x1 714 1000
V/AlarmManager( 714): sending alarm PendingIntent{4252a0c8: PendingIntentRecord{426cf298 com.domobile.applock startService}}, i=null, t=3, cnt=1, w=1668111535, Int=300
D/PMS ( 714): releaseWL(432639e0): PARTIAL_WAKE_LOCK AlarmManager 0x1
D/PMS ( 714): acquireWL(43ec9270): PARTIAL_WAKE_LOCK AlarmManager 0x1 714 1000
V/AlarmManager( 714): sending alarm PendingIntent{4252a0c8: PendingIntentRecord{426cf298 com.domobile.applock startService}}, i=null, t=3, cnt=1, w=1668111835, Int=300
D/PMS ( 714): releaseWL(43ec9270): PARTIAL_WAKE_LOCK AlarmManager 0x1
D/PMS ( 714): acquireWL(42874108): PARTIAL_WAKE_LOCK AlarmManager 0x1 714 1000
V/AlarmManager( 714): sending alarm PendingIntent{4252a0c8: PendingIntentRecord{426cf298 com.domobile.applock startService}}, i=null, t=3, cnt=1, w=1668112135, Int=300
D/PMS ( 714): releaseWL(42874108): PARTIAL_WAKE_LOCK AlarmManager 0x1
D/TelephonyCallback( 920): SignalStrength: 5
D/TelephonyRegistry( 714): This is not dual project
D/SIGNAL_ICON( 920): level=5/5
D/StatusBar.NetworkController( 920): dumpIcon[(gone) stat_sys_5signal_5|null stat_sys_wifi_signal_4 (gone) F]
I/Unity (15134): NullReferenceException: Object reference not set to an instance of an object
I/Unity (15134): at Reklam.OnGUI () [0x00000] in :0
I/Unity (15134):
I/Unity (15134): (Filename: Line: -1)
I/Unity (15134):
D/PMS ( 714): acquireWL(42ace110): PARTIAL_WAKE_LOCK AlarmManager 0x1 714 1000
V/AlarmManager( 714): sending alarm PendingIntent{4252a0c8: PendingIntentRecord{426cf298 com.domobile.applock startService}}, i=null, t=3, cnt=1, w=1668112435, Int=300
D/PMS ( 714): releaseWL(42ace110): PARTIAL_WAKE_LOCK AlarmManager 0x1
D/HABCtrl ( 714): TPE algorithm. remove timeout.
D/HABCtrl ( 714): ALG=2, lsvalue=160(3th)->40(1th), last_level=1, lValue=81->50
V/LightsService( 714): setLight #0: color=#ff505050
V/LightsService( 714): setLight #0: color=#ff4f4f4f
D/PMS ( 714): acquireWL(4323d0e8): PARTIAL_WAKE_LOCK AlarmManager 0x1 714 1000
V/AlarmManager( 714): sending alarm PendingIntent{4252a0c8: PendingIntentRecord{426cf298 com.domobile.applock startService}}, i=null, t=3, cnt=1, w=1668112735, Int=300
D/PMS ( 714): releaseWL(4323d0e8): PARTIAL_WAKE_LOCK AlarmManager 0x1
V/LightsService( 714): setLight #0: color=#ff4d4d4d
V/LightsService( 714): setLight #0: color=#ff4b4b4b
V/LightsService( 714): setLight #0: color=#ff4a4a4a
V/LightsService( 714): setLight #0: color=#ff494949
V/LightsService( 714): setLight #0: color=#ff484848
V/LightsService( 714): setLight #0: color=#ff474747
V/LightsService( 714): setLight #0: color=#ff464646
V/LightsService( 714): setLight #0: color=#ff454545
V/LightsService( 714): setLight #0: color=#ff444444
V/LightsService( 714): setLight #0: color=#ff434343
V/LightsService( 714): setLight #0: color=#ff424242
V/LightsService( 714): setLight #0: color=#ff414141
V/LightsService( 714): setLight #0: color=#ff404040
V/LightsService( 714): setLight #0: color=#ff3f3f3f
V/LightsService( 714): setLight #0: color=#ff3e3e3e
V/LightsService( 714): setLight #0: color=#ff3d3d3d
V/LightsService( 714): setLight #0: color=#ff3c3c3c
D/PMS ( 714): acquireWL(42cd9158): PARTIAL_WAKE_LOCK AlarmManager 0x1 714 1000
V/AlarmManager( 714): sending alarm PendingIntent{4252a0c8: PendingIntentRecord{426cf298 com.domobile.applock startService}}, i=null, t=3, cnt=1, w=1668113035, Int=300
D/PMS ( 714): releaseWL(42cd9158): PARTIAL_WAKE_LOCK AlarmManager 0x1
V/LightsService( 714): setLight #0: color=#ff3a3a3a
D/WifiStateMachine( 714): fetchRssiAndLinkSpeedNative RSSI = -49 abnormalRssiCnt = 0 newLinkSpeed = 58
D/WifiStateMachine( 714): fetchRssiAndLinkSpeedNative mLinkspeedCount = 4, mLinkspeedSum: 232
V/LightsService( 714): setLight #0: color=#ff393939
V/LightsService( 714): setLight #0: color=#ff373737
V/LightsService( 714): setLight #0: color=#ff363636
V/LightsService( 714): setLight #0: color=#ff353535
V/LightsService( 714): setLight #0: color=#ff343434
V/LightsService( 714): setLight #0: color=#ff323232
D/PMS ( 714): acquireWL(42c2fed0): PARTIAL_WAKE_LOCK AlarmManager 0x1 714 1000
V/AlarmManager( 714): sending alarm PendingIntent{4252a0c8: PendingIntentRecord{426cf298 com.domobile.applock startService}}, i=null, t=3, cnt=1, w=1668113335, Int=300
D/PMS ( 714): releaseWL(42c2fed0): PARTIAL_WAKE_LOCK AlarmManager 0x1
D/PMS ( 714): acquireWL(432bc2f8): PARTIAL_WAKE_LOCK AlarmManager 0x1 714 1000
V/AlarmManager( 714): sending alarm PendingIntent{4252a0c8: PendingIntentRecord{426cf298 com.domobile.applock startService}}, i=null, t=3, cnt=1, w=1668113635, Int=300
D/PMS ( 714): releaseWL(432bc2f8): PARTIAL_WAKE_LOCK AlarmManager 0x1
D/PMS ( 714): acquireWL(43ccbc38): PARTIAL_WAKE_LOCK AlarmManager 0x1 714 1000
V/AlarmManager( 714): sending alarm PendingIntent{4252a0c8: PendingIntentRecord{426cf298 com.domobile.applock startService}}, i=null, t=3, cnt=1, w=1668113935, Int=300
D/PMS ( 714): releaseWL(43ccbc38): PARTIAL_WAKE_LOCK AlarmManager 0x1
D/PMS ( 714): acquireWL(4285ec68): PARTIAL_WAKE_LOCK AlarmManager 0x1 714 1000
V/AlarmManager( 714): sending alarm PendingIntent{4252a0c8: PendingIntentRecord{426cf298 com.domobile.applock startService}}, i=null, t=3, cnt=1, w=1668114235, Int=300
D/PMS ( 714): releaseWL(4285ec68): PARTIAL_WAKE_LOCK AlarmManager 0x1
D/PMS ( 714): acquireWL(42d3bdc0): PARTIAL_WAKE_LOCK AlarmManager 0x1 714 1000
V/AlarmManager( 714): sending alarm PendingIntent{4252a0c8: PendingIntentRecord{426cf298 com.domobile.applock startService}}, i=null, t=3, cnt=1, w=1668114535, Int=300
D/PMS ( 714): releaseWL(42d3bdc0): PARTIAL_WAKE_LOCK AlarmManager 0x1
I/Unity (15134): NullReferenceException: Object reference not set to an instance of an object
I/Unity (15134): at Reklam.OnGUI () [0x00000] in :0
I/Unity (15134):
I/Unity (15134): (Filename: Line: -1)
I/Unity (15134):
D/PMS ( 714): acquireWL(43491df8): PARTIAL_WAKE_LOCK AlarmManager 0x1 714 1000
V/AlarmManager( 714): sending alarm PendingIntent{4252a0c8: PendingIntentRecord{426cf298 com.domobile.applock startService}}, i=null, t=3, cnt=1, w=1668114835, Int=300
D/PMS ( 714): releaseWL(43491df8): PARTIAL_WAKE_LOCK AlarmManager 0x1
D/PMS ( 714): acquireWL(429ce7e8): PARTIAL_WAKE_LOCK AlarmManager 0x1 714 1000
V/AlarmManager( 714): sending alarm PendingIntent{4252a0c8: PendingIntentRecord{426cf298 com.domobile.applock startService}}, i=null, t=3, cnt=1, w=1668115135, Int=300
D/PMS ( 714): releaseWL(429ce7e8): PARTIAL_WAKE_LOCK AlarmManager 0x1
D/PMS ( 714): acquireWL(433acb78): PARTIAL_WAKE_LOCK AlarmManager 0x1 714 1000
V/AlarmManager( 714): sending alarm PendingIntent{4252a0c8: PendingIntentRecord{426cf298 com.domobile.applock startService}}, i=null, t=3, cnt=1, w=1668115435, Int=300
D/PMS ( 714): releaseWL(433acb78): PARTIAL_WAKE_LOCK AlarmManager 0x1
D/PMS ( 714): acquireWL(42916988): PARTIAL_WAKE_LOCK AlarmManager 0x1 714 1000
V/AlarmManager( 714): sending alarm PendingIntent{4252a0c8: PendingIntentRecord{426cf298 com.domobile.applock startService}}, i=null, t=3, cnt=1, w=1668115735, Int=300
D/PMS ( 714): releaseWL(42916988): PARTIAL_WAKE_LOCK AlarmManager 0x1
D/PMS ( 714): acquireWL(42d92080): PARTIAL_WAKE_LOCK AlarmManager 0x1 714 1000
V/AlarmManager( 714): sending alarm PendingIntent{4252a0c8: PendingIntentRecord{426cf298 com.domobile.applock startService}}, i=null, t=3, cnt=1, w=1668116035, Int=300
D/PMS ( 714): releaseWL(42d92080): PARTIAL_WAKE_LOCK AlarmManager 0x1
D/WifiStateMachine( 714): fetchRssiAndLinkSpeedNative RSSI = -50 abnormalRssiCnt = 0 newLinkSpeed = 58
D/WifiStateMachine( 714): fetchRssiAndLinkSpeedNative mLinkspeedCount = 5, mLinkspeedSum: 290
D/WifiStateMachine( 714): fetchRssiAndLinkSpeedNative: Update RSSI:-48 and linkspeed:58 in database
D/WifiApDatabaseHandler( 714): updateConnectedAP...
D/PMS ( 714): acquireWL(42b63f78): PARTIAL_WAKE_LOCK AlarmManager 0x1 714 1000
V/AlarmManager( 714): sending alarm PendingIntent{4252a0c8: PendingIntentRecord{426cf298 com.domobile.applock startService}}, i=null, t=3, cnt=1, w=1668116335, Int=300
D/PMS ( 714): releaseWL(42b63f78): PARTIAL_WAKE_LOCK AlarmManager 0x1
D/PMS ( 714): acquireWL(43244720): PARTIAL_WAKE_LOCK AlarmManager 0x1 714 1000
V/AlarmManager( 714): sending alarm PendingIntent{4252a0c8: PendingIntentRecord{426cf298 com.domobile.applock startService}}, i=null, t=3, cnt=1, w=1668116635, Int=300
D/PMS ( 714): releaseWL(43244720): PARTIAL_WAKE_LOCK AlarmManager 0x1
W/HtcAudFlgTh( 266): ThreadLoop_wrtie blocking by HAL 23500686ns, the mixerBufferTime is 10666666
D/PMS ( 714): acquireWL(42a74908): PARTIAL_WAKE_LOCK AlarmManager 0x1 714 1000
V/AlarmManager( 714): sending alarm PendingIntent{4252a0c8: PendingIntentRecord{426cf298 com.domobile.applock startService}}, i=null, t=3, cnt=1, w=1668116935, Int=300
D/PMS ( 714): releaseWL(42a74908): PARTIAL_WAKE_LOCK AlarmManager 0x1
D/PMS ( 714): acquireWL(42fc7c80): PARTIAL_WAKE_LOCK AlarmManager 0x1 714 1000
V/AlarmManager( 714): sending alarm PendingIntent{4252a0c8: PendingIntentRecord{426cf298 com.domobile.applock startService}}, i=null, t=3, cnt=1, w=1668117235, Int=300
D/PMS ( 714): releaseWL(42fc7c80): PARTIAL_WAKE_LOCK AlarmManager 0x1
I/Unity (15134): NullReferenceException: Object reference not set to an instance of an object
I/Unity (15134): at Reklam.OnGUI () [0x00000] in :0
I/Unity (15134):
I/Unity (15134): (Filename: Line: -1)
I/Unity (15134):
D/PMS ( 714): acquireWL(436f06d0): PARTIAL_WAKE_LOCK AlarmManager 0x1 714 1000
V/AlarmManager( 714): sending alarm PendingIntent{4252a0c8: PendingIntentRecord{426cf298 com.domobile.applock startService}}, i=null, t=3, cnt=1, w=1668117535, Int=300
D/PMS ( 714): releaseWL(436f06d0): PARTIAL_WAKE_LOCK AlarmManager 0x1
D/PMS ( 714): acquireWL(43e68f20): PARTIAL_WAKE_LOCK AlarmManager 0x1 714 1000
V/AlarmManager( 714): sending alarm PendingIntent{4252a0c8: PendingIntentRecord{426cf298 com.domobile.applock startService}}, i=null, t=3, cnt=1, w=1668117835, Int=300
D/PMS ( 714): releaseWL(43e68f20): PARTIAL_WAKE_LOCK AlarmManager 0x1
D/PMS ( 714): acquireWL(432c7230): PARTIAL_WAKE_LOCK AlarmManager 0x1 714 1000
V/AlarmManager( 714): sending alarm PendingIntent{4252a0c8: PendingIntentRecord{426cf298 com.domobile.applock startService}}, i=null, t=3, cnt=1, w=1668118135, Int=300
D/PMS ( 714): releaseWL(432c7230): PARTIAL_WAKE_LOCK AlarmManager 0x1
I/Unity (15134): NullReferenceException: Object reference not set to an instance of an object
I/Unity (15134): at Reklam.OnGUI () [0x00000] in :0
I/Unity (15134):
I/Unity (15134): (Filename: Line: -1)
I/Unity (15134):
D/PMS ( 714): acquireWL(43719cc0): PARTIAL_WAKE_LOCK AlarmManager 0x1 714 1000
V/AlarmManager( 714): sending alarm PendingIntent{4252a0c8: PendingIntentRecord{426cf298 com.domobile.applock startService}}, i=null, t=3, cnt=1, w=1668118435, Int=300
D/PMS ( 714): releaseWL(43719cc0): PARTIAL_WAKE_LOCK AlarmManager 0x1
D/PMS ( 714): acquireWL(42ab7210): PARTIAL_WAKE_LOCK AlarmManager 0x1 714 1000
V/AlarmManager( 714): sending alarm PendingIntent{4252a0c8: PendingIntentRecord{426cf298 com.domobile.applock startService}}, i=null, t=3, cnt=1, w=1668118735, Int=300
D/PMS ( 714): releaseWL(42ab7210): PARTIAL_WAKE_LOCK AlarmManager 0x1
D/PMS ( 714): acquireWL(43130a48): PARTIAL_WAKE_LOCK AlarmManager 0x1 714 1000
V/AlarmManager( 714): sending alarm PendingIntent{4252a0c8: PendingIntentRecord{426cf298 com.domobile.applock startService}}, i=null, t=3, cnt=1, w=1668119035, Int=300
D/PMS ( 714): releaseWL(43130a48): PARTIAL_WAKE_LOCK AlarmManager 0x1
D/WifiStateMachine( 714): fetchRssiAndLinkSpeedNative RSSI = -52 abnormalRssiCnt = 0 newLinkSpeed = 58
D/WifiStateMachine( 714): fetchRssiAndLinkSpeedNative mLinkspeedCount = 1, mLinkspeedSum: 58
D/PMS ( 714): acquireWL(43a97b30): PARTIAL_WAKE_LOCK AlarmManager 0x1 714 1000
V/AlarmManager( 714): sending alarm PendingIntent{4252a0c8: PendingIntentRecord{426cf298 com.domobile.applock startService}}, i=null, t=3, cnt=1, w=1668119335, Int=300
D/PMS ( 714): releaseWL(43a97b30): PARTIAL_WAKE_LOCK AlarmManager 0x1
D/PMS ( 714): acquireWL(41d3e8e0): PARTIAL_WAKE_LOCK AlarmManager 0x1 714 1000
V/AlarmManager( 714): sending alarm PendingIntent{4252a0c8: PendingIntentRecord{426cf298 com.domobile.applock startService}}, i=null, t=3, cnt=1, w=1668119635, Int=300
D/PMS ( 714): releaseWL(41d3e8e0): PARTIAL_WAKE_LOCK AlarmManager 0x1
D/PMS ( 714): acquireWL(42c0c800): PARTIAL_WAKE_LOCK AlarmManager 0x1 714 1000
V/AlarmManager( 714): sending alarm PendingIntent{4252a0c8: PendingIntentRecord{426cf298 com.domobile.applock startService}}, i=null, t=3, cnt=1, w=1668119935, Int=300
D/PMS ( 714): releaseWL(42c0c800): PARTIAL_WAKE_LOCK AlarmManager 0x1
D/PMS ( 714): acquireWL(43236228): PARTIAL_WAKE_LOCK AlarmManager 0x1 714 1000
V/AlarmManager( 714): sending alarm PendingIntent{4252a0c8: PendingIntentRecord{426cf298 com.domobile.applock startService}}, i=null, t=3, cnt=1, w=1668120235, Int=300
D/PMS ( 714): releaseWL(43236228): PARTIAL_WAKE_LOCK AlarmManager 0x1
D/PMS ( 714): acquireWL(43858738): PARTIAL_WAKE_LOCK AlarmManager 0x1 714 1000
V/AlarmManager( 714): sending alarm PendingIntent{4252a0c8: PendingIntentRecord{426cf298 com.domobile.applock startService}}, i=null, t=3, cnt=1, w=1668120535, Int=300
D/PMS ( 714): releaseWL(43858738): PARTIAL_WAKE_LOCK AlarmManager 0x1