--------- beginning of /dev/log/main
D/SmartNS_NSReceiver(12663): onReceive : android.intent.action.USER_PRESENT hasTethered:false isNSOpening:false
I/PSReceiver(12663): onReceive:android.intent.action.USER_PRESENT
D/PhoneStatusBar( 920): disable: < expand icons alerts ticker system_info back home* recent* clock search > I/SmartNS_PSService(12663): onReceive:android.intent.action.USER_PRESENT
W/Settings(12663): Setting tethering_blocked has moved from android.provider.Settings.Secure to android.provider.Settings.Global.
I/SmartNS_PSService(12663): defaultType:0
I/STDJS ( 4610): N: 40629648
V/Nextpeer(17175): Nextpeer push service requires internet connection. Your AndroidManifest.xml file should include 'android.permission.RECEIVE_BOOT_COMPLETED' permission
D/LocationManagerService( 714): request 427864e0 passive Request[POWER_NONE passive fastest=+5s0ms] from com.htc.htclocationservice(10020)
D/AutoSetting(16187): service - onStartCommand() action: com.htc.app.autosetting.delayrequest
D/LocationManagerService( 714): provider request: passive ProviderRequest[ON interval=0]
D/AppWidgetHostView( 1102): updateAppWidget mInfo = AppWidgetProviderInfo(provider=ComponentInfo{com.levelup.beautifulwidgets.free/com.levelup.beautifulwidgets.core.ui.widgets.clock.ClockWidget42})
I/RemoteViews.Performance( 1102): com.levelup.beautifulwidgets.free 0 3 74
D/NfcService( 1088): NFC-C ON
I/Launcher( 1102): updateWallpaperVisibility: false
I/Intent ( 714): @test_code: getHtcIntentFlag: 0 obj: 1128612312
D/InputManager( 714): Exception: Filter focused app name - java.lang.StringIndexOutOfBoundsException: length=49; regionStart=45; regionLength=-46
I/FeedHostManager( 1102): [onPause]
I/FeedProviderManager( 1102): onPause
I/SocialFeedProvider( 1102): +onPause
I/SocialFeedProvider( 1102): -onPause
I/Launcher( 1102): updateWallpaperVisibility: true
I/Intent ( 714): @test_code: getHtcIntentFlag: 0 obj: 1135268928
D/InputManager( 714): Exception: Filter focused app name - java.lang.StringIndexOutOfBoundsException: length=58; regionStart=54; regionLength=-55
W/ResourceType( 714): Skipping entry 0x7f040007 in package table 0 because it is not complex!
W/ResourceType( 714): Skipping entry 0x7f040005 in package table 0 because it is not complex!
I/eFrame (12707): pkgname_before:com.htc.launcher class:com.whatsapp.Conversations
I/Adreno-EGL(12771): : EGL 1.4 QUALCOMM build: (CL4169980)
I/Adreno-EGL(12771): OpenGL ES Shader Compiler Version: 17.01.10.SPL
I/Adreno-EGL(12771): Build Date: 12/25/13 Wed I/Adreno-EGL(12771): Local Branch:
I/Adreno-EGL(12771): Remote Branch:
I/Adreno-EGL(12771): Local Patches:
I/Adreno-EGL(12771): Reconstruct Branch:
D/Process ( 714): killProcessQuiet, pid=12707
D/Process ( 714): com.android.server.am.ActivityManagerService.killUnneededProcessLocked:7501 com.android.server.am.ActivityManagerService.removeProcessLocked:5273 com.android.server.am.ActivityManagerService.killPackageProcessesLocked:5081
W/Settings(13035): Setting android_id has moved from android.provider.Settings.System to android.provider.Settings.Secure, returning read-only value.
W/Settings(13035): Setting android_id has moved from android.provider.Settings.System to android.provider.Settings.Secure, returning read-only value.
W/Settings(13035): Setting android_id has moved from android.provider.Settings.System to android.provider.Settings.Secure, returning read-only value.
I/ActivityManager( 714): Displayed com.whatsapp/.Conversations: +505ms (total +566ms)
I/IInputConnectionWrapper(12771): Not a BaseInputConnection, conn=android.widget.AbsListView$InputConnectionWrapper@41c9a430
I/TrimMemoryManager( 1102): [trimMemory] 20
D/WifiStateMachine( 714): fetchRssiAndLinkSpeedNative RSSI = -45 abnormalRssiCnt = 0 newLinkSpeed = 72
D/WifiStateMachine( 714): fetchRssiAndLinkSpeedNative mLinkspeedCount = 5, mLinkspeedSum: 360
D/WifiStateMachine( 714): fetchRssiAndLinkSpeedNative: Update RSSI:-45 and linkspeed:72 in database
D/WifiApDatabaseHandler( 714): updateConnectedAP...
I/Intent ( 714): @test_code: getHtcIntentFlag: 0 obj: 1129750440
D/InputManager( 714): Exception: Filter focused app name - java.lang.StringIndexOutOfBoundsException: length=57; regionStart=53; regionLength=-54
I/dalvikvm-heap(12771): Grow heap (frag case) to 17.863MB for 7499536-byte allocation
V/WebViewChromium(12771): Binding Chromium to the main looper Looper (main, tid 1) {41a72aa8}
I/chromium(12771): [INFO:library_loader_hooks.cc(112)] Chromium logging enabled: level = 0, default verbosity = 0
I/BrowserProcessMain(12771): Initializing chromium process, renderers=0
W/chromium(12771): [WARNING:proxy_service.cc(888)] PAC support disabled because there is no system implementation
I/ActivityManager( 714): Displayed com.whatsapp/.Conversation: +752ms
I/InputMethodManager(12771): [startInputInner] EditorInfo { packageName=com.whatsapp, inputType=0x2c001, imeOptions=0x54000004, privateImeOptions=null }, windowGainingFocus=android.view.ViewRootImpl$W@41ef3318, mServedView=com.whatsapp.ConversationTextEntry{41f71810 VFED.VCL .F....ID 144,13-936,131 #7f08013d app:id/entry}
I/HTCIMEService( 1039): [onStartInputView] attribute=0x2c001, package=com.whatsapp, restarting=false
I/PowerSavingUtil( 1039): [evaluateSkipIMEVibration] user_powersaver_enable = 0, powersaver_haptic_feedback = 1, sys.psaver.haptic = false, skipIMEVibration = false
E/PNP_UPDATERD( 254): inotify_add_watch failed. (No such file or directory)
I/HTCIMEService( 1039): [onStartInputView] mCurrSIP=com.htc.android.htcime.ezsip.PortQwertySIPView{41af91a8 V.ED.... ........ 0,0-1080,675}, mData.mCurrIM=com.htc.android.htcime.XT9IME.XT9IME@41aa64a8
I/XT9IME ( 1039): [handleLdbChange] handle LDBs change. (11f, 0)
I/XT9_C ( 1039): [registerXT9LDB] Allocate memory of 'gLdbInfo[i].pbLdbBuff' (size=436036)
I/XT9_JNI ( 1039): [loadFile] size=436036 (loaded)
I/XT9_C ( 1039): [registerXT9LDB] LDB(0000011f) loading [done]
D/XT9_C ( 1039): [registerXT9LDB] current LdbNum=0x11f, First LdbNum=0x11f, Second LdbNum=0x0
I/XT9_KDB ( 1039): [Load_ConfigKDBinner] Done (KDB#0, dwKdbNum=0d09, STM=TRUE, STM-PKF=0.800000)
D/XT9_C ( 1039): [registerXT9KDB] current KdbNum=0xd09, First KdbNum=0xd09, Second KdbNum=0x0
D/OnDemandProgressBar( 920): release indeterminate drawable android.widget.OnDemandProgressBar{41ed8f60 G.ED.... ......I. 0,0-0,0 #102000d android:id/progress}
D/OnDemandProgressBar( 920): new OnDemandProgressBar android.widget.OnDemandProgressBar{41ed8f60 G.ED.... ......I. 0,0-0,0 #102000d android:id/progress}
I/RemoteViews.Performance( 920): android 1 127 2 10
W/XT9_C ( 1039): [T9_ContextBreak] ET9AWSelLstBuild() failed! (wCoreStatus=4)
I/XT9_C ( 1039): [T9_DLMExport] Allocate memory of 'export_buff' (size=95232)
I/XT9_C ( 1039): [T9_DLMExport] Release memory of 'export_buff'
I/XT9_C ( 1039): [T9_ReleaseBuffer] Reset LDB#0
I/XT9_C ( 1039): [T9_ReleaseBuffer] Release memory of 'gLdbInfo[i].pbLdbBuff'
I/XT9_C ( 1039): [T9_ReleaseBuffer] Reset LDB#1
D/XT9_C ( 1039): [T9_ReleaseBuffer] Done. Current LdbNum=0x100, First LdbNum=0x100, Second LdbNum=0x0
I/KeyboardView( 1039): HTCIMMData.mQwertyType=2, name=qwe_symbol_sip
I/KeyboardView( 1039): HTCIMMData.mQwertyType=2, name=qwe_symbol_sip
D/WifiStateMachine( 714): fetchRssiAndLinkSpeedNative RSSI = -43 abnormalRssiCnt = 0 newLinkSpeed = 72
D/WifiStateMachine( 714): fetchRssiAndLinkSpeedNative mLinkspeedCount = 1, mLinkspeedSum: 72
W/XT9_C ( 1039): [T9_ContextBreak] ET9AWSelLstBuild() failed! (wCoreStatus=4)
I/XT9_C ( 1039): [T9_DLMExport] Allocate memory of 'export_buff' (size=95232)
I/XT9_C ( 1039): [T9_DLMExport] Release memory of 'export_buff'
I/XT9_C ( 1039): [T9_ReleaseBuffer] Reset LDB#0
I/XT9_C ( 1039): [T9_ReleaseBuffer] Reset LDB#1
D/XT9_C ( 1039): [T9_ReleaseBuffer] Done. Current LdbNum=0x100, First LdbNum=0x100, Second LdbNum=0x0
I/XT9IME ( 1039): [handleLdbChange] handle LDBs change. (11f, 0)
I/XT9_C ( 1039): [registerXT9LDB] Allocate memory of 'gLdbInfo[i].pbLdbBuff' (size=436036)
I/XT9_JNI ( 1039): [loadFile] size=436036 (loaded)
I/XT9_C ( 1039): [registerXT9LDB] LDB(0000011f) loading [done]
D/XT9_C ( 1039): [registerXT9LDB] current LdbNum=0x11f, First LdbNum=0x11f, Second LdbNum=0x0
I/XT9_KDB ( 1039): [Load_ConfigKDBinner] Done (KDB#0, dwKdbNum=0d09, STM=TRUE, STM-PKF=0.800000)
D/XT9_C ( 1039): [registerXT9KDB] current KdbNum=0xd09, First KdbNum=0xd09, Second KdbNum=0x0
I/XT9_C ( 1039): [T9_SetShiftMode] ET9AWSelLstBuild() failed! (status=4)
W/KeyboardView( 1039): onModifiedTouchEvent: ignored due to HTCIMMData.mCurrSIP(com.htc.android.htcime.ezsip.PortQwertySIPView{41af91a8 V.ED.... ........ 0,0-1080,675}) != this(com.htc.android.htcime.ezsip.symsip.PortQweSymSIPView{41afafb0 V.ED.... ........ 0,0-1080,675})
W/KeyboardView( 1039): onModifiedTouchEvent: ignored due to HTCIMMData.mCurrSIP(com.htc.android.htcime.ezsip.PortQwertySIPView{41af91a8 V.ED.... ........ 0,0-1080,675}) != this(com.htc.android.htcime.ezsip.symsip.PortQweSymSIPView{41afafb0 V.ED.... ........ 0,0-1080,675})
I/XT9_JNI ( 1039): [nativeSMEinit] Allocate memory of 'pSMETextBuff' (size=14)
E/XT9_C ( 1039): [T9_SMEinit] ET9AWSmartEditorCheckText() failed. (Status=97)
I/XT9_JNI ( 1039): [nativeSMEinit] Release memory of 'pSMETextBuff'
E/XT9_C ( 1039): [T9_SMEfindNextError] ET9AWSmartEditorFindNextError() failed. (Status=97)
E/SmartEditor( 1039): [SmartEditor.checkCommittedWord] Error in core engine, abort it.
D/WifiStateMachine( 714): fetchRssiAndLinkSpeedNative RSSI = -45 abnormalRssiCnt = 0 newLinkSpeed = 72
D/WifiStateMachine( 714): fetchRssiAndLinkSpeedNative mLinkspeedCount = 2, mLinkspeedSum: 144
I/XT9_JNI ( 1039): [nativeSMEinit] Allocate memory of 'pSMETextBuff' (size=20)
E/XT9_C ( 1039): [T9_SMEinit] ET9AWSmartEditorCheckText() failed. (Status=97)
I/XT9_JNI ( 1039): [nativeSMEinit] Release memory of 'pSMETextBuff'
E/XT9_C ( 1039): [T9_SMEfindNextError] ET9AWSmartEditorFindNextError() failed. (Status=97)
E/SmartEditor( 1039): [SmartEditor.checkCommittedWord] Error in core engine, abort it.
D/AutoSetting(16187): service - mRequestRunnable: screen on delay 10s, request NLP now
D/AutoSetting(16187): service - requestNLP() to last request within 2hrs, don't request 2202148
I/XT9_JNI ( 1039): [nativeSMEinit] Allocate memory of 'pSMETextBuff' (size=32)
E/XT9_C ( 1039): [T9_SMEinit] ET9AWSmartEditorCheckText() failed. (Status=97)
I/XT9_JNI ( 1039): [nativeSMEinit] Release memory of 'pSMETextBuff'
E/XT9_C ( 1039): [T9_SMEfindNextError] ET9AWSmartEditorFindNextError() failed. (Status=97)
E/SmartEditor( 1039): [SmartEditor.checkCommittedWord] Error in core engine, abort it.
D/WifiStateMachine( 714): fetchRssiAndLinkSpeedNative RSSI = -44 abnormalRssiCnt = 0 newLinkSpeed = 72
D/WifiStateMachine( 714): fetchRssiAndLinkSpeedNative mLinkspeedCount = 3, mLinkspeedSum: 216
W/XT9_C ( 1039): [T9_ContextBreak] ET9AWSelLstBuild() failed! (wCoreStatus=4)
I/XT9_C ( 1039): [T9_DLMExport] Allocate memory of 'export_buff' (size=95232)
I/XT9_C ( 1039): [T9_DLMExport] Release memory of 'export_buff'
I/XT9_C ( 1039): [T9_ReleaseBuffer] Reset LDB#0
I/XT9_C ( 1039): [T9_ReleaseBuffer] Release memory of 'gLdbInfo[i].pbLdbBuff'
I/XT9_C ( 1039): [T9_ReleaseBuffer] Reset LDB#1
D/XT9_C ( 1039): [T9_ReleaseBuffer] Done. Current LdbNum=0x100, First LdbNum=0x100, Second LdbNum=0x0
I/KeyboardView( 1039): HTCIMMData.mQwertyType=2, name=qwe_symbol_sip
I/KeyboardView( 1039): HTCIMMData.mQwertyType=2, name=qwe_symbol_sip
W/XT9_C ( 1039): [T9_ContextBreak] ET9AWSelLstBuild() failed! (wCoreStatus=4)
I/XT9_C ( 1039): [T9_DLMExport] Allocate memory of 'export_buff' (size=95232)
I/XT9_C ( 1039): [T9_DLMExport] Release memory of 'export_buff'
I/XT9_C ( 1039): [T9_ReleaseBuffer] Reset LDB#0
I/XT9_C ( 1039): [T9_ReleaseBuffer] Reset LDB#1
D/XT9_C ( 1039): [T9_ReleaseBuffer] Done. Current LdbNum=0x100, First LdbNum=0x100, Second LdbNum=0x0
I/XT9IME ( 1039): [handleLdbChange] handle LDBs change. (11f, 0)
I/XT9_C ( 1039): [registerXT9LDB] Allocate memory of 'gLdbInfo[i].pbLdbBuff' (size=436036)
I/XT9_JNI ( 1039): [loadFile] size=436036 (loaded)
I/XT9_C ( 1039): [registerXT9LDB] LDB(0000011f) loading [done]
D/XT9_C ( 1039): [registerXT9LDB] current LdbNum=0x11f, First LdbNum=0x11f, Second LdbNum=0x0
I/XT9_KDB ( 1039): [Load_ConfigKDBinner] Done (KDB#0, dwKdbNum=0d09, STM=TRUE, STM-PKF=0.800000)
D/XT9_C ( 1039): [registerXT9KDB] current KdbNum=0xd09, First KdbNum=0xd09, Second KdbNum=0x0
W/KeyboardView( 1039): onModifiedTouchEvent: ignored due to HTCIMMData.mCurrSIP(com.htc.android.htcime.ezsip.PortQwertySIPView{41af91a8 V.ED.... ........ 0,0-1080,675}) != this(com.htc.android.htcime.ezsip.symsip.PortQweSymSIPView{41afafb0 V.ED.... ........ 0,0-1080,675})
W/KeyboardView( 1039): onModifiedTouchEvent: ignored due to HTCIMMData.mCurrSIP(com.htc.android.htcime.ezsip.PortQwertySIPView{41af91a8 V.ED.... ........ 0,0-1080,675}) != this(com.htc.android.htcime.ezsip.symsip.PortQweSymSIPView{41afafb0 V.ED.... ........ 0,0-1080,675})
W/KeyboardView( 1039): onModifiedTouchEvent: ignored due to HTCIMMData.mCurrSIP(com.htc.android.htcime.ezsip.PortQwertySIPView{41af91a8 V.ED.... ........ 0,0-1080,675}) != this(com.htc.android.htcime.ezsip.symsip.PortQweSymSIPView{41afafb0 V.ED.... ........ 0,0-1080,675})
I/XT9_C ( 1039): [T9_SetShiftMode] ET9AWSelLstBuild() failed! (status=4)
I/HTCIMEService( 1039): [onStartInputView] attribute=0x2c001, package=com.whatsapp, restarting=true
I/PowerSavingUtil( 1039): [evaluateSkipIMEVibration] user_powersaver_enable = 0, powersaver_haptic_feedback = 1, sys.psaver.haptic = false, skipIMEVibration = false
I/InputMethodManager(12771): [startInputInner] EditorInfo { packageName=com.whatsapp, inputType=0x2c001, imeOptions=0x54000004, privateImeOptions=null }, windowGainingFocus=null, mServedView=com.whatsapp.ConversationTextEntry{41f71810 VFED.VCL .F...... 144,13-936,131 #7f08013d app:id/entry}
I/CVW ( 1039): Dismiss CandidateViewWindow WCLID:0
W/XT9_C ( 1039): [T9_ContextBreak] ET9AWSelLstBuild() failed! (wCoreStatus=4)
I/XT9_C ( 1039): [T9_DLMExport] Allocate memory of 'export_buff' (size=95232)
I/XT9_C ( 1039): [T9_DLMExport] Release memory of 'export_buff'
I/XT9_C ( 1039): [T9_ReleaseBuffer] Reset LDB#0
I/XT9_C ( 1039): [T9_ReleaseBuffer] Release memory of 'gLdbInfo[i].pbLdbBuff'
I/XT9_C ( 1039): [T9_ReleaseBuffer] Reset LDB#1
D/XT9_C ( 1039): [T9_ReleaseBuffer] Done. Current LdbNum=0x100, First LdbNum=0x100, Second LdbNum=0x0
I/HTCIMEService( 1039): [onStartInputView] mCurrSIP=com.htc.android.htcime.ezsip.PortQwertySIPView{41af91a8 V.ED.... ........ 0,0-1080,675}, mData.mCurrIM=com.htc.android.htcime.XT9IME.XT9IME@41aa64a8
I/XT9IME ( 1039): [handleLdbChange] handle LDBs change. (11f, 0)
I/XT9_C ( 1039): [registerXT9LDB] Allocate memory of 'gLdbInfo[i].pbLdbBuff' (size=436036)
I/XT9_JNI ( 1039): [loadFile] size=436036 (loaded)
I/XT9_C ( 1039): [registerXT9LDB] LDB(0000011f) loading [done]
D/XT9_C ( 1039): [registerXT9LDB] current LdbNum=0x11f, First LdbNum=0x11f, Second LdbNum=0x0
I/XT9_KDB ( 1039): [Load_ConfigKDBinner] Done (KDB#0, dwKdbNum=0d09, STM=TRUE, STM-PKF=0.800000)
D/XT9_C ( 1039): [registerXT9KDB] current KdbNum=0xd09, First KdbNum=0xd09, Second KdbNum=0x0
I/XT9_C ( 1039): [T9_SetShiftMode] ET9AWSelLstBuild() failed! (status=4)
W/XT9_C ( 1039): [T9_ContextBreak] ET9AWSelLstBuild() failed! (wCoreStatus=4)
I/RemoteViews.Performance( 920): android 0 0 10
I/MediaPlayer(12771): setLPAflag() in
D/MediaPlayer(12771): SystemProperties.get htc.audio.mirrorlink.status:
D/WirelessDisplayService( 714): getMirrorDisplayStatus:falsecurState:1
D/MediaPlayer(12771): set AwesomePlayer LPA flag to false +
D/MediaPlayer(12771): set AwesomePlayer LPA flag to false -
I/MediaPlayer(12771): setLPAflag() out
W/MediaPlayer(12771): info/warning (1, 902)
D/MediaPlayer(12771): Mediaplayer receives message, message type: 200
D/MediaPlayer(12771): Mediaplayer receives message, message type: 5
D/MediaPlayer(12771): Mediaplayer receives message, message type: 1
D/HtcDeviceInfoManager( 714): MediaReceiver.onReceive
E/MediaPlayer(12771): Should have subtitle controller already set
V/HtcDeviceInfoManager( 714): act=1, pid=12771, type=1, hashCode=41ee87e8
D/[MediaPluginDLNA](12771): [getIsRegionSupported] sRegionCode: 6
D/WirelessDisplayService( 714): getMirrorDisplayStatus:falsecurState:1
D/[MediaPluginDLNA](12771): not in Mirror mode
D/MediaPlayer(12771): doStart() in
D/MediaPlayer(12771): Htc_getIntParameter = 902
E/OMXNodeInstance( 266): OMX_FreeBuffer for buffer header 0xb8df5058 successful
E/OMXNodeInstance( 266): OMX_FreeBuffer for buffer header 0xb8eb7688 successful
E/OMXNodeInstance( 266): OMX_FreeBuffer for buffer header 0xb8de6650 successful
E/OMXNodeInstance( 266): OMX_FreeBuffer for buffer header 0xb8fabb28 successful
W/AudFlgTh( 266): Using by PID 12771, ProcessName:com.whatsapp
D/MediaPlayer(12771): Mediaplayer receives message, message type: 6
E/AudioStreamOutALSA( 266): PCM_Write set_amp_mode,1
W/HtcAudFlgTh( 266): ThreadLoop_wrtie blocking by HAL 32443155ns, the mixerBufferTime is 10666666
E/AudioSink( 266): received unknown event type: 1 inside CallbackWrapper !
D/Recents ( 920): recents : 43
D/WifiStateMachine( 714): fetchRssiAndLinkSpeedNative RSSI = -44 abnormalRssiCnt = 0 newLinkSpeed = 72
D/WifiStateMachine( 714): fetchRssiAndLinkSpeedNative mLinkspeedCount = 4, mLinkspeedSum: 288
D/InputDispatcher( 714): cancelRecentAppsAction: prepare to launch Home
D/MediaPlayer(12771): Mediaplayer receives message, message type: 7
E/MediaPlayer(12771): internal/external state mismatch corrected
D/MediaPlayer(12771): Mediaplayer receives message, message type: 2
D/MediaPlayer(12771): U58 Send PlaybackCompleteEvent
D/HtcDeviceInfoManager( 714): MediaReceiver.onReceive
V/HtcDeviceInfoManager( 714): act=2, pid=12771, type=1, hashCode=41ee87e8
I/RemoteViews.Performance( 920): com.cleanmaster.mguard 1 1 20
I/RemoteViews.Performance( 920): com.cleanmaster.mguard 0 15 8 20
I/CVW ( 1039): Dismiss CandidateViewWindow WCLID:0
D/InputDispatcher( 714): LaunchActivity: Intent { act=android.intent.action.MAIN cat=[android.intent.category.HOME] flg=0x10200000 }
I/Intent ( 714): @test_code: getHtcIntentFlag: 0 obj: 1115933040
I/RemoteViews.Performance( 920): com.cleanmaster.mguard 1 24 11 18
I/RemoteViews.Performance( 920): com.cleanmaster.mguard 0 61 4
I/eFrame (13035): pkgname_before:com.whatsapp class:com.htc.launcher.Launcher
W/XT9_C ( 1039): [T9_ContextBreak] ET9AWSelLstBuild() failed! (wCoreStatus=4)
I/XT9_C ( 1039): [T9_DLMExport] Allocate memory of 'export_buff' (size=95232)
I/FeedHostManager( 1102): [onResume]
I/FeedProviderManager( 1102): onResume
I/FeedPager( 1102): [updatePages] total: 30, current: 1, map: 3, add: 0, reload: 3
I/SocialFeedProvider( 1102): +onResume
I/SocialFeedProvider( 1102): updateAccounts - Accounts is no change
I/SocialFeedProvider( 1102): -onResume
I/XT9_C ( 1039): [T9_DLMExport] Release memory of 'export_buff'
I/XT9_C ( 1039): [T9_ReleaseBuffer] Reset LDB#0
I/XT9_C ( 1039): [T9_ReleaseBuffer] Release memory of 'gLdbInfo[i].pbLdbBuff'
I/XT9_C ( 1039): [T9_ReleaseBuffer] Reset LDB#1
D/XT9_C ( 1039): [T9_ReleaseBuffer] Done. Current LdbNum=0x100, First LdbNum=0x100, Second LdbNum=0x0
W/IInputConnectionWrapper(12771): reportFullscreenMode on inactive InputConnection
W/System.err(13035): android.content.pm.PackageManager$NameNotFoundException
W/System.err(13035): at android.app.ApplicationPackageManager.getApplicationInfo(ApplicationPackageManager.java:227)
W/System.err(13035): at com.domobile.lockbean.o.f(Unknown Source)
W/System.err(13035): at com.domobile.lockbean.o.e(Unknown Source)
W/System.err(13035): at com.domobile.lockbean.o.c(Unknown Source)
W/System.err(13035): at com.domobile.applock.service.LockService.g(Unknown Source)
W/System.err(13035): at com.domobile.applock.service.LockService.onStart(Unknown Source)
W/System.err(13035): at android.app.Service.onStartCommand(Service.java:450)
W/System.err(13035): at android.app.ActivityThread.handleServiceArgs(ActivityThread.java:3187)
W/System.err(13035): at android.app.ActivityThread.access$2100(ActivityThread.java:156)
W/System.err(13035): at android.app.ActivityThread$H.handleMessage(ActivityThread.java:1461)
W/System.err(13035): at android.os.Handler.dispatchMessage(Handler.java:102)
W/System.err(13035): at android.os.Looper.loop(Looper.java:157)
W/System.err(13035): at android.app.ActivityThread.main(ActivityThread.java:5872)
W/System.err(13035): at java.lang.reflect.Method.invokeNative(Native Method)
W/System.err(13035): at java.lang.reflect.Method.invoke(Method.java:515)
W/System.err(13035): at com.android.internal.os.ZygoteInit$MethodAndArgsCaller.run(ZygoteInit.java:1069)
W/System.err(13035): at com.android.internal.os.ZygoteInit.main(ZygoteInit.java:885)
W/System.err(13035): at dalvik.system.NativeStart.main(Native Method)
D/InputDispatcher( 714): ActualScreenOn=1
I/Launcher( 1102): updateWallpaperVisibility: false
D/InputDispatcher( 714): ActualScreenOn=1
I/SensorManager( 714): unregisterListenerImpl++: listener = com.android.server.power.DisplayPowerController$10@41c8f998
D/WirelessDisplayService( 714): Screen File Receiver; callOnGoing: false, Screen On: false
D/WirelessDisplayService( 714): ScreenReceiver: ACTION_SCREEN_OFF && Not in DongleWait nor MirrorEnabling State: REQ_JOIN_GROUP - FALSE
I/SensorManager( 714): unregisterListenerImpl++: listener = com.android.internal.policy.impl.WindowOrientationListener$SensorEventListenerImpl@41aa5d18
D/KeyguardViewMediator( 920): doKeyguard: showing the lock screen
D/KeyguardViewMediator( 920): password timeout now
D/StatusBarManager( 920): disable=0x0 pid=0 pkg=com.android.keyguard thread=Binder_4 token=android.os.Binder@41e963c0
I/FeedHostManager( 1102): [onPause]
I/FeedProviderManager( 1102): onPause
I/SocialFeedProvider( 1102): +onPause
I/SocialFeedProvider( 1102): -onPause
E/Prism.MastheadStatePro_( 1102): uri: content://com.htc.launcher.masthead_state/visibility
I/wpa_supplicant( 4359): SET_SCREEN_ON:Off
E/Prism.MastheadStatePro_( 1102): uri: content://com.htc.launcher.masthead_state/visibility
D/SmartSyncUtils(12178): getMobilePolicyEnabled, result = true
W/HtcLockScreen( 920): KgWidgetPager: onPageSwitched failed
I/CVW ( 1039): Dismiss CandidateViewWindow WCLID:0
W/PropertyValuesHolder( 920): Method setMyDrawable() with type int not found on target class class android.widget.ImageView
D/StatusBarManager( 920): disable=0x1000000 pid=920 pkg=com.android.keyguard thread=main token=android.os.Binder@41e963c0
E/qdexternal( 252): writeHPDOption: state file '/sys/devices/virtual/graphics/fb1/hpd' not found : ret-1 err str: Permission denied
D/SurfaceControl( 714): Excessive delay in blankDisplay() while turning screen off: 128ms
I/CVW ( 1039): Dismiss CandidateViewWindow WCLID:0
D/NfcService( 1088): ScreenObserver: OFF
W/AudFlgTh( 266): Using by PID 920, ProcessName:com.android.systemui
D/NfcService( 1088): NFC-C OFF, disconnect
D/HtcPowerSaver( 714): updateBatteryInfo
D/UsbnetService( 714): BroadcastReceiver::onReceive+
D/UsbnetService( 714): onReceive BATTERY_CHANGED
D/UsbnetService( 714): --> pluggedType = 0, mPluggedType = 0, mScreenOff = false
D/UsbnetService( 714): BroadcastReceiver::onReceive-
D/HtcPowerSaver( 714): Checking...
I/HtcPowerSaver( 714): >> updateStatus
I/HtcPowerSaver( 714): updateStatus (8000,70,-1,false,false,false,-1)
I/HtcPowerSaver( 714): << updateStatus
I/Launcher( 1102): updateWallpaperVisibility: true
D/PhoneStatusBar( 920): disable: < expand icons alerts ticker system_info back HOME* RECENT* clock search > D/ContactMessageStore( 1066): start background delete task...
D/ContactMessageStore( 1066): size: 0 , 0
D/ContactMessageStore( 1066): Background delete complete
D/AutoSetting(16187): service - mHandler: cancel location update
D/AutoSetting(16187): service - changes count: 0
I/ClockThread( 920): stop update clock
W/HtcAudFlgTh( 266): ThreadLoop_wrtie blocking by HAL 40958342ns, the mixerBufferTime is 10666666
D/SyncIpcServiceImpl( 4610): isFloatServiceDirty = false
E/kickstart(26554): Received file "modem_fs1"
E/kickstart(26554): 786432 bytes transferred in 0.193s (3.89 MBps)
E/kickstart(26554): Successfully downloaded files from target
E/kickstart(26554): Sahara protocol completed
E/kickstart-htc(32645): myexecv: waitpid-, ret=[0]
E/kickstart-efsks(32645): start_sahara: mysystem-,retval=[0]
E/kickstart-efsks(32645): Sahara transfer completed successfully
E/kickstart-efsks(32645): Back from KS successfully
E/kickstart-efsks(32645):
E/kickstart-htc(32645): myexecv: fork+
E/kickstart-htc(32645): myexecv: fork-
E/kickstart-htc(32645): myexecv: waitpid+, pid=[13217]
E/kickstart-htc(13217): myexecv: fork-
E/kickstart-htc(13217): myexecv: execv+
E/kickstart-htc(32645): myexecv: waitpid-, ret=[0]
E/kickstart-efsks(32645): '/data/efs/modemerr' does not exist
E/kickstart-efsks(32645): start_sahara enter
E/kickstart-efsks(32645): start_sahara: mysystem+
E/kickstart-htc(32645): myexecv: fork+
E/kickstart-htc(32645): myexecv: fork-
E/kickstart-htc(32645): myexecv: waitpid+, pid=[13218]
E/kickstart-htc(13218): myexecv: fork-
E/kickstart-htc(13218): myexecv: execv+
E/kickstart(13218): Received file "htccdma"
E/kickstart(13218): 16384 bytes transferred in 0.009s (1.80 MBps)
E/kickstart(13218): Successfully downloaded files from target
E/kickstart(13218): Sahara protocol completed
E/kickstart-htc(32645): myexecv: waitpid-, ret=[0]
E/kickstart-efsks(32645): start_sahara: mysystem-,retval=[0]
E/kickstart-efsks(32645): Sahara transfer completed successfully
E/kickstart-efsks(32645): Back from KS successfully
E/kickstart-efsks(32645):
E/kickstart-htc(32645): myexecv: fork+
E/kickstart-htc(32645): myexecv: fork-
E/kickstart-htc(32645): myexecv: waitpid+, pid=[13219]
E/kickstart-htc(13219): myexecv: fork-
E/kickstart-htc(13219): myexecv: execv+
E/kickstart-htc(32645): myexecv: waitpid-, ret=[0]
E/kickstart-efsks(32645): '/data/efs/modemerr' does not exist
E/kickstart-efsks(32645): start_sahara enter
E/kickstart-efsks(32645): start_sahara: mysystem+
E/kickstart-htc(32645): myexecv: fork+
E/kickstart-htc(32645): myexecv: fork-
E/kickstart-htc(32645): myexecv: waitpid+, pid=[13220]
E/kickstart-htc(13220): myexecv: fork-
E/kickstart-htc(13220): myexecv: execv+
D/HtcDeviceInfoManager( 714): MediaReceiver.onReceive
V/HtcDeviceInfoManager( 714): act=2, pid=12771, type=1, hashCode=41ee87e8
D/MediaPlayer(12771): release() in
D/HtcDeviceInfoManager( 714): MediaReceiver.onReceive
V/HtcDeviceInfoManager( 714): act=2, pid=12771, type=1, hashCode=41ee87e8
E/OMXNodeInstance( 266): OMX_FreeBuffer for buffer header 0xb8eaccd0 successful
E/OMXNodeInstance( 266): OMX_FreeBuffer for buffer header 0xb8f97368 successful
E/OMXNodeInstance( 266): OMX_FreeBuffer for buffer header 0xb8dfe9a8 successful
E/OMXNodeInstance( 266): OMX_FreeBuffer for buffer header 0xb8f837f8 successful
E/OMXNodeInstance( 266): OMX_FreeBuffer for buffer header 0xb8fa66f8 successful
E/OMXNodeInstance( 266): OMX_FreeBuffer for buffer header 0xb8fa65d0 successful
E/OMXNodeInstance( 266): OMX_FreeBuffer for buffer header 0xb8fa64c8 successful
E/OMXNodeInstance( 266): OMX_FreeBuffer for buffer header 0xb8fa63f0 successful
D/MediaPlayer(12771): release() out
I/Babel (13224): MmsConfig: mnc/mcc: 286/1
I/Babel (13224): MmsConfig.loadMmsSettings
W/Settings(13224): Setting airplane_mode_on has moved from android.provider.Settings.System to android.provider.Settings.Global, returning read-only value.
I/Babel (13224): ApnsOta: OTA version -1
D/MessageFrequencyProvider(13246): onCreate
D/MmsCustomizationProvider(13246): query uri: content://htc-mms-customization/mms-ua/ua_string
D/MmsCustomizationProvider(13246): query uri: content://htc-mms-customization/mms-ua/ua_profile
I/Babel (13224): MmsConfig.loadDeviceMmsSettings from API: mUserAgent=HTC_One/1.0, mUaProfUrl=http://www.htcmms.com.tw/Android/Common/PN0711/ua-profile.xml
I/Babel (13224): MmsConfig.loadFromDatabase
V/GetPrviateResource(13246): GetPrviateResource
V/GetPrviateResource(13246): GetPrviateResource
D/Process ( 714): killProcessQuiet, pid=12105
D/Process ( 714): com.android.server.am.ActivityManagerService.killUnneededProcessLocked:7501 com.android.server.am.ActivityManagerService.updateOomAdjLocked:16914 com.android.server.am.ActivityManagerService.removeContentProvider:8593
E/SQLiteLog(13224): (1) no such table: mmsconfig
I/Babel (13224): MmsConfig: no mmsconfig table android.database.sqlite.SQLiteException: no such table: mmsconfig (code 1): , while compiling: SELECT key, value, type FROM mmsconfig WHERE numeric=?
I/Babel (13224): MmsConfig.loadFromResources
D/MessageCustFlag(13246): sense_version=5.5
D/BTAccessoryUtil(13246): createReceiver
E/Babel (13224): canonicalizeMccMnc: invalid mccmnc nullnull
W/Babel (13224): MmsConfig: invalid key=userAgent or type=string
W/Babel (13224): MmsConfig: invalid key=uaProfUrl or type=string
I/Babel (13224): MmsConfig.loadMmsSettings: mUserAgent=HTC_One/1.0, mUaProfUrl=http://www.htcmms.com.tw/Android/Common/PN0711/ua-profile.xml
D/MessageCustFlag(13246): sku_id=108
D/Process ( 714): killProcessQuiet, pid=11999
D/Process ( 714): com.android.server.am.ActivityManagerService.killUnneededProcessLocked:7501 com.android.server.am.ActivityManagerService.updateOomAdjLocked:16914 com.android.server.am.ActivityManagerService.updateOomAdjLocked:16758
D/MessageCustFlag(13246): sku_id=108
D/Messaging(13246): mNeedToUpdateDate2 start
D/TelephUtils( 1066): QUERY for [ com.android.mms ] tid: 78
D/AccFlag ( 1066): sku_id=108
D/AccFlag ( 1066): sku_id=108
D/AccFlag ( 1066): sku_id=108
D/MmsSmsV2Provider( 1066): URI_RAW_QUERY -- selection: SELECT count(1) FROM sms WHERE date2 = 0 , selectionArgs: null
D/ReportIndicatorCache(13246): startAsyncQueryReports ---
D/SettingsManager(13246): init() new MmsApp.getAppliction()com.android.mms.MmsApp@41a74bf0
D/MmsAsyncWorkHandler(13246):
D/MmsAsyncWorkHandler(13246): HM tk = 20001
D/ReportIndicatorCache(13246): MSG_QUERY_REPORTS >>
D/TelephUtils( 1066): QUERY for [ com.android.mms ] tid: 110
D/AccFlag ( 1066): sku_id=108
D/TelephUtils( 1066): QUERY for [ com.android.mms ] tid: 122
D/AccFlag ( 1066): sku_id=108
D/TelephUtils( 1066): QUERY for [ com.android.mms ] tid: 142
D/AccFlag ( 1066): sku_id=108
D/TelephUtils( 1066): QUERY for [ com.android.mms ] tid: 144
D/AccFlag ( 1066): sku_id=108
D/TelephUtils( 1066): QUERY for [ com.android.mms ] tid: 149
D/AccFlag ( 1066): sku_id=108
D/MmsAsyncWorkHandler(13246):
D/MmsAsyncWorkHandler(13246): HM tk = 20002
D/TelephUtils( 1066): QUERY for [ com.android.mms ] tid: 31
D/AccFlag ( 1066): sku_id=108
D/TelephUtils( 1066): QUERY for [ com.android.mms ] tid: 32
D/AccFlag ( 1066): sku_id=108
D/AccFlag ( 1066): sku_id=108
D/AccFlag ( 1066): sku_id=108
D/MmsSmsV2Provider( 1066): URI_RAW_QUERY -- selection: SELECT count(1) FROM pdu WHERE date2 = 0 , selectionArgs: null
D/Messaging(13246): mNeedToUpdateDate2: false
D/TelephUtils( 1066): QUERY for [ com.android.mms ] tid: 68
D/AccFlag ( 1066): sku_id=108
D/AccFlag ( 1066): sku_id=108
D/AccFlag ( 1066): sku_id=108
D/MmsSmsV2Provider( 1066): URI_RAW_QUERY -- selection: select count(1) from contact_threads where htc_category =1 or htc_category = 2 , selectionArgs: null
I/Messaging(13246): mccmnc> 28601
D/HtcTelephonyCapability(13246): traditional single GSM/CDMA/World-phone
D/HtcTelephonyCapability(13246): The project is not dual project , phone_feature_type_stand_by = 0
D/Messaging(13246): initSimOperatorData is null
D/HtcBuildUtils(13246): getRATByHtcTelephonyCapability:0
D/DraftCache(13246): [DraftCache/1] DraftCache.constructor
D/DraftCache(13246): [DraftCache/1] refresh
D/MmsConfig(13246): networkCode:
D/Messaging(13246): ViewCache CreatePreloadOnlyConversationList
D/PhoneStorageUtil(13246): HtcWrapEnvironment.getSupportedStorages() >1
D/PhoneStorageUtil(13246): HtcWrapEnvironment.hasRemovableStorageSlot()() >false
D/PhoneStorageUtil(13246): createReceiver
D/TelephUtils( 1066): UPDATE for [ com.android.mms ] tid: 84
V/MmsProvider( 1066): Update uri=content://mms, match=0
V/MmsProvider( 1066): selection=st=129 AND m_type!=134
D/TelephUtils( 1066): QUERY for [ com.android.mms ] tid: 110
D/AccFlag ( 1066): sku_id=108
D/Messaging(13246): Reset downloading state: 0
V/MmsSystemEventReceiver(13246): TransactionService is going to be woken up.
V/TransactionService(13246): 1-Creating TransactionService
V/TransactionService(13246): onStartCommand: 1
D/MmsSystemEventReceiver(13246): unRegisterForConnectionStateChanges
V/TransactionService(13246): 4-Handling incoming message: { when=-1ms what=2 arg1=1 target=com.android.mms.transaction.TransactionService$ServiceHandler }
V/TransactionService(13246): Loading previous transactions.
D/MessageCustFlag(13246): sense_version=5.5
D/TelephUtils( 1066): QUERY for [ com.android.mms ] tid: 143
D/AccFlag ( 1066): device_type: 1
D/TelephUtils( 1066): QUERY for [ com.android.mms ] tid: 149
D/AccFlag ( 1066): sku_id=108
D/AccFlag ( 1066): sku_id=108
D/AccFlag ( 1066): sku_id=108
D/MmsSmsV2Provider( 1066): URI_RAW_QUERY -- selection: select count(1) from blocklist , selectionArgs: null
D/TransactionService(13246): Force set service start id to 1
V/TransactionService(13246): stopSelfIfIdle: unRegisterForConnectionStateChanges
D/MmsSystemEventReceiver(13246): unRegisterForConnectionStateChanges
D/TransactionService(13246): stopSelfResult: true, mLastHandledServiceId: 1
V/TransactionService(13246): Destroying TransactionService
V/TransactionService(13246): 4-Handling incoming message: { when=-2ms what=100 target=com.android.mms.transaction.TransactionService$ServiceHandler }
D/Messaging(13246): mNeedCloseSecureBox: truemAlreadyQuerySecureMessage: true
D/DraftCache(13246): [DraftCache/41134] rebuildCache
D/TelephUtils( 1066): QUERY for [ com.android.mms ] tid: 31
D/Jerry ( 1066): URI_DRAFT
D/DraftCache(13246): hasDraft() = false mNeedNotifyChange = true
D/DraftCache(13246): [DraftCache/41134] rebuildCache time: 11
D/MessageCustFlag(13246): sense_version=5.5
D/Jerry (13246): start to preload cursor >>>>>>>
D/TelephUtils( 1066): QUERY for [ com.android.mms ] tid: 63
D/AccFlag ( 1066): sku_id=108
D/AccFlag ( 1066): sku_id=108
D/AccFlag ( 1066): sku_id=108
D/MessageUtils(13246): Duplicate cursor time: 35
D/Jerry (13246): end to preload cursor <<<<<
D/SmileyParser(13246): Construct, Context=com.android.mms.MmsApp@41a74bf0
D/SmileyParser(13246): Construct, mContext(sn.res)=android.app.ContextImpl@41b3fc90
D/SmileyParser(13246): mContext=android.app.ContextImpl@41b3fc90
D/SmileyParser(13246): res=android.content.res.Resources@41b3fe28, IME_SMILEY_RES_BMP=[Landroid.graphics.Bitmap;@41b406d0, HTC_SMILEY_RES_BMP=[Landroid.graphics.Bitmap;@41b40708
D/Messaging(13246): ViewCache CreatePreload
D/Jerry (13246): get AnimationManager instance
D/Messaging(13246): supportCMAS(SIE)/init? false/true
D/MmsConfig(13246): networkCode:
D/MmsConfig(13246): SIE smsPri: null
D/MmsConfig(13246): networkCode:
D/MessageCustFlag(13246): sku_id=108
D/MessageCustFlag(13246): sku_id=108
D/MessageCustFlag(13246): sku_id=108
D/MessageCustFlag(13246): sku_id=108
D/Messaging(13246): ViewCache CreatePreloadOnlyMultipleOpsList
D/Cust_MMSMS(13246): _has_set_default_values_2=true
D/MsgPreferenceUtils(13246): globalIndex = 2
D/MsgPreferenceUtils(13246): phone state: true
D/MsgPreferenceUtils(13246): sd state: false
W/ContextImpl(15919): Implicit intents with startService are not safe: Intent { act=com.viber.voip.action.VIBER_SERVICE } android.content.ContextWrapper.startService:501 com.viber.service.p.run:202 android.os.Handler.handleCallback:733
I/GAV4 (13224): Thread[GAThread,5,main]: No campaign data found.
W/MastheadClock( 1102): mDigitAnimMin.start
W/MastheadClock( 920): mDigitAnimMin.start
D/RingtoneManager( 714): getActualDefaultRingtoneUri(context, 2)
D/MediaProvider(24020): [isExternalPath] not external path
D/MediaPlayer(12771): setDataSource(FileDescriptor fd) out
D/MediaPlayer(12771): [DLNA]setDataSource(FileDescriptor fd) not use file descriptor directlly
I/MediaPlayer(12771): setLPAflag() in
D/MediaPlayer(12771): SystemProperties.get htc.audio.mirrorlink.status:
D/WirelessDisplayService( 714): getMirrorDisplayStatus:falsecurState:1
D/MediaPlayer(12771): set AwesomePlayer LPA flag to false +
D/MediaPlayer(12771): set AwesomePlayer LPA flag to false -
I/MediaPlayer(12771): setLPAflag() out
W/MediaPlayer(12771): info/warning (1, 902)
D/[MediaPluginDLNA](12771): [getIsRegionSupported] sRegionCode: 6
D/HtcDeviceInfoManager( 714): MediaReceiver.onReceive
D/MediaPlayer(12771): Mediaplayer receives message, message type: 200
D/WirelessDisplayService( 714): getMirrorDisplayStatus:falsecurState:1
D/[MediaPluginDLNA](12771): not in Mirror mode
D/MediaPlayer(12771): Mediaplayer receives message, message type: 5
D/MediaPlayer(12771): doStart() in
D/MediaPlayer(12771): Htc_getIntParameter = 902
V/HtcDeviceInfoManager( 714): act=1, pid=12771, type=1, hashCode=41c28f40
D/MediaPlayer(12771): Mediaplayer receives message, message type: 1
W/AudFlgTh( 266): Using by PID 12771, ProcessName:com.whatsapp
E/MediaPlayer(12771): Should have subtitle controller already set
D/MediaPlayer(12771): Mediaplayer receives message, message type: 6
E/AudioStreamOutALSA( 266): PCM_Write set_amp_mode,1
W/HtcAudFlgTh( 266): ThreadLoop_wrtie blocking by HAL 31832214ns, the mixerBufferTime is 10666666
E/AudioSink( 266): received unknown event type: 1 inside CallbackWrapper !
D/OnDemandProgressBar( 920): release indeterminate drawable android.widget.OnDemandProgressBar{4267c6f8 G.ED.... ......I. 0,0-0,0 #102000d android:id/progress}
D/OnDemandProgressBar( 920): new OnDemandProgressBar android.widget.OnDemandProgressBar{4267c6f8 G.ED.... ......I. 0,0-0,0 #102000d android:id/progress}
I/RemoteViews.Performance( 920): com.whatsapp 2 43 7 12
D/OnDemandProgressBar( 920): release indeterminate drawable android.widget.OnDemandProgressBar{41b079f0 G.ED.... ......I. 0,0-0,0 #102000d android:id/progress}
D/OnDemandProgressBar( 920): new OnDemandProgressBar android.widget.OnDemandProgressBar{41b079f0 G.ED.... ......I. 0,0-0,0 #102000d android:id/progress}
I/RemoteViews.Performance( 920): com.whatsapp 4 16 5 18
D/AppWidgetHostView( 1102): updateAppWidget mInfo = AppWidgetProviderInfo(provider=ComponentInfo{com.levelup.beautifulwidgets.free/com.levelup.beautifulwidgets.core.ui.widgets.clock.ClockWidget42})
I/RemoteViews.Performance( 1102): com.levelup.beautifulwidgets.free 1 12 74
D/MediaPlayer(12771): Mediaplayer receives message, message type: 7
D/MediaPlayer(12771): Mediaplayer receives message, message type: 2
D/MediaPlayer(12771): U58 Send PlaybackCompleteEvent
D/HtcDeviceInfoManager( 714): MediaReceiver.onReceive
V/HtcDeviceInfoManager( 714): act=2, pid=12771, type=1, hashCode=41c28f40
D/AutoSetting(16187): service - handleMessage() stop self
D/AutoSetting(16187): service - onDestroy() END
D/Process ( 714): killProcessQuiet, pid=24769
D/Process ( 714): com.android.server.am.ActivityManagerService.killUnneededProcessLocked:7501 com.android.server.am.ActivityManagerService.updateOomAdjLocked:16914 com.android.server.am.ActivityManagerService.updateOomAdjLocked:16758
D/AutoSetting(16187): service - handleMessage() quit looper
D/OnDemandProgressBar( 920): release indeterminate drawable android.widget.OnDemandProgressBar{41ef8300 G.ED.... ......I. 0,0-0,0 #102000d android:id/progress}
D/OnDemandProgressBar( 920): new OnDemandProgressBar android.widget.OnDemandProgressBar{41ef8300 G.ED.... ......I. 0,0-0,0 #102000d android:id/progress}
I/RemoteViews.Performance( 920): com.whatsapp 1 30 5 12
D/OnDemandProgressBar( 920): release indeterminate drawable android.widget.OnDemandProgressBar{42016528 G.ED.... ......I. 0,0-0,0 #102000d android:id/progress}
D/OnDemandProgressBar( 920): new OnDemandProgressBar android.widget.OnDemandProgressBar{42016528 G.ED.... ......I. 0,0-0,0 #102000d android:id/progress}
I/RemoteViews.Performance( 920): com.whatsapp 6 23 6 29
D/OnDemandProgressBar( 920): release indeterminate drawable android.widget.OnDemandProgressBar{42162458 G.ED.... ......I. 0,0-0,0 #102000d android:id/progress}
D/OnDemandProgressBar( 920): new OnDemandProgressBar android.widget.OnDemandProgressBar{42162458 G.ED.... ......I. 0,0-0,0 #102000d android:id/progress}
I/RemoteViews.Performance( 920): com.whatsapp 12 17 4 12
D/OnDemandProgressBar( 920): release indeterminate drawable android.widget.OnDemandProgressBar{421be470 G.ED.... ......I. 0,0-0,0 #102000d android:id/progress}
D/OnDemandProgressBar( 920): new OnDemandProgressBar android.widget.OnDemandProgressBar{421be470 G.ED.... ......I. 0,0-0,0 #102000d android:id/progress}
I/RemoteViews.Performance( 920): com.whatsapp 1 20 5 31
D/InputDispatcher( 714): ActualScreenOn=0
I/SensorManager( 714): registerListenerImpl: listener = com.android.server.power.DisplayPowerController$10@41c8f998, sensor = {Sensor name="CM36282 Light sensor", vendor="Capella Microsystems", version=1, type=5, maxRange=10240.0, resolution=1.0, power=0.15, minDelay=0}, delay = 1000000, handler = Handler (com.android.server.power.DisplayPowerController$DisplayControllerHandler) {41cb9668}
I/SensorManager( 714): registerListenerImpl: listener = com.android.internal.policy.impl.WindowOrientationListener$SensorEventListenerImpl@41aa5d18, sensor = {Sensor name="BOSCH BMA250 3-axis Accelerometer", vendor="BOSCH", version=1, type=1, maxRange=39.2266, resolution=0.038307227, power=0.1, minDelay=10000}, delay = 66667, handler = Handler (com.android.internal.policy.impl.PhoneWindowManager$PolicyHandler) {42404c00}
V/KeyguardServiceDelegate( 714): onScreenTurnedOn(showListener = com.android.internal.policy.impl.PhoneWindowManager$22@42e4c090)
D/InputDispatcher( 714): ActualScreenOn=0
D/WifiStateMachine( 714): fetchRssiAndLinkSpeedNative RSSI = -54 abnormalRssiCnt = 0 newLinkSpeed = 72
D/WifiStateMachine( 714): fetchRssiAndLinkSpeedNative mLinkspeedCount = 5, mLinkspeedSum: 360
D/WifiStateMachine( 714): fetchRssiAndLinkSpeedNative: Update RSSI:-46 and linkspeed:72 in database
D/WifiApDatabaseHandler( 714): updateConnectedAP...
I/wpa_supplicant( 4359): SET_SCREEN_ON:On
D/WirelessDisplayService( 714): ScreenReceiver;android.intent.action.SCREEN_ON,callOnGoing: false, Screen On: true
V/KeyguardServiceDelegate( 714): **** SHOWN CALLED ****
D/HtcPowerSaver( 714): updateBatteryInfo
D/UsbnetService( 714): BroadcastReceiver::onReceive+
D/UsbnetService( 714): onReceive BATTERY_CHANGED
D/UsbnetService( 714): --> pluggedType = 0, mPluggedType = 0, mScreenOff = false
D/UsbnetService( 714): BroadcastReceiver::onReceive-
D/HtcPowerSaver( 714): Checking...
I/HtcPowerSaver( 714): >> updateStatus
I/HtcPowerSaver( 714): updateStatus (8000,69,-1,false,false,false,-1)
I/HtcPowerSaver( 714): << updateStatus
D/SmartSyncUtils(12178): getMobilePolicyEnabled, result = true
I/RemoteViews.Performance( 920): com.google.android.gm 1 30 9 25
W/PropertyValuesHolder( 920): Method setMyDrawable() with type int not found on target class class android.widget.ImageView
E/qdexternal( 252): writeHPDOption: state file '/sys/devices/virtual/graphics/fb1/hpd' not found : ret-1 err str: Permission denied
D/SurfaceControl( 714): Excessive delay in unblankDisplay() while turning screen on: 194ms
D/NfcService( 1088): ScreenObserver: ON_LOCKED
I/RemoteViews.Performance( 920): com.cleanmaster.mguard 0 2 20
I/RemoteViews.Performance( 920): com.cleanmaster.mguard 0 15 8 20
I/RemoteViews.Performance( 920): com.cleanmaster.mguard 1 13 8 18
I/RemoteViews.Performance( 920): com.cleanmaster.mguard 0 48 4
D/PhoneStatusBar( 920): new rot = 0, old rot = 0, config = {0 1.0 286mcc1mnc tr_TR ldltr sw360dp w360dp h615dp 480dpi nrml long port finger -keyb/v/h -nav/h s.560 skin=default fontsize=3 hasNavBar=0}
I/RemoteViews.Performance( 920): com.google.android.gm 1 5 0 1
I/RemoteViews.Performance( 920): com.google.android.gm 0 2 0 1
I/RemoteViews.Performance( 920): com.google.android.gm 0 2 0 1
I/RemoteViews.Performance( 920): com.google.android.gm 1 1 0 1
I/RemoteViews.Performance( 920): com.google.android.gm 1 1 0 1
I/RemoteViews.Performance( 920): com.google.android.gm 3 2 0 1
I/RemoteViews.Performance( 920): com.google.android.gm 1 2 0 1
I/RemoteViews.Performance( 920): com.google.android.gm 1 1 0 1
W/Settings( 4610): Setting android_id has moved from android.provider.Settings.System to android.provider.Settings.Secure, returning read-only value.
I/RemoteViews.Performance( 920): com.google.android.gm 1 12 2 11
I/RemoteViews.Performance( 920): com.google.android.gm 1 6 1 10
I/RemoteViews.Performance( 920): com.google.android.gm 1 6 1 11
I/RemoteViews.Performance( 920): com.google.android.gm 2 6 1 10
I/RemoteViews.Performance( 920): com.google.android.gm 1 7 1 10
I/RemoteViews.Performance( 920): com.google.android.gm 1 6 1 10
I/RemoteViews.Performance( 920): com.google.android.gm 1 6 1 10
I/RemoteViews.Performance( 920): com.google.android.gm 2 7 1 11
I/ClockThread( 920): start update clock
I/ClockThread( 920): now=1405196353829 next=46171
D/PhoneStatusBar( 920): disable: < expand icons alerts ticker system_info back home* RECENT clock search > V/PanelView( 920): animationTick called with dtms=0; nothing to do (h=734.59937 v=4242.066)
D/PanelView( 920): receiverMode:false
V/PanelView( 920): animationTick called with dtms=-2; nothing to do (h=734.59937 v=4242.066)
D/HtcDeviceInfoManager( 714): MediaReceiver.onReceive
V/HtcDeviceInfoManager( 714): act=2, pid=12771, type=1, hashCode=41c28f40
D/MediaPlayer(12771): release() in
D/HtcDeviceInfoManager( 714): MediaReceiver.onReceive
V/HtcDeviceInfoManager( 714): act=2, pid=12771, type=1, hashCode=41c28f40
E/OMXNodeInstance( 266): OMX_FreeBuffer for buffer header 0xb8f68668 successful
E/OMXNodeInstance( 266): OMX_FreeBuffer for buffer header 0xb8f83810 successful
E/OMXNodeInstance( 266): OMX_FreeBuffer for buffer header 0xb8eb4d70 successful
E/OMXNodeInstance( 266): OMX_FreeBuffer for buffer header 0xb8e1a8f0 successful
E/OMXNodeInstance( 266): OMX_FreeBuffer for buffer header 0xb8f3b268 successful
E/OMXNodeInstance( 266): OMX_FreeBuffer for buffer header 0xb8dd5a20 successful
E/OMXNodeInstance( 266): OMX_FreeBuffer for buffer header 0xb8f84cc8 successful
E/OMXNodeInstance( 266): OMX_FreeBuffer for buffer header 0xb8ecf140 successful
D/MediaPlayer(12771): release() out
D/OnDemandProgressBar( 920): release indeterminate drawable android.widget.OnDemandProgressBar{42156b40 G.ED.... ......I. 0,0-0,0 #102000d android:id/progress}
D/OnDemandProgressBar( 920): new OnDemandProgressBar android.widget.OnDemandProgressBar{42156b40 G.ED.... ......I. 0,0-0,0 #102000d android:id/progress}
I/RemoteViews.Performance( 920): com.whatsapp 1 31 4 12
D/OnDemandProgressBar( 920): release indeterminate drawable android.widget.OnDemandProgressBar{41f5ce08 G.ED.... ......I. 0,0-0,0 #102000d android:id/progress}
D/OnDemandProgressBar( 920): new OnDemandProgressBar android.widget.OnDemandProgressBar{41f5ce08 G.ED.... ......I. 0,0-0,0 #102000d android:id/progress}
I/RemoteViews.Performance( 920): com.whatsapp 0 23 5 33
I/StatusBar( 920): notification.launch:PendingIntent{42096248: android.os.BinderProxy@4290f850}/INTENT_SENDER_ACTIVITY
I/Intent ( 714): @test_code: getHtcIntentFlag: 1 obj: 1119366448
D/InputManager( 714): Exception: Filter focused app name - java.lang.StringIndexOutOfBoundsException: length=58; regionStart=54; regionLength=-55
D/InputManager( 714): Exception: Filter focused app name - java.lang.StringIndexOutOfBoundsException: length=57; regionStart=53; regionLength=-54
I/Intent ( 920): @test_code: getHtcIntentFlag: 1 obj: 1109432824
D/KeyguardViewMediator( 920): keyguardDone(true, true)
W/AudFlgTh( 266): Using by PID 920, ProcessName:com.android.systemui
D/StatusBarManager( 920): disable=0x0 pid=920 pkg=com.android.keyguard thread=main token=android.os.Binder@41e963c0
I/FeedHostManager( 1102): [onResume]
I/FeedProviderManager( 1102): onResume
I/SocialFeedProvider( 1102): +onResume
I/SocialFeedProvider( 1102): updateAccounts - Accounts is no change
I/SocialFeedProvider( 1102): -onResume
I/FeedPager( 1102): [updatePages] total: 30, current: 1, map: 3, add: 0, reload: 3
I/FeedHostManager( 1102): [onPause]
I/FeedProviderManager( 1102): onPause
I/SocialFeedProvider( 1102): +onPause
I/SocialFeedProvider( 1102): -onPause
D/PhoneStatusBar( 920): disable: < expand icons alerts ticker system_info back home recent* clock search > D/AutoSetting(16187): receiver - intent: android.intent.action.USER_PRESENT
E/AudioStreamOutALSA( 266): PCM_Write set_amp_mode,1
D/TetherSettings(12663): CustomizedNS:true CustomizedML:false CustomizedSPCSC:false CustomizedIPT:true CustomizedSingleUSBfalse
D/ (12663): Cust_ConnectToPC : Internet_Sharing>true
D/ (12663): Cust_ConnectToPC : Modem_Link>false
D/ (12663): Cust_ConnectToPC : spcsc>false
D/ (12663): Cust_ConnectToPC : IPT>true
D/ (12663): Cust_ConnectToPC : Singel_USB>false
W/Settings(12663): Setting tethering_blocked has moved from android.provider.Settings.Secure to android.provider.Settings.Global.
D/SmartNS_Utility(12663): [ACC]Settings-Wireless_+_network-USB_tethering_:usb_storage_notification=false
D/SmartNS_NSReceiver(12663): onReceive : android.intent.action.USER_PRESENT hasTethered:false isNSOpening:false
D/WirelessDisplayService( 714): ScreenReceiver;android.intent.action.USER_PRESENT,callOnGoing: false, Screen On: true
D/WirelessDisplayService( 714): ScreenReceiver: ACTION_USER_PRESENT: REQ_JOIN_GROUP - TRUE
D/WirelessDisplayService( 714): ScreenReceiver:ACTION_USER_PRESENT: curState1 condState:0
D/AutoSetting(16187): service - onCreate()
W/HtcAudFlgTh( 266): ThreadLoop_wrtie blocking by HAL 38088899ns, the mixerBufferTime is 10666666
I/PSReceiver(12663): onReceive:android.intent.action.USER_PRESENT
I/SmartNS_PSService(12663): onReceive:android.intent.action.USER_PRESENT
W/Settings(12663): Setting tethering_blocked has moved from android.provider.Settings.Secure to android.provider.Settings.Global.
I/SmartNS_PSService(12663): defaultType:0
I/STDJS ( 4610): N: 40629648
D/AutoSetting(16187): service - onStartCommand() action: com.htc.app.autosetting.delayrequest
