I/Unity (14953): at UnityEngine.AndroidJavaObject.CallStatic[AndroidJavaObject] (System.String methodName, System.Object[] args) [0x00000] in :0
I/Unity (14953): at UnityEngine.AndroidJavaObject.FindClass (System.String name) [0x00000] in :0
I/Unity (14953): at UnityEngine.AndroidJavaObject._AndroidJavaObject (System.String className, System.Object[] args) [0x00000] in :0
I/Unity (14953): at UnityEngine.AndroidJavaObject..ctor (System.String className, System.Object[] args) [0x00000] in :0
I/Unity (14953): at GoogleMobileAds.Android.Utils.Get
D/PMS ( 714): acquireWL(435bb4d8): PARTIAL_WAKE_LOCK AlarmManager 0x1 714 1000
V/AlarmManager( 714): sending alarm PendingIntent{43abaab0: PendingIntentRecord{426cf298 com.domobile.applock startService}}, i=null, t=3, cnt=1, w=1668069828, Int=300
D/PMS ( 714): releaseWL(435bb4d8): PARTIAL_WAKE_LOCK AlarmManager 0x1
D/PMS ( 714): acquireWL(43413bd0): PARTIAL_WAKE_LOCK AlarmManager 0x1 714 1000
V/AlarmManager( 714): sending alarm PendingIntent{43abaab0: PendingIntentRecord{426cf298 com.domobile.applock startService}}, i=null, t=3, cnt=1, w=1668070128, Int=300
D/PMS ( 714): releaseWL(43413bd0): PARTIAL_WAKE_LOCK AlarmManager 0x1
D/PMS ( 714): acquireWL(4334dee8): PARTIAL_WAKE_LOCK AlarmManager 0x1 714 1000
V/AlarmManager( 714): sending alarm PendingIntent{43abaab0: PendingIntentRecord{426cf298 com.domobile.applock startService}}, i=null, t=3, cnt=1, w=1668070428, Int=300
D/PMS ( 714): releaseWL(4334dee8): PARTIAL_WAKE_LOCK AlarmManager 0x1
D/WifiStateMachine( 714): fetchRssiAndLinkSpeedNative RSSI = -54 abnormalRssiCnt = 0 newLinkSpeed = 58
D/WifiStateMachine( 714): fetchRssiAndLinkSpeedNative mLinkspeedCount = 5, mLinkspeedSum: 318
D/WifiStateMachine( 714): fetchRssiAndLinkSpeedNative: Update RSSI:-60 and linkspeed:63 in database
D/WifiApDatabaseHandler( 714): updateConnectedAP...
D/PMS ( 714): acquireWL(432bf780): PARTIAL_WAKE_LOCK AlarmManager 0x1 714 1000
V/AlarmManager( 714): sending alarm PendingIntent{43abaab0: PendingIntentRecord{426cf298 com.domobile.applock startService}}, i=null, t=3, cnt=1, w=1668070728, Int=300
D/PMS ( 714): releaseWL(432bf780): PARTIAL_WAKE_LOCK AlarmManager 0x1
D/TelephonyRegistry( 714): This is not dual project
D/TelephonyCallback( 920): SignalStrength: 5
D/SIGNAL_ICON( 920): level=5/5
D/StatusBar.NetworkController( 920): dumpIcon[(gone) stat_sys_5signal_5|null stat_sys_wifi_signal_4 (gone) F]
W/HtcAudFlgTh( 266): ThreadLoop_wrtie blocking by HAL 33725012ns, the mixerBufferTime is 10666666
D/PMS ( 714): acquireWL(43285cc8): PARTIAL_WAKE_LOCK AlarmManager 0x1 714 1000
V/AlarmManager( 714): sending alarm PendingIntent{43abaab0: PendingIntentRecord{426cf298 com.domobile.applock startService}}, i=null, t=3, cnt=1, w=1668071028, Int=300
D/PMS ( 714): releaseWL(43285cc8): PARTIAL_WAKE_LOCK AlarmManager 0x1
D/PMS ( 714): acquireWL(432377b0): PARTIAL_WAKE_LOCK AlarmManager 0x1 714 1000
V/AlarmManager( 714): sending alarm PendingIntent{43abaab0: PendingIntentRecord{426cf298 com.domobile.applock startService}}, i=null, t=3, cnt=1, w=1668071328, Int=300
D/PMS ( 714): releaseWL(432377b0): PARTIAL_WAKE_LOCK AlarmManager 0x1
D/PMS ( 714): acquireWL(4316bf08): PARTIAL_WAKE_LOCK AlarmManager 0x1 714 1000
V/AlarmManager( 714): sending alarm PendingIntent{43abaab0: PendingIntentRecord{426cf298 com.domobile.applock startService}}, i=null, t=3, cnt=1, w=1668071628, Int=300
D/PMS ( 714): releaseWL(4316bf08): PARTIAL_WAKE_LOCK AlarmManager 0x1
I/MergeContactReceiver(14612): processMerge E
D/PMS ( 714): acquireWL(43155378): PARTIAL_WAKE_LOCK AlarmManager 0x1 714 1000
V/AlarmManager( 714): sending alarm PendingIntent{43abaab0: PendingIntentRecord{426cf298 com.domobile.applock startService}}, i=null, t=3, cnt=1, w=1668071928, Int=300
D/PMS ( 714): releaseWL(43155378): PARTIAL_WAKE_LOCK AlarmManager 0x1
D/PMS ( 714): acquireWL(43136a38): PARTIAL_WAKE_LOCK AlarmManager 0x1 714 1000
V/AlarmManager( 714): sending alarm PendingIntent{43abaab0: PendingIntentRecord{426cf298 com.domobile.applock startService}}, i=null, t=3, cnt=1, w=1668072228, Int=300
D/PMS ( 714): releaseWL(43136a38): PARTIAL_WAKE_LOCK AlarmManager 0x1
I/MergeContactReceiver(14612): Contact query suggestion complete: 685
I/MergeContactReceiver(14612): processMerge X
D/LinkUtils(14612): nofityFoundSuggest!188
D/PeopleYouKnow(14612): receive intent(internal):Intent { act=com.htc.intent.action.FIND_CONTACT_SUGGESTION flg=0x10 cmp=com.htc.contacts/.peopleyouknow.PeopleYouKnowInternalReceiver (has extras) }
D/PMS ( 714): acquireWL(430f6658): PARTIAL_WAKE_LOCK AlarmManager 0x1 714 1000
V/AlarmManager( 714): sending alarm PendingIntent{43abaab0: PendingIntentRecord{426cf298 com.domobile.applock startService}}, i=null, t=3, cnt=1, w=1668072528, Int=300
D/PMS ( 714): releaseWL(430f6658): PARTIAL_WAKE_LOCK AlarmManager 0x1
D/PMS ( 714): acquireWL(42f4e498): PARTIAL_WAKE_LOCK AlarmManager 0x1 714 1000
V/AlarmManager( 714): sending alarm PendingIntent{43abaab0: PendingIntentRecord{426cf298 com.domobile.applock startService}}, i=null, t=3, cnt=1, w=1668072828, Int=300
D/PMS ( 714): releaseWL(42f4e498): PARTIAL_WAKE_LOCK AlarmManager 0x1
I/Unity (14953): NullReferenceException: Object reference not set to an instance of an object
I/Unity (14953): at Reklam.OnGUI () [0x00000] in :0
I/Unity (14953):
I/Unity (14953): (Filename: Line: -1)
I/Unity (14953):
D/AutoSetting(16187): service - mRequestRunnable: screen on delay 10s, request NLP now
D/AutoSetting(16187): service - requestNLP() to last request within 2hrs, don't request 2925787
D/PMS ( 714): acquireWL(42e04378): PARTIAL_WAKE_LOCK AlarmManager 0x1 714 1000
V/AlarmManager( 714): sending alarm PendingIntent{43abaab0: PendingIntentRecord{426cf298 com.domobile.applock startService}}, i=null, t=3, cnt=1, w=1668073128, Int=300
D/PMS ( 714): releaseWL(42e04378): PARTIAL_WAKE_LOCK AlarmManager 0x1
D/PMS ( 714): acquireWL(42daf2b0): PARTIAL_WAKE_LOCK AlarmManager 0x1 714 1000
V/AlarmManager( 714): sending alarm PendingIntent{43abaab0: PendingIntentRecord{426cf298 com.domobile.applock startService}}, i=null, t=3, cnt=1, w=1668073428, Int=300
D/PMS ( 714): releaseWL(42daf2b0): PARTIAL_WAKE_LOCK AlarmManager 0x1
I/wpa_supplicant( 4359): Change stage from stage3 to stage0
D/WifiStateMachine( 714): fetchRssiAndLinkSpeedNative RSSI = -51 abnormalRssiCnt = 0 newLinkSpeed = 58
D/WifiStateMachine( 714): fetchRssiAndLinkSpeedNative mLinkspeedCount = 1, mLinkspeedSum: 58
D/PMS ( 714): acquireWL(42da29a0): PARTIAL_WAKE_LOCK AlarmManager 0x1 714 1000
V/AlarmManager( 714): sending alarm PendingIntent{43abaab0: PendingIntentRecord{426cf298 com.domobile.applock startService}}, i=null, t=3, cnt=1, w=1668073728, Int=300
D/PMS ( 714): releaseWL(42da29a0): PARTIAL_WAKE_LOCK AlarmManager 0x1
D/PMS ( 714): acquireWL(42d4bf00): PARTIAL_WAKE_LOCK AlarmManager 0x1 714 1000
V/AlarmManager( 714): sending alarm PendingIntent{43abaab0: PendingIntentRecord{426cf298 com.domobile.applock startService}}, i=null, t=3, cnt=1, w=1668074028, Int=300
D/PMS ( 714): releaseWL(42d4bf00): PARTIAL_WAKE_LOCK AlarmManager 0x1
D/PMS ( 714): acquireWL(42d347f8): PARTIAL_WAKE_LOCK AlarmManager 0x1 714 1000
V/AlarmManager( 714): sending alarm PendingIntent{43abaab0: PendingIntentRecord{426cf298 com.domobile.applock startService}}, i=null, t=3, cnt=1, w=1668074328, Int=300
D/PMS ( 714): releaseWL(42d347f8): PARTIAL_WAKE_LOCK AlarmManager 0x1
D/PMS ( 714): acquireWL(42d046b8): PARTIAL_WAKE_LOCK AlarmManager 0x1 714 1000
V/AlarmManager( 714): sending alarm PendingIntent{43abaab0: PendingIntentRecord{426cf298 com.domobile.applock startService}}, i=null, t=3, cnt=1, w=1668074628, Int=300
D/PMS ( 714): releaseWL(42d046b8): PARTIAL_WAKE_LOCK AlarmManager 0x1
D/PMS ( 714): acquireWL(42c584b0): PARTIAL_WAKE_LOCK AlarmManager 0x1 714 1000
V/AlarmManager( 714): sending alarm PendingIntent{43abaab0: PendingIntentRecord{426cf298 com.domobile.applock startService}}, i=null, t=3, cnt=1, w=1668074928, Int=300
D/PMS ( 714): releaseWL(42c584b0): PARTIAL_WAKE_LOCK AlarmManager 0x1
D/PMS ( 714): acquireWL(42c20bc0): PARTIAL_WAKE_LOCK AlarmManager 0x1 714 1000
V/AlarmManager( 714): sending alarm PendingIntent{43abaab0: PendingIntentRecord{426cf298 com.domobile.applock startService}}, i=null, t=3, cnt=1, w=1668075228, Int=300
D/PMS ( 714): releaseWL(42c20bc0): PARTIAL_WAKE_LOCK AlarmManager 0x1
D/PMS ( 714): acquireWL(42c067f0): PARTIAL_WAKE_LOCK AlarmManager 0x1 714 1000
V/AlarmManager( 714): sending alarm PendingIntent{43abaab0: PendingIntentRecord{426cf298 com.domobile.applock startService}}, i=null, t=3, cnt=1, w=1668075528, Int=300
D/PMS ( 714): releaseWL(42c067f0): PARTIAL_WAKE_LOCK AlarmManager 0x1
D/PMS ( 714): acquireWL(42bdbec0): PARTIAL_WAKE_LOCK AlarmManager 0x1 714 1000
V/AlarmManager( 714): sending alarm PendingIntent{43abaab0: PendingIntentRecord{426cf298 com.domobile.applock startService}}, i=null, t=3, cnt=1, w=1668075828, Int=300
D/PMS ( 714): releaseWL(42bdbec0): PARTIAL_WAKE_LOCK AlarmManager 0x1
D/PMS ( 714): acquireWL(42bab540): PARTIAL_WAKE_LOCK AlarmManager 0x1 714 1000
V/AlarmManager( 714): sending alarm PendingIntent{43abaab0: PendingIntentRecord{426cf298 com.domobile.applock startService}}, i=null, t=3, cnt=1, w=1668076128, Int=300
D/PMS ( 714): releaseWL(42bab540): PARTIAL_WAKE_LOCK AlarmManager 0x1
D/PMS ( 714): acquireWL(42b97bd8): PARTIAL_WAKE_LOCK AlarmManager 0x1 714 1000
V/AlarmManager( 714): sending alarm PendingIntent{43abaab0: PendingIntentRecord{426cf298 com.domobile.applock startService}}, i=null, t=3, cnt=1, w=1668076428, Int=300
D/PMS ( 714): releaseWL(42b97bd8): PARTIAL_WAKE_LOCK AlarmManager 0x1
D/WifiStateMachine( 714): fetchRssiAndLinkSpeedNative RSSI = -49 abnormalRssiCnt = 0 newLinkSpeed = 58
D/WifiStateMachine( 714): fetchRssiAndLinkSpeedNative mLinkspeedCount = 2, mLinkspeedSum: 116
D/PMS ( 714): acquireWL(42b853f8): PARTIAL_WAKE_LOCK AlarmManager 0x1 714 1000
V/AlarmManager( 714): sending alarm PendingIntent{43abaab0: PendingIntentRecord{426cf298 com.domobile.applock startService}}, i=null, t=3, cnt=1, w=1668076728, Int=300
D/PMS ( 714): releaseWL(42b853f8): PARTIAL_WAKE_LOCK AlarmManager 0x1
I/RemoteViews.Performance( 920): com.cleanmaster.mguard 0 2 20
I/RemoteViews.Performance( 920): com.cleanmaster.mguard 0 39 13 20
I/RemoteViews.Performance( 920): com.cleanmaster.mguard 1 11 7 18
I/RemoteViews.Performance( 920): com.cleanmaster.mguard 3 74 4
D/PMS ( 714): acquireWL(42ae4638): PARTIAL_WAKE_LOCK AlarmManager 0x1 714 1000
V/AlarmManager( 714): sending alarm PendingIntent{43abaab0: PendingIntentRecord{426cf298 com.domobile.applock startService}}, i=null, t=3, cnt=1, w=1668077028, Int=300
D/PMS ( 714): releaseWL(42ae4638): PARTIAL_WAKE_LOCK AlarmManager 0x1
D/TelephonyRegistry( 714): This is not dual project
D/TelephonyCallback( 920): SignalStrength: 5
D/SIGNAL_ICON( 920): level=5/5
D/StatusBar.NetworkController( 920): dumpIcon[(gone) stat_sys_5signal_5|null stat_sys_wifi_signal_4 (gone) F]
D/PMS ( 714): acquireWL(42ac2828): PARTIAL_WAKE_LOCK AlarmManager 0x1 714 1000
V/AlarmManager( 714): sending alarm PendingIntent{43abaab0: PendingIntentRecord{426cf298 com.domobile.applock startService}}, i=null, t=3, cnt=1, w=1668077328, Int=300
D/PMS ( 714): releaseWL(42ac2828): PARTIAL_WAKE_LOCK AlarmManager 0x1
I/Unity (14953): NullReferenceException: Object reference not set to an instance of an object
I/Unity (14953): at Reklam.OnGUI () [0x00000] in :0
I/Unity (14953):
I/Unity (14953): (Filename: Line: -1)
I/Unity (14953):
D/PMS ( 714): acquireWL(42a6a0c0): PARTIAL_WAKE_LOCK AlarmManager 0x1 714 1000
V/AlarmManager( 714): sending alarm PendingIntent{43abaab0: PendingIntentRecord{426cf298 com.domobile.applock startService}}, i=null, t=3, cnt=1, w=1668077628, Int=300
D/PMS ( 714): releaseWL(42a6a0c0): PARTIAL_WAKE_LOCK AlarmManager 0x1
I/ActivityManager( 714): Waited long enough for: ServiceRecord{4362ec48 u0 com.htc.htclocationservice/.AutoSettingService}
D/PMS ( 714): acquireWL(42a01748): PARTIAL_WAKE_LOCK AlarmManager 0x1 714 1000
V/AlarmManager( 714): sending alarm PendingIntent{43abaab0: PendingIntentRecord{426cf298 com.domobile.applock startService}}, i=null, t=3, cnt=1, w=1668077928, Int=300
D/PMS ( 714): releaseWL(42a01748): PARTIAL_WAKE_LOCK AlarmManager 0x1
D/PMS ( 714): acquireWL(429e7720): PARTIAL_WAKE_LOCK AlarmManager 0x1 714 1000
V/AlarmManager( 714): sending alarm PendingIntent{43abaab0: PendingIntentRecord{426cf298 com.domobile.applock startService}}, i=null, t=3, cnt=1, w=1668078228, Int=300
D/PMS ( 714): releaseWL(429e7720): PARTIAL_WAKE_LOCK AlarmManager 0x1
I/Unity (14953): NullReferenceException: Object reference not set to an instance of an object
I/Unity (14953): at Reklam.OnGUI () [0x00000] in :0
I/Unity (14953):
I/Unity (14953): (Filename: Line: -1)
I/Unity (14953):
D/PMS ( 714): acquireWL(429da5c0): PARTIAL_WAKE_LOCK AlarmManager 0x1 714 1000
V/AlarmManager( 714): sending alarm PendingIntent{43abaab0: PendingIntentRecord{426cf298 com.domobile.applock startService}}, i=null, t=3, cnt=1, w=1668078528, Int=300
D/PMS ( 714): releaseWL(429da5c0): PARTIAL_WAKE_LOCK AlarmManager 0x1
D/PMS ( 714): acquireWL(4299d5f0): PARTIAL_WAKE_LOCK AlarmManager 0x1 714 1000
V/AlarmManager( 714): sending alarm PendingIntent{43abaab0: PendingIntentRecord{426cf298 com.domobile.applock startService}}, i=null, t=3, cnt=1, w=1668078828, Int=300
D/PMS ( 714): releaseWL(4299d5f0): PARTIAL_WAKE_LOCK AlarmManager 0x1
D/PMS ( 714): acquireWL(42995460): PARTIAL_WAKE_LOCK AlarmManager 0x1 714 1000
V/AlarmManager( 714): sending alarm PendingIntent{43abaab0: PendingIntentRecord{426cf298 com.domobile.applock startService}}, i=null, t=3, cnt=1, w=1668079128, Int=300
D/PMS ( 714): releaseWL(42995460): PARTIAL_WAKE_LOCK AlarmManager 0x1
D/PMS ( 714): acquireWL(42986af0): PARTIAL_WAKE_LOCK AlarmManager 0x1 714 1000
V/AlarmManager( 714): sending alarm PendingIntent{43abaab0: PendingIntentRecord{426cf298 com.domobile.applock startService}}, i=null, t=3, cnt=1, w=1668079428, Int=300
D/PMS ( 714): releaseWL(42986af0): PARTIAL_WAKE_LOCK AlarmManager 0x1
D/WifiStateMachine( 714): fetchRssiAndLinkSpeedNative RSSI = -50 abnormalRssiCnt = 0 newLinkSpeed = 58
D/WifiStateMachine( 714): fetchRssiAndLinkSpeedNative mLinkspeedCount = 3, mLinkspeedSum: 174
D/PMS ( 714): acquireWL(429729e0): PARTIAL_WAKE_LOCK AlarmManager 0x1 714 1000
V/AlarmManager( 714): sending alarm PendingIntent{43abaab0: PendingIntentRecord{426cf298 com.domobile.applock startService}}, i=null, t=3, cnt=1, w=1668079728, Int=300
D/PMS ( 714): releaseWL(429729e0): PARTIAL_WAKE_LOCK AlarmManager 0x1
D/PMS ( 714): acquireWL(429588d0): PARTIAL_WAKE_LOCK AlarmManager 0x1 714 1000
V/AlarmManager( 714): sending alarm PendingIntent{43abaab0: PendingIntentRecord{426cf298 com.domobile.applock startService}}, i=null, t=3, cnt=1, w=1668080028, Int=300
D/PMS ( 714): releaseWL(429588d0): PARTIAL_WAKE_LOCK AlarmManager 0x1
D/TelephonyRegistry( 714): This is not dual project
D/TelephonyCallback( 920): SignalStrength: 5
D/SIGNAL_ICON( 920): level=5/5
D/StatusBar.NetworkController( 920): dumpIcon[(gone) stat_sys_5signal_5|null stat_sys_wifi_signal_4 (gone) F]
D/PMS ( 714): acquireWL(42941ca8): PARTIAL_WAKE_LOCK AlarmManager 0x1 714 1000
V/AlarmManager( 714): sending alarm PendingIntent{43abaab0: PendingIntentRecord{426cf298 com.domobile.applock startService}}, i=null, t=3, cnt=1, w=1668080328, Int=300
D/PMS ( 714): releaseWL(42941ca8): PARTIAL_WAKE_LOCK AlarmManager 0x1
D/PMS ( 714): acquireWL(42913940): PARTIAL_WAKE_LOCK AlarmManager 0x1 714 1000
V/AlarmManager( 714): sending alarm PendingIntent{43abaab0: PendingIntentRecord{426cf298 com.domobile.applock startService}}, i=null, t=3, cnt=1, w=1668080628, Int=300
D/PMS ( 714): releaseWL(42913940): PARTIAL_WAKE_LOCK AlarmManager 0x1
D/PMS ( 714): acquireWL(428fd930): PARTIAL_WAKE_LOCK AlarmManager 0x1 714 1000
V/AlarmManager( 714): sending alarm PendingIntent{43abaab0: PendingIntentRecord{426cf298 com.domobile.applock startService}}, i=null, t=3, cnt=1, w=1668080928, Int=300
D/PMS ( 714): releaseWL(428fd930): PARTIAL_WAKE_LOCK AlarmManager 0x1
D/PMS ( 714): acquireWL(428dc5c8): PARTIAL_WAKE_LOCK AlarmManager 0x1 714 1000
V/AlarmManager( 714): sending alarm PendingIntent{43abaab0: PendingIntentRecord{426cf298 com.domobile.applock startService}}, i=null, t=3, cnt=1, w=1668081228, Int=300
D/PMS ( 714): releaseWL(428dc5c8): PARTIAL_WAKE_LOCK AlarmManager 0x1
D/PMS ( 714): acquireWL(428d3938): PARTIAL_WAKE_LOCK AlarmManager 0x1 714 1000
V/AlarmManager( 714): sending alarm PendingIntent{43abaab0: PendingIntentRecord{426cf298 com.domobile.applock startService}}, i=null, t=3, cnt=1, w=1668081528, Int=300
D/PMS ( 714): releaseWL(428d3938): PARTIAL_WAKE_LOCK AlarmManager 0x1
D/PMS ( 714): acquireWL(4289bda0): PARTIAL_WAKE_LOCK AlarmManager 0x1 714 1000
V/AlarmManager( 714): sending alarm PendingIntent{43abaab0: PendingIntentRecord{426cf298 com.domobile.applock startService}}, i=null, t=3, cnt=1, w=1668081828, Int=300
D/PMS ( 714): releaseWL(4289bda0): PARTIAL_WAKE_LOCK AlarmManager 0x1
D/PMS ( 714): acquireWL(4287db88): PARTIAL_WAKE_LOCK AlarmManager 0x1 714 1000
V/AlarmManager( 714): sending alarm PendingIntent{43abaab0: PendingIntentRecord{426cf298 com.domobile.applock startService}}, i=null, t=3, cnt=1, w=1668082128, Int=300
D/PMS ( 714): releaseWL(4287db88): PARTIAL_WAKE_LOCK AlarmManager 0x1
D/PMS ( 714): acquireWL(4285d4a8): PARTIAL_WAKE_LOCK AlarmManager 0x1 714 1000
V/AlarmManager( 714): sending alarm PendingIntent{43abaab0: PendingIntentRecord{426cf298 com.domobile.applock startService}}, i=null, t=3, cnt=1, w=1668082428, Int=300
D/PMS ( 714): releaseWL(4285d4a8): PARTIAL_WAKE_LOCK AlarmManager 0x1
D/WifiStateMachine( 714): fetchRssiAndLinkSpeedNative RSSI = -53 abnormalRssiCnt = 0 newLinkSpeed = 58
D/WifiStateMachine( 714): fetchRssiAndLinkSpeedNative mLinkspeedCount = 4, mLinkspeedSum: 232
D/PMS ( 714): acquireWL(428283c8): PARTIAL_WAKE_LOCK AlarmManager 0x1 714 1000
V/AlarmManager( 714): sending alarm PendingIntent{43abaab0: PendingIntentRecord{426cf298 com.domobile.applock startService}}, i=null, t=3, cnt=1, w=1668082728, Int=300
D/PMS ( 714): releaseWL(428283c8): PARTIAL_WAKE_LOCK AlarmManager 0x1
D/PMS ( 714): acquireWL(427f9ab0): PARTIAL_WAKE_LOCK AlarmManager 0x1 714 1000
V/AlarmManager( 714): sending alarm PendingIntent{43abaab0: PendingIntentRecord{426cf298 com.domobile.applock startService}}, i=null, t=3, cnt=1, w=1668083028, Int=300
D/PMS ( 714): releaseWL(427f9ab0): PARTIAL_WAKE_LOCK AlarmManager 0x1
D/PMS ( 714): acquireWL(427f5ce8): PARTIAL_WAKE_LOCK AlarmManager 0x1 714 1000
V/AlarmManager( 714): sending alarm PendingIntent{43abaab0: PendingIntentRecord{426cf298 com.domobile.applock startService}}, i=null, t=3, cnt=1, w=1668083328, Int=300
D/PMS ( 714): releaseWL(427f5ce8): PARTIAL_WAKE_LOCK AlarmManager 0x1
D/PMS ( 714): acquireWL(427ca910): PARTIAL_WAKE_LOCK AlarmManager 0x1 714 1000
V/AlarmManager( 714): sending alarm PendingIntent{43abaab0: PendingIntentRecord{426cf298 com.domobile.applock startService}}, i=null, t=3, cnt=1, w=1668083628, Int=300
D/PMS ( 714): releaseWL(427ca910): PARTIAL_WAKE_LOCK AlarmManager 0x1
D/PMS ( 714): acquireWL(42788f20): PARTIAL_WAKE_LOCK AlarmManager 0x1 714 1000
V/AlarmManager( 714): sending alarm PendingIntent{43abaab0: PendingIntentRecord{426cf298 com.domobile.applock startService}}, i=null, t=3, cnt=1, w=1668083928, Int=300
D/PMS ( 714): releaseWL(42788f20): PARTIAL_WAKE_LOCK AlarmManager 0x1
D/PMS ( 714): acquireWL(4275df30): PARTIAL_WAKE_LOCK AlarmManager 0x1 714 1000
V/AlarmManager( 714): sending alarm PendingIntent{43abaab0: PendingIntentRecord{426cf298 com.domobile.applock startService}}, i=null, t=3, cnt=1, w=1668084228, Int=300
D/PMS ( 714): releaseWL(4275df30): PARTIAL_WAKE_LOCK AlarmManager 0x1
D/TelephonyCallback( 920): SignalStrength: 5
D/SIGNAL_ICON( 920): level=5/5
D/TelephonyRegistry( 714): This is not dual project
D/StatusBar.NetworkController( 920): dumpIcon[(gone) stat_sys_5signal_5|null stat_sys_wifi_signal_4 (gone) F]
D/PMS ( 714): acquireWL(426e3640): PARTIAL_WAKE_LOCK AlarmManager 0x1 714 1000
V/AlarmManager( 714): sending alarm PendingIntent{43abaab0: PendingIntentRecord{426cf298 com.domobile.applock startService}}, i=null, t=3, cnt=1, w=1668084528, Int=300
D/PMS ( 714): releaseWL(426e3640): PARTIAL_WAKE_LOCK AlarmManager 0x1
D/PMS ( 714): acquireWL(426a3720): PARTIAL_WAKE_LOCK AlarmManager 0x1 714 1000
V/AlarmManager( 714): sending alarm PendingIntent{43abaab0: PendingIntentRecord{426cf298 com.domobile.applock startService}}, i=null, t=3, cnt=1, w=1668084828, Int=300
D/PMS ( 714): releaseWL(426a3720): PARTIAL_WAKE_LOCK AlarmManager 0x1
D/PMS ( 714): acquireWL(4269ba10): PARTIAL_WAKE_LOCK AlarmManager 0x1 714 1000
V/AlarmManager( 714): sending alarm PendingIntent{43abaab0: PendingIntentRecord{426cf298 com.domobile.applock startService}}, i=null, t=3, cnt=1, w=1668085128, Int=300
D/PMS ( 714): releaseWL(4269ba10): PARTIAL_WAKE_LOCK AlarmManager 0x1
D/PMS ( 714): acquireWL(42670b48): PARTIAL_WAKE_LOCK AlarmManager 0x1 714 1000
V/AlarmManager( 714): sending alarm PendingIntent{43abaab0: PendingIntentRecord{426cf298 com.domobile.applock startService}}, i=null, t=3, cnt=1, w=1668085428, Int=300
D/PMS ( 714): releaseWL(42670b48): PARTIAL_WAKE_LOCK AlarmManager 0x1
D/PMS ( 714): acquireWL(42645f20): PARTIAL_WAKE_LOCK AlarmManager 0x1 714 1000
V/AlarmManager( 714): sending alarm PendingIntent{43abaab0: PendingIntentRecord{426cf298 com.domobile.applock startService}}, i=null, t=3, cnt=1, w=1668085728, Int=300
D/PMS ( 714): releaseWL(42645f20): PARTIAL_WAKE_LOCK AlarmManager 0x1
D/WifiStateMachine( 714): fetchRssiAndLinkSpeedNative RSSI = -55 abnormalRssiCnt = 0 newLinkSpeed = 58
D/WifiStateMachine( 714): fetchRssiAndLinkSpeedNative mLinkspeedCount = 5, mLinkspeedSum: 290
D/WifiStateMachine( 714): fetchRssiAndLinkSpeedNative: Update RSSI:-51 and linkspeed:58 in database
D/WifiApDatabaseHandler( 714): updateConnectedAP...
D/PMS ( 714): acquireWL(425fa170): PARTIAL_WAKE_LOCK AlarmManager 0x1 714 1000
V/AlarmManager( 714): sending alarm PendingIntent{43abaab0: PendingIntentRecord{426cf298 com.domobile.applock startService}}, i=null, t=3, cnt=1, w=1668086028, Int=300
D/PMS ( 714): releaseWL(425fa170): PARTIAL_WAKE_LOCK AlarmManager 0x1
D/PMS ( 714): acquireWL(425d8968): PARTIAL_WAKE_LOCK AlarmManager 0x1 714 1000
V/AlarmManager( 714): sending alarm PendingIntent{43abaab0: PendingIntentRecord{426cf298 com.domobile.applock startService}}, i=null, t=3, cnt=1, w=1668086328, Int=300
D/PMS ( 714): releaseWL(425d8968): PARTIAL_WAKE_LOCK AlarmManager 0x1
D/TelephonyCallback( 920): SignalStrength: 5
D/TelephonyRegistry( 714): This is not dual project
D/SIGNAL_ICON( 920): level=5/5
D/StatusBar.NetworkController( 920): dumpIcon[(gone) stat_sys_5signal_5|null stat_sys_wifi_signal_4 (gone) F]
D/TelephonyRegistry( 714): This is not dual project
D/TelephonyCallback( 920): SignalStrength: 5
D/SIGNAL_ICON( 920): level=5/5
D/StatusBar.NetworkController( 920): dumpIcon[(gone) stat_sys_5signal_5|null stat_sys_wifi_signal_4 (gone) F]
D/PMS ( 714): acquireWL(425b60e8): PARTIAL_WAKE_LOCK AlarmManager 0x1 714 1000
V/AlarmManager( 714): sending alarm PendingIntent{43abaab0: PendingIntentRecord{426cf298 com.domobile.applock startService}}, i=null, t=3, cnt=1, w=1668086628, Int=300
D/PMS ( 714): releaseWL(425b60e8): PARTIAL_WAKE_LOCK AlarmManager 0x1
D/PMS ( 714): acquireWL(425434d0): PARTIAL_WAKE_LOCK AlarmManager 0x1 714 1000
V/AlarmManager( 714): sending alarm PendingIntent{43abaab0: PendingIntentRecord{426cf298 com.domobile.applock startService}}, i=null, t=3, cnt=1, w=1668086928, Int=300
D/PMS ( 714): releaseWL(425434d0): PARTIAL_WAKE_LOCK AlarmManager 0x1
D/PMS ( 714): acquireWL(424fea48): PARTIAL_WAKE_LOCK AlarmManager 0x1 714 1000
V/AlarmManager( 714): sending alarm PendingIntent{43abaab0: PendingIntentRecord{426cf298 com.domobile.applock startService}}, i=null, t=3, cnt=1, w=1668087228, Int=300
D/PMS ( 714): releaseWL(424fea48): PARTIAL_WAKE_LOCK AlarmManager 0x1
D/HABCtrl ( 714): TPE algorithm. remove timeout.
D/HABCtrl ( 714): ALG=2, lsvalue=90(2th)->160(3th), last_level=3, lValue=50->81
V/LightsService( 714): setLight #0: color=#ff333333
V/LightsService( 714): setLight #0: color=#ff343434
V/LightsService( 714): setLight #0: color=#ff363636
V/LightsService( 714): setLight #0: color=#ff373737
V/LightsService( 714): setLight #0: color=#ff383838
D/PMS ( 714): acquireWL(424e1130): PARTIAL_WAKE_LOCK AlarmManager 0x1 714 1000
V/AlarmManager( 714): sending alarm PendingIntent{43abaab0: PendingIntentRecord{426cf298 com.domobile.applock startService}}, i=null, t=3, cnt=1, w=1668087528, Int=300
D/PMS ( 714): releaseWL(424e1130): PARTIAL_WAKE_LOCK AlarmManager 0x1
V/LightsService( 714): setLight #0: color=#ff393939
V/LightsService( 714): setLight #0: color=#ff3b3b3b
V/LightsService( 714): setLight #0: color=#ff3c3c3c
V/LightsService( 714): setLight #0: color=#ff3d3d3d
V/LightsService( 714): setLight #0: color=#ff3e3e3e
V/LightsService( 714): setLight #0: color=#ff404040
V/LightsService( 714): setLight #0: color=#ff414141
V/LightsService( 714): setLight #0: color=#ff424242
V/LightsService( 714): setLight #0: color=#ff434343
V/LightsService( 714): setLight #0: color=#ff444444
V/LightsService( 714): setLight #0: color=#ff464646
V/LightsService( 714): setLight #0: color=#ff474747
V/LightsService( 714): setLight #0: color=#ff494949
V/LightsService( 714): setLight #0: color=#ff4a4a4a
D/PMS ( 714): acquireWL(424b2dd8): PARTIAL_WAKE_LOCK AlarmManager 0x1 714 1000
V/AlarmManager( 714): sending alarm PendingIntent{43abaab0: PendingIntentRecord{426cf298 com.domobile.applock startService}}, i=null, t=3, cnt=1, w=1668087828, Int=300
D/PMS ( 714): releaseWL(424b2dd8): PARTIAL_WAKE_LOCK AlarmManager 0x1
V/LightsService( 714): setLight #0: color=#ff4b4b4b
V/LightsService( 714): setLight #0: color=#ff4c4c4c
V/LightsService( 714): setLight #0: color=#ff4d4d4d
V/LightsService( 714): setLight #0: color=#ff4e4e4e
V/LightsService( 714): setLight #0: color=#ff4f4f4f
V/LightsService( 714): setLight #0: color=#ff515151
D/PMS ( 714): acquireWL(42489828): PARTIAL_WAKE_LOCK AlarmManager 0x1 714 1000
V/AlarmManager( 714): sending alarm PendingIntent{43abaab0: PendingIntentRecord{426cf298 com.domobile.applock startService}}, i=null, t=3, cnt=1, w=1668088128, Int=300
D/PMS ( 714): releaseWL(42489828): PARTIAL_WAKE_LOCK AlarmManager 0x1
D/PMS ( 714): acquireWL(42472b78): PARTIAL_WAKE_LOCK AlarmManager 0x1 714 1000
V/AlarmManager( 714): sending alarm PendingIntent{43abaab0: PendingIntentRecord{426cf298 com.domobile.applock startService}}, i=null, t=3, cnt=1, w=1668088428, Int=300
D/PMS ( 714): releaseWL(42472b78): PARTIAL_WAKE_LOCK AlarmManager 0x1
D/PMS ( 714): acquireWL(424637c0): PARTIAL_WAKE_LOCK AlarmManager 0x1 714 1000
V/AlarmManager( 714): sending alarm PendingIntent{43abaab0: PendingIntentRecord{426cf298 com.domobile.applock startService}}, i=null, t=3, cnt=1, w=1668088728, Int=300
D/PMS ( 714): releaseWL(424637c0): PARTIAL_WAKE_LOCK AlarmManager 0x1
D/WifiStateMachine( 714): fetchRssiAndLinkSpeedNative RSSI = -53 abnormalRssiCnt = 0 newLinkSpeed = 58
D/WifiStateMachine( 714): fetchRssiAndLinkSpeedNative mLinkspeedCount = 1, mLinkspeedSum: 58
D/PMS ( 714): acquireWL(423e9558): PARTIAL_WAKE_LOCK AlarmManager 0x1 714 1000
V/AlarmManager( 714): sending alarm PendingIntent{43abaab0: PendingIntentRecord{426cf298 com.domobile.applock startService}}, i=null, t=3, cnt=1, w=1668089028, Int=300
D/PMS ( 714): releaseWL(423e9558): PARTIAL_WAKE_LOCK AlarmManager 0x1
D/PMS ( 714): acquireWL(423d4b00): PARTIAL_WAKE_LOCK AlarmManager 0x1 714 1000
V/AlarmManager( 714): sending alarm PendingIntent{43abaab0: PendingIntentRecord{426cf298 com.domobile.applock startService}}, i=null, t=3, cnt=1, w=1668089328, Int=300
D/PMS ( 714): releaseWL(423d4b00): PARTIAL_WAKE_LOCK AlarmManager 0x1
D/PMS ( 714): acquireWL(42397fd8): PARTIAL_WAKE_LOCK AlarmManager 0x1 714 1000
V/AlarmManager( 714): sending alarm PendingIntent{43abaab0: PendingIntentRecord{426cf298 com.domobile.applock startService}}, i=null, t=3, cnt=1, w=1668089628, Int=300
D/PMS ( 714): releaseWL(42397fd8): PARTIAL_WAKE_LOCK AlarmManager 0x1
D/ActivityManager( 714): getRecentTasks visible task but lastThumbnail is null, TaskRecord{42c58430 #972 A=com.Halim.admobdeneme U=0 sz=1}
D/Recents ( 920): recents : 42
D/InputDispatcher( 714): cancelRecentAppsAction: prepare to launch Home
D/PMS ( 714): acquireHCC(4235a8e8): CPU_MIN_FREQ HomeKeyHandlerFreq 0x100 714 1000
I/AutoTest( 920): [SystemUI][RecentApp_Prelaunch_Start][1405197042100][ms][START]
W/CpuWake ( 714): >>nativeAcquireCpuPerfWakeLock()
W/CpuWake ( 714): <>acquire mCpuPerf_cpu_count wakelock
W/CpuWake ( 714): <>acquire mCpuPerf_Freq wakelock
W/CpuWake ( 714): <: EGL 1.4 QUALCOMM build: (CL4169980)
I/Adreno-EGL(15048): OpenGL ES Shader Compiler Version: 17.01.10.SPL
I/Adreno-EGL(15048): Build Date: 12/25/13 Wed I/Adreno-EGL(15048): Local Branch:
I/Adreno-EGL(15048): Remote Branch:
I/Adreno-EGL(15048): Local Patches:
I/Adreno-EGL(15048): Reconstruct Branch:
I/InputMethodManagerService( 714): Disable input method client, pid=14953
I/InputMethodManagerService( 714): Enable input method client, pid=15048
I/ActivityManager( 714): Displayed com.android.systemui/.recent.RecentAppFxActivity: +244ms
D/PMS ( 714): releaseWL(42321e88): PARTIAL_WAKE_LOCK ActivityManager-Launch 0x1
D/PMS ( 714): acquireWL(41df2180): PARTIAL_WAKE_LOCK AlarmManager 0x1 714 1000
V/AlarmManager( 714): sending alarm PendingIntent{43abaab0: PendingIntentRecord{426cf298 com.domobile.applock startService}}, i=null, t=3, cnt=1, w=1668090828, Int=300
D/PMS ( 714): releaseWL(41df2180): PARTIAL_WAKE_LOCK AlarmManager 0x1
D/PMS ( 714): acquireWL(42dc31f8): PARTIAL_WAKE_LOCK AlarmManager 0x1 714 1000
V/AlarmManager( 714): sending alarm PendingIntent{43abaab0: PendingIntentRecord{426cf298 com.domobile.applock startService}}, i=null, t=3, cnt=1, w=1668091128, Int=300
D/PMS ( 714): releaseWL(42dc31f8): PARTIAL_WAKE_LOCK AlarmManager 0x1
D/PhoneStatusBar( 920): Status bar WINDOW_STATE_HIDDEN
D/Process ( 714): killProcessQuiet, pid=14953
D/Process ( 714): com.android.server.am.ActivityManagerService.killUnneededProcessLocked:7501 com.android.server.am.ActivityManagerService.cleanUpRemovedTaskLocked:7548 com.android.server.am.ActivityManagerService.removeTask:7580
D/InputManager( 714): Exception: Filter focused app name - java.lang.StringIndexOutOfBoundsException: length=55; regionStart=53; regionLength=-54
I/ActivityManager( 714): Killing 14953:com.Halim.admobdeneme/u0a389 (adj 2): remove task
D/PMS ( 714): acquireWL(42b89ca8): PARTIAL_WAKE_LOCK ActivityManager-Launch 0x1 714 1000
I/ActivityManager( 714): Recipient 14953
I/WindowState( 714): WIN DEATH: Window{423c7860 u0 com.Halim.admobdeneme/com.unity3d.player.UnityPlayerNativeActivity}
W/WindowManager( 714): Force-removing child win Window{42456920 u0 SurfaceView} from container Window{423c7860 u0 com.Halim.admobdeneme/com.unity3d.player.UnityPlayerNativeActivity}
I/FeedHostManager( 1102): [onResume]
I/FeedProviderManager( 1102): onResume
I/SocialFeedProvider( 1102): +onResume
I/FeedPager( 1102): [updatePages] total: 30, current: 1, map: 3, add: 0, reload: 3
I/SocialFeedProvider( 1102): updateAccounts - Accounts is no change
I/SocialFeedProvider( 1102): -onResume
W/WindowManager( 714): Failed looking up window
W/WindowManager( 714): java.lang.IllegalArgumentException: Requested window android.os.BinderProxy@43546928 does not exist
W/WindowManager( 714): at com.android.server.wm.WindowManagerService.windowForClientLocked(WindowManagerService.java:8435)
W/WindowManager( 714): at com.android.server.wm.WindowManagerService.windowForClientLocked(WindowManagerService.java:8426)
W/WindowManager( 714): at com.android.server.wm.WindowState$DeathRecipient.binderDied(WindowState.java:1063)
W/WindowManager( 714): at android.os.BinderProxy.sendDeathNotice(Binder.java:501)
W/WindowManager( 714): at dalvik.system.NativeStart.run(Native Method)
I/WindowState( 714): WIN DEATH: null
I/ActivityManager( 714): Cannot resolve ContentProvider=com.htc.idlescreen.setting.provider
E/ActivityThread( 1102): Failed to find provider info for com.htc.idlescreen.setting.provider
I/InputMethodManagerService( 714): Disable input method client, pid=15048
I/InputMethodManagerService( 714): Enable input method client, pid=1102
D/Process ( 714): killProcessQuiet, pid=14417
D/Process ( 714): com.android.server.am.ActivityManagerService.killUnneededProcessLocked:7501 com.android.server.am.ActivityManagerService.updateOomAdjLocked:16914 com.android.server.am.ActivityStack.destroyActivityLocked:3110
D/PMS ( 714): releaseWL(42b89ca8): PARTIAL_WAKE_LOCK ActivityManager-Launch 0x1
I/ActivityManager( 714): Killing 14417:com.htc.android.mail:sync/u0a140 (adj 15): empty #21
D/PhoneStatusBar( 920): Status bar WINDOW_STATE_SHOWING
I/ActivityManager( 714): Recipient 14417
D/WifiService( 714): Client connection lost with reason: 4
W/CpuWake ( 714): >>nativeReleaseCpuPerfWakeLock()
W/CpuWake ( 714): <>release mCpuPerf_cpu_count wakelock
W/CpuWake ( 714): <>release mCpuPerf_Freq wakelock
W/CpuWake ( 714): < 16]: 40 bytes on conn_id=9
D/PMS ( 714): releaseWL(42cd4180): PARTIAL_WAKE_LOCK LocationManagerService 0x1
D/AutoSetting(16187): service - onStartCommand() action: com.htc.app.autosetting.location
D/LocationManagerService( 714): request 427864e0 passive Request[POWER_NONE passive fastest=+5s0ms] from com.htc.htclocationservice(10020)
D/LocationManagerService( 714): provider request: passive ProviderRequest[ON interval=0]
D/AutoSetting(16187): service - handleMessage() within range
D/QMI_FW ( 714): QCCI: QMUXD: xport_rx[1 <- 16]: 14 bytes on conn_id: 9
D/QMI_FW ( 714): QCCI: QMI_CCI_RX: cntl_flag - 02, txn_id - 0d2e, msg_id - 0039, msg_len - 0007
D/GpsLocationProvider( 714): [reportHTCStatus] eventMask = 2 , status = 0
D/GpsLocationProvider( 714): [reportHTCStatus] INJECT_LOCATION
D/QMI_FW ( 714): QCCI: QMUXD: xport_rx[1 <- 16]: 14 bytes on conn_id: 9
D/QMI_FW ( 714): QCCI: QMI_CCI_RX: cntl_flag - 04, txn_id - 0000, msg_id - 0039, msg_len - 0007
D/PMS ( 714): acquireWL(428f6f90): PARTIAL_WAKE_LOCK AlarmManager 0x1 714 1000
V/AlarmManager( 714): sending alarm PendingIntent{42634458: PendingIntentRecord{426cf298 com.domobile.applock startService}}, i=null, t=3, cnt=1, w=1668094212, Int=120
D/PMS ( 714): releaseWL(428f6f90): PARTIAL_WAKE_LOCK AlarmManager 0x1
D/PMS ( 714): acquireWL(42851ee8): PARTIAL_WAKE_LOCK AlarmManager 0x1 714 1000
V/AlarmManager( 714): sending alarm PendingIntent{42634458: PendingIntentRecord{426cf298 com.domobile.applock startService}}, i=null, t=3, cnt=1, w=1668094332, Int=120
D/PMS ( 714): releaseWL(42851ee8): PARTIAL_WAKE_LOCK AlarmManager 0x1
D/PMS ( 714): acquireWL(427772e8): PARTIAL_WAKE_LOCK AlarmManager 0x1 714 1000
V/AlarmManager( 714): sending alarm PendingIntent{42634458: PendingIntentRecord{426cf298 com.domobile.applock startService}}, i=null, t=3, cnt=1, w=1668094452, Int=120
D/PMS ( 714): releaseWL(427772e8): PARTIAL_WAKE_LOCK AlarmManager 0x1
D/PMS ( 714): acquireWL(4269a490): PARTIAL_WAKE_LOCK AlarmManager 0x1 714 1000
V/AlarmManager( 714): sending alarm PendingIntent{42634458: PendingIntentRecord{426cf298 com.domobile.applock startService}}, i=null, t=3, cnt=1, w=1668094572, Int=120
D/PMS ( 714): releaseWL(4269a490): PARTIAL_WAKE_LOCK AlarmManager 0x1
D/PMS ( 714): acquireWL(424eb798): PARTIAL_WAKE_LOCK AlarmManager 0x1 714 1000
V/AlarmManager( 714): sending alarm PendingIntent{42634458: PendingIntentRecord{426cf298 com.domobile.applock startService}}, i=null, t=3, cnt=1, w=1668094692, Int=120
D/PMS ( 714): releaseWL(424eb798): PARTIAL_WAKE_LOCK AlarmManager 0x1
D/PMS ( 714): acquireWL(422c3cf0): PARTIAL_WAKE_LOCK AlarmManager 0x1 714 1000
V/AlarmManager( 714): sending alarm PendingIntent{42634458: PendingIntentRecord{426cf298 com.domobile.applock startService}}, i=null, t=3, cnt=1, w=1668094812, Int=120
D/PMS ( 714): releaseWL(422c3cf0): PARTIAL_WAKE_LOCK AlarmManager 0x1
D/WifiStateMachine( 714): fetchRssiAndLinkSpeedNative RSSI = -51 abnormalRssiCnt = 0 newLinkSpeed = 58
D/WifiStateMachine( 714): fetchRssiAndLinkSpeedNative mLinkspeedCount = 3, mLinkspeedSum: 174
D/PMS ( 714): acquireWL(41d27788): PARTIAL_WAKE_LOCK AlarmManager 0x1 714 1000
V/AlarmManager( 714): sending alarm PendingIntent{42634458: PendingIntentRecord{426cf298 com.domobile.applock startService}}, i=null, t=3, cnt=1, w=1668094932, Int=120
D/PMS ( 714): releaseWL(41d27788): PARTIAL_WAKE_LOCK AlarmManager 0x1
D/PMS ( 714): acquireWL(428cc368): PARTIAL_WAKE_LOCK AlarmManager 0x1 714 1000
V/AlarmManager( 714): sending alarm PendingIntent{42634458: PendingIntentRecord{426cf298 com.domobile.applock startService}}, i=null, t=3, cnt=1, w=1668095052, Int=120
D/PMS ( 714): releaseWL(428cc368): PARTIAL_WAKE_LOCK AlarmManager 0x1
D/PMS ( 714): acquireWL(4275d758): PARTIAL_WAKE_LOCK AlarmManager 0x1 714 1000
V/AlarmManager( 714): sending alarm PendingIntent{42634458: PendingIntentRecord{426cf298 com.domobile.applock startService}}, i=null, t=3, cnt=1, w=1668095172, Int=120
D/PMS ( 714): releaseWL(4275d758): PARTIAL_WAKE_LOCK AlarmManager 0x1
D/PMS ( 714): acquireWL(425a9028): PARTIAL_WAKE_LOCK AlarmManager 0x1 714 1000
V/AlarmManager( 714): sending alarm PendingIntent{42634458: PendingIntentRecord{426cf298 com.domobile.applock startService}}, i=null, t=3, cnt=1, w=1668095292, Int=120
D/PMS ( 714): releaseWL(425a9028): PARTIAL_WAKE_LOCK AlarmManager 0x1
D/PMS ( 714): acquireWL(4227c698): PARTIAL_WAKE_LOCK AlarmManager 0x1 714 1000
V/AlarmManager( 714): sending alarm PendingIntent{42634458: PendingIntentRecord{426cf298 com.domobile.applock startService}}, i=null, t=3, cnt=1, w=1668095412, Int=120
D/PMS ( 714): releaseWL(4227c698): PARTIAL_WAKE_LOCK AlarmManager 0x1
D/PMS ( 714): acquireWL(432fc600): PARTIAL_WAKE_LOCK AlarmManager 0x1 714 1000
V/AlarmManager( 714): sending alarm PendingIntent{42634458: PendingIntentRecord{426cf298 com.domobile.applock startService}}, i=null, t=3, cnt=1, w=1668095532, Int=120
D/PMS ( 714): releaseWL(432fc600): PARTIAL_WAKE_LOCK AlarmManager 0x1
D/PMS ( 714): acquireWL(430d1408): PARTIAL_WAKE_LOCK AlarmManager 0x1 714 1000
V/AlarmManager( 714): sending alarm PendingIntent{42634458: PendingIntentRecord{426cf298 com.domobile.applock startService}}, i=null, t=3, cnt=1, w=1668095652, Int=120
D/PMS ( 714): releaseWL(430d1408): PARTIAL_WAKE_LOCK AlarmManager 0x1
D/PMS ( 714): acquireWL(42df51e0): PARTIAL_WAKE_LOCK AlarmManager 0x1 714 1000
V/AlarmManager( 714): sending alarm PendingIntent{42634458: PendingIntentRecord{426cf298 com.domobile.applock startService}}, i=null, t=3, cnt=1, w=1668095772, Int=120
D/PMS ( 714): releaseWL(42df51e0): PARTIAL_WAKE_LOCK AlarmManager 0x1
D/PMS ( 714): acquireWL(42cd1b28): PARTIAL_WAKE_LOCK AlarmManager 0x1 714 1000
V/AlarmManager( 714): sending alarm PendingIntent{42634458: PendingIntentRecord{426cf298 com.domobile.applock startService}}, i=null, t=3, cnt=1, w=1668095892, Int=120
D/PMS ( 714): releaseWL(42cd1b28): PARTIAL_WAKE_LOCK AlarmManager 0x1
D/PMS ( 714): acquireWL(42b97430): PARTIAL_WAKE_LOCK AlarmManager 0x1 714 1000
V/AlarmManager( 714): sending alarm PendingIntent{42634458: PendingIntentRecord{426cf298 com.domobile.applock startService}}, i=null, t=3, cnt=1, w=1668096012, Int=120
D/PMS ( 714): releaseWL(42b97430): PARTIAL_WAKE_LOCK AlarmManager 0x1
D/PMS ( 714): acquireWL(42a7ac70): PARTIAL_WAKE_LOCK AlarmManager 0x1 714 1000
V/AlarmManager( 714): sending alarm PendingIntent{42634458: PendingIntentRecord{426cf298 com.domobile.applock startService}}, i=null, t=3, cnt=1, w=1668096132, Int=120
D/PMS ( 714): releaseWL(42a7ac70): PARTIAL_WAKE_LOCK AlarmManager 0x1
D/PMS ( 714): acquireWL(4296f8e8): PARTIAL_WAKE_LOCK AlarmManager 0x1 714 1000
V/AlarmManager( 714): sending alarm PendingIntent{42634458: PendingIntentRecord{426cf298 com.domobile.applock startService}}, i=null, t=3, cnt=1, w=1668096252, Int=120
D/PMS ( 714): releaseWL(4296f8e8): PARTIAL_WAKE_LOCK AlarmManager 0x1
D/PMS ( 714): acquireWL(428501d0): PARTIAL_WAKE_LOCK AlarmManager 0x1 714 1000
V/AlarmManager( 714): sending alarm PendingIntent{42634458: PendingIntentRecord{426cf298 com.domobile.applock startService}}, i=null, t=3, cnt=1, w=1668096372, Int=120
D/PMS ( 714): releaseWL(428501d0): PARTIAL_WAKE_LOCK AlarmManager 0x1
D/PMS ( 714): acquireWL(42693a90): PARTIAL_WAKE_LOCK AlarmManager 0x1 714 1000
V/AlarmManager( 714): sending alarm PendingIntent{42634458: PendingIntentRecord{426cf298 com.domobile.applock startService}}, i=null, t=3, cnt=1, w=1668096492, Int=120
D/PMS ( 714): releaseWL(42693a90): PARTIAL_WAKE_LOCK AlarmManager 0x1
D/PMS ( 714): acquireWL(4244eac8): PARTIAL_WAKE_LOCK AlarmManager 0x1 714 1000
V/AlarmManager( 714): sending alarm PendingIntent{42634458: PendingIntentRecord{426cf298 com.domobile.applock startService}}, i=null, t=3, cnt=1, w=1668096612, Int=120
D/PMS ( 714): releaseWL(4244eac8): PARTIAL_WAKE_LOCK AlarmManager 0x1
D/PMS ( 714): acquireWL(41dafe68): PARTIAL_WAKE_LOCK AlarmManager 0x1 714 1000
V/AlarmManager( 714): sending alarm PendingIntent{42634458: PendingIntentRecord{426cf298 com.domobile.applock startService}}, i=null, t=3, cnt=1, w=1668096732, Int=120
D/PMS ( 714): releaseWL(41dafe68): PARTIAL_WAKE_LOCK AlarmManager 0x1
D/PMS ( 714): acquireWL(4329bd18): PARTIAL_WAKE_LOCK AlarmManager 0x1 714 1000
V/AlarmManager( 714): sending alarm PendingIntent{42634458: PendingIntentRecord{426cf298 com.domobile.applock startService}}, i=null, t=3, cnt=1, w=1668096852, Int=120
D/PMS ( 714): releaseWL(4329bd18): PARTIAL_WAKE_LOCK AlarmManager 0x1
D/PMS ( 714): acquireWL(430735c8): PARTIAL_WAKE_LOCK AlarmManager 0x1 714 1000
V/AlarmManager( 714): sending alarm PendingIntent{42634458: PendingIntentRecord{426cf298 com.domobile.applock startService}}, i=null, t=3, cnt=1, w=1668096972, Int=120
D/PMS ( 714): releaseWL(430735c8): PARTIAL_WAKE_LOCK AlarmManager 0x1
D/PMS ( 714): acquireWL(42d87d50): PARTIAL_WAKE_LOCK AlarmManager 0x1 714 1000
V/AlarmManager( 714): sending alarm PendingIntent{42634458: PendingIntentRecord{426cf298 com.domobile.applock startService}}, i=null, t=3, cnt=1, w=1668097092, Int=120
D/PMS ( 714): releaseWL(42d87d50): PARTIAL_WAKE_LOCK AlarmManager 0x1
D/PMS ( 714): acquireWL(42bb5648): PARTIAL_WAKE_LOCK AlarmManager 0x1 714 1000
V/AlarmManager( 714): sending alarm PendingIntent{42634458: PendingIntentRecord{426cf298 com.domobile.applock startService}}, i=null, t=3, cnt=1, w=1668097212, Int=120
D/PMS ( 714): releaseWL(42bb5648): PARTIAL_WAKE_LOCK AlarmManager 0x1
D/PMS ( 714): acquireWL(42aae9e0): PARTIAL_WAKE_LOCK AlarmManager 0x1 714 1000
V/AlarmManager( 714): sending alarm PendingIntent{42634458: PendingIntentRecord{426cf298 com.domobile.applock startService}}, i=null, t=3, cnt=1, w=1668097332, Int=120
D/PMS ( 714): releaseWL(42aae9e0): PARTIAL_WAKE_LOCK AlarmManager 0x1
D/PMS ( 714): acquireWL(429e5168): PARTIAL_WAKE_LOCK AlarmManager 0x1 714 1000
V/AlarmManager( 714): sending alarm PendingIntent{42634458: PendingIntentRecord{426cf298 com.domobile.applock startService}}, i=null, t=3, cnt=1, w=1668097452, Int=120
D/PMS ( 714): releaseWL(429e5168): PARTIAL_WAKE_LOCK AlarmManager 0x1
D/PMS ( 714): acquireWL(42846900): PARTIAL_WAKE_LOCK AlarmManager 0x1 714 1000
V/AlarmManager( 714): sending alarm PendingIntent{42634458: PendingIntentRecord{426cf298 com.domobile.applock startService}}, i=null, t=3, cnt=1, w=1668097572, Int=120
D/PMS ( 714): releaseWL(42846900): PARTIAL_WAKE_LOCK AlarmManager 0x1
D/PMS ( 714): acquireWL(42750580): PARTIAL_WAKE_LOCK AlarmManager 0x1 714 1000
V/AlarmManager( 714): sending alarm PendingIntent{42634458: PendingIntentRecord{426cf298 com.domobile.applock startService}}, i=null, t=3, cnt=1, w=1668097692, Int=120
D/PMS ( 714): releaseWL(42750580): PARTIAL_WAKE_LOCK AlarmManager 0x1
D/PMS ( 714): acquireWL(42453168): PARTIAL_WAKE_LOCK AlarmManager 0x1 714 1000
V/AlarmManager( 714): sending alarm PendingIntent{42634458: PendingIntentRecord{426cf298 com.domobile.applock startService}}, i=null, t=3, cnt=1, w=1668097812, Int=120
D/PMS ( 714): releaseWL(42453168): PARTIAL_WAKE_LOCK AlarmManager 0x1
D/WifiStateMachine( 714): fetchRssiAndLinkSpeedNative RSSI = -50 abnormalRssiCnt = 0 newLinkSpeed = 58
D/WifiStateMachine( 714): fetchRssiAndLinkSpeedNative mLinkspeedCount = 4, mLinkspeedSum: 232
D/PMS ( 714): acquireWL(43256d58): PARTIAL_WAKE_LOCK AlarmManager 0x1 714 1000
V/AlarmManager( 714): sending alarm PendingIntent{42634458: PendingIntentRecord{426cf298 com.domobile.applock startService}}, i=null, t=3, cnt=1, w=1668097932, Int=120
D/PMS ( 714): releaseWL(43256d58): PARTIAL_WAKE_LOCK AlarmManager 0x1
D/PMS ( 714): acquireWL(43028768): PARTIAL_WAKE_LOCK AlarmManager 0x1 714 1000
V/AlarmManager( 714): sending alarm PendingIntent{42634458: PendingIntentRecord{426cf298 com.domobile.applock startService}}, i=null, t=3, cnt=1, w=1668098052, Int=120
D/PMS ( 714): releaseWL(43028768): PARTIAL_WAKE_LOCK AlarmManager 0x1
D/PMS ( 714): acquireWL(42d4dd20): PARTIAL_WAKE_LOCK AlarmManager 0x1 714 1000
V/AlarmManager( 714): sending alarm PendingIntent{42634458: PendingIntentRecord{426cf298 com.domobile.applock startService}}, i=null, t=3, cnt=1, w=1668098172, Int=120
D/PMS ( 714): releaseWL(42d4dd20): PARTIAL_WAKE_LOCK AlarmManager 0x1
D/PMS ( 714): acquireWL(42c4b0b8): PARTIAL_WAKE_LOCK AlarmManager 0x1 714 1000
V/AlarmManager( 714): sending alarm PendingIntent{42634458: PendingIntentRecord{426cf298 com.domobile.applock startService}}, i=null, t=3, cnt=1, w=1668098292, Int=120
D/PMS ( 714): releaseWL(42c4b0b8): PARTIAL_WAKE_LOCK AlarmManager 0x1
D/PMS ( 714): acquireWL(42a9a0c8): PARTIAL_WAKE_LOCK AlarmManager 0x1 714 1000
V/AlarmManager( 714): sending alarm PendingIntent{42634458: PendingIntentRecord{426cf298 com.domobile.applock startService}}, i=null, t=3, cnt=1, w=1668098412, Int=120
D/PMS ( 714): releaseWL(42a9a0c8): PARTIAL_WAKE_LOCK AlarmManager 0x1
D/PMS ( 714): acquireWL(42923bf0): PARTIAL_WAKE_LOCK AlarmManager 0x1 714 1000
V/AlarmManager( 714): sending alarm PendingIntent{42634458: PendingIntentRecord{426cf298 com.domobile.applock startService}}, i=null, t=3, cnt=1, w=1668098532, Int=120
D/PMS ( 714): releaseWL(42923bf0): PARTIAL_WAKE_LOCK AlarmManager 0x1
D/PMS ( 714): acquireWL(427db800): PARTIAL_WAKE_LOCK AlarmManager 0x1 714 1000
V/AlarmManager( 714): sending alarm PendingIntent{42634458: PendingIntentRecord{426cf298 com.domobile.applock startService}}, i=null, t=3, cnt=1, w=1668098652, Int=120
D/PMS ( 714): releaseWL(427db800): PARTIAL_WAKE_LOCK AlarmManager 0x1
D/PMS ( 714): acquireWL(42364f78): PARTIAL_WAKE_LOCK AlarmManager 0x1 714 1000
V/AlarmManager( 714): sending alarm PendingIntent{42634458: PendingIntentRecord{426cf298 com.domobile.applock startService}}, i=null, t=3, cnt=1, w=1668098772, Int=120
D/PMS ( 714): releaseWL(42364f78): PARTIAL_WAKE_LOCK AlarmManager 0x1
D/PMS ( 714): acquireWL(4345ba08): PARTIAL_WAKE_LOCK AlarmManager 0x1 714 1000
V/AlarmManager( 714): sending alarm PendingIntent{42634458: PendingIntentRecord{426cf298 com.domobile.applock startService}}, i=null, t=3, cnt=1, w=1668098892, Int=120
D/PMS ( 714): releaseWL(4345ba08): PARTIAL_WAKE_LOCK AlarmManager 0x1
D/PMS ( 714): acquireWL(42e2f7b0): PARTIAL_WAKE_LOCK AlarmManager 0x1 714 1000
V/AlarmManager( 714): sending alarm PendingIntent{42634458: PendingIntentRecord{426cf298 com.domobile.applock startService}}, i=null, t=3, cnt=1, w=1668099012, Int=120
D/PMS ( 714): releaseWL(42e2f7b0): PARTIAL_WAKE_LOCK AlarmManager 0x1
D/PMS ( 714): acquireWL(42c15648): PARTIAL_WAKE_LOCK AlarmManager 0x1 714 1000
V/AlarmManager( 714): sending alarm PendingIntent{42634458: PendingIntentRecord{426cf298 com.domobile.applock startService}}, i=null, t=3, cnt=1, w=1668099132, Int=120
D/PMS ( 714): releaseWL(42c15648): PARTIAL_WAKE_LOCK AlarmManager 0x1
D/PMS ( 714): acquireWL(42aca190): PARTIAL_WAKE_LOCK AlarmManager 0x1 714 1000
V/AlarmManager( 714): sending alarm PendingIntent{42634458: PendingIntentRecord{426cf298 com.domobile.applock startService}}, i=null, t=3, cnt=1, w=1668099252, Int=120
D/PMS ( 714): releaseWL(42aca190): PARTIAL_WAKE_LOCK AlarmManager 0x1
D/PMS ( 714): acquireWL(42a1e8c0): PARTIAL_WAKE_LOCK AlarmManager 0x1 714 1000
V/AlarmManager( 714): sending alarm PendingIntent{42634458: PendingIntentRecord{426cf298 com.domobile.applock startService}}, i=null, t=3, cnt=1, w=1668099372, Int=120
D/PMS ( 714): releaseWL(42a1e8c0): PARTIAL_WAKE_LOCK AlarmManager 0x1
D/TelephonyRegistry( 714): This is not dual project
D/TelephonyCallback( 920): SignalStrength: 4
D/SIGNAL_ICON( 920): level=4/5
D/StatusBar.NetworkController( 920): dumpIcon[(gone) stat_sys_5signal_4|null stat_sys_wifi_signal_4 (gone) F]
D/PMS ( 714): acquireWL(42773d18): PARTIAL_WAKE_LOCK AlarmManager 0x1 714 1000
V/AlarmManager( 714): sending alarm PendingIntent{42634458: PendingIntentRecord{426cf298 com.domobile.applock startService}}, i=null, t=3, cnt=1, w=1668099492, Int=120
D/PMS ( 714): releaseWL(42773d18): PARTIAL_WAKE_LOCK AlarmManager 0x1
D/PMS ( 714): acquireWL(429d52a0): PARTIAL_WAKE_LOCK AlarmManager 0x1 714 1000
V/AlarmManager( 714): sending alarm PendingIntent{42634458: PendingIntentRecord{426cf298 com.domobile.applock startService}}, i=null, t=3, cnt=1, w=1668099612, Int=120
D/PMS ( 714): releaseWL(429d52a0): PARTIAL_WAKE_LOCK AlarmManager 0x1
D/PMS ( 714): acquireWL(436b2b50): PARTIAL_WAKE_LOCK AlarmManager 0x1 714 1000
V/AlarmManager( 714): sending alarm PendingIntent{42634458: PendingIntentRecord{426cf298 com.domobile.applock startService}}, i=null, t=3, cnt=1, w=1668099732, Int=120
D/PMS ( 714): releaseWL(436b2b50): PARTIAL_WAKE_LOCK AlarmManager 0x1
D/PMS ( 714): acquireWL(42483540): PARTIAL_WAKE_LOCK AlarmManager 0x1 714 1000
V/AlarmManager( 714): sending alarm PendingIntent{42634458: PendingIntentRecord{426cf298 com.domobile.applock startService}}, i=null, t=3, cnt=1, w=1668099852, Int=120
D/PMS ( 714): releaseWL(42483540): PARTIAL_WAKE_LOCK AlarmManager 0x1
D/PMS ( 714): acquireWL(43a7cd58): PARTIAL_WAKE_LOCK AlarmManager 0x1 714 1000
