D/PMS ( 714): releaseWL(429ac8a8): PARTIAL_WAKE_LOCK NlpWakeLock 0x1
D/PMS ( 714): acquireWL(428c6518): PARTIAL_WAKE_LOCK GCoreFlp 0x1 11542 10023
D/PMS ( 714): releaseWL(42908220): PARTIAL_WAKE_LOCK NlpWakeLock 0x1
D/PMS ( 714): releaseWL(428c6518): PARTIAL_WAKE_LOCK GCoreFlp 0x1
D/PMS ( 714): releaseWL(429fe360): PARTIAL_WAKE_LOCK AudioMix 0x1
D/ConnectivityService( 714): Sampling interval elapsed, updating statistics ..
D/ConnectivityService( 714): Done.
D/ConnectivityService( 714): Setting timer for 30seconds
D/PMS ( 714): acquireWL(4287e6c8): PARTIAL_WAKE_LOCK AlarmManager 0x1 714 1000
V/AlarmManager( 714): sending alarm PendingIntent{41cc4ea0: PendingIntentRecord{42433870 android broadcastIntent}}, i=android.net.ConnectivityService.action.PKT_CNT_SAMPLE_INTERVAL_ELAPSED, t=3, cnt=1, w=1667838975, Int=0
V/AlarmManager( 714): sending alarm PendingIntent{4243e0f8: PendingIntentRecord{42430420 android broadcastIntent}}, i=android.intent.action.TIME_TICK, t=3, cnt=1, w=1667867797, Int=0
V/AlarmManager( 714): sending alarm PendingIntent{42ae7140: PendingIntentRecord{424dd430 com.levelup.beautifulwidgets.free broadcastIntent}}, i=com.levelup.beautifulwidgets.core.ACTION_REFRESHTIME, t=1, cnt=1, w=1405196820000, Int=0
D/PMS ( 714): releaseWL(4287e6c8): PARTIAL_WAKE_LOCK AlarmManager 0x1
W/MastheadClock( 920): mDigitAnimMin.start
W/MastheadClock( 1102): mDigitAnimMin.start
D/AppWidgetHostView( 1102): updateAppWidget mInfo = AppWidgetProviderInfo(provider=ComponentInfo{com.levelup.beautifulwidgets.free/com.levelup.beautifulwidgets.core.ui.widgets.clock.ClockWidget42})
I/RemoteViews.Performance( 1102): com.levelup.beautifulwidgets.free 1 10 74
D/PMS ( 714): acquireWL(42f50b28): PARTIAL_WAKE_LOCK AlarmManager 0x1 714 1000
D/ConnectivityService( 714): Sampling interval elapsed, updating statistics ..
V/AlarmManager( 714): sending alarm PendingIntent{41cc4ea0: PendingIntentRecord{42433870 android broadcastIntent}}, i=android.net.ConnectivityService.action.PKT_CNT_SAMPLE_INTERVAL_ELAPSED, t=3, cnt=1, w=1667923867, Int=0
V/AlarmManager( 714): sending alarm PendingIntent{428f1e58: PendingIntentRecord{424dd430 com.levelup.beautifulwidgets.free broadcastIntent}}, i=com.levelup.beautifulwidgets.core.ACTION_REFRESHTIME, t=1, cnt=1, w=1405196880000, Int=0
V/AlarmManager( 714): sending alarm PendingIntent{4243e0f8: PendingIntentRecord{42430420 android broadcastIntent}}, i=android.intent.action.TIME_TICK, t=3, cnt=1, w=1667927797, Int=0
D/ConnectivityService( 714): Done.
D/ConnectivityService( 714): Setting timer for 30seconds
D/PMS ( 714): releaseWL(42f50b28): PARTIAL_WAKE_LOCK AlarmManager 0x1
W/MastheadClock( 1102): mDigitAnimMin.start
W/MastheadClock( 920): mDigitAnimMin.start
D/AppWidgetHostView( 1102): updateAppWidget mInfo = AppWidgetProviderInfo(provider=ComponentInfo{com.levelup.beautifulwidgets.free/com.levelup.beautifulwidgets.core.ui.widgets.clock.ClockWidget42})
I/RemoteViews.Performance( 1102): com.levelup.beautifulwidgets.free 1 6 74
D/PMS ( 714): acquireWL(43ee2a28): PARTIAL_WAKE_LOCK AlarmManager 0x1 714 1000
V/AlarmManager( 714): sending alarm PendingIntent{425a7a20: PendingIntentRecord{42830220 com.viber.voip broadcastIntent}}, i=com.viber.voip.action.KEEP_ALIVE_RECEIVE, t=0, cnt=1, w=1405196933170, Int=0
W/ContextImpl(15919): Implicit intents with startService are not safe: Intent { act=com.viber.voip.action.VIBER_SERVICE } android.content.ContextWrapper.startService:501 com.viber.service.p.run:202 android.os.Handler.handleCallback:733
D/PMS ( 714): releaseWL(43ee2a28): PARTIAL_WAKE_LOCK AlarmManager 0x1
D/PMS ( 714): acquireWL(43ee12d8): PARTIAL_WAKE_LOCK AlarmManager 0x1 714 1000
V/AlarmManager( 714): sending alarm PendingIntent{4243e0f8: PendingIntentRecord{42430420 android broadcastIntent}}, i=android.intent.action.TIME_TICK, t=3, cnt=1, w=1667987796, Int=0
V/AlarmManager( 714): sending alarm PendingIntent{41cc4ea0: PendingIntentRecord{42433870 android broadcastIntent}}, i=android.net.ConnectivityService.action.PKT_CNT_SAMPLE_INTERVAL_ELAPSED, t=3, cnt=1, w=1667982894, Int=0
V/AlarmManager( 714): sending alarm PendingIntent{42883cf8: PendingIntentRecord{424dd430 com.levelup.beautifulwidgets.free broadcastIntent}}, i=com.levelup.beautifulwidgets.core.ACTION_REFRESHTIME, t=1, cnt=1, w=1405196940000, Int=0
D/ConnectivityService( 714): Sampling interval elapsed, updating statistics ..
D/ConnectivityService( 714): Done.
D/ConnectivityService( 714): Setting timer for 30seconds
W/MastheadClock( 1102): mDigitAnimMin.start
W/MastheadClock( 920): mDigitAnimMin.start
D/PMS ( 714): releaseWL(43ee12d8): PARTIAL_WAKE_LOCK AlarmManager 0x1
D/AppWidgetHostView( 1102): updateAppWidget mInfo = AppWidgetProviderInfo(provider=ComponentInfo{com.levelup.beautifulwidgets.free/com.levelup.beautifulwidgets.core.ui.widgets.clock.ClockWidget42})
I/RemoteViews.Performance( 1102): com.levelup.beautifulwidgets.free 2 9 74
D/PMS ( 714): acquireWL(43a92488): PARTIAL_WAKE_LOCK BatteryServiceUpdateStats 0x1 0 0
I/BatteryService( 714): n_update end
D/PMS ( 714): releaseWL(43a92488): PARTIAL_WAKE_LOCK BatteryServiceUpdateStats 0x1
D/PMS ( 714): acquireWL(43a80a48): PARTIAL_WAKE_LOCK BatteryServiceUpdateStats 0x1 0 0
I/BatteryService( 714): n_update end
D/UsbnetService( 714): BroadcastReceiver::onReceive+
D/UsbnetService( 714): onReceive BATTERY_CHANGED
D/UsbnetService( 714): --> pluggedType = 0, mPluggedType = 0, mScreenOff = false
D/UsbnetService( 714): BroadcastReceiver::onReceive-
D/PowerUI ( 920): plugged = false, health = 2, mBatteryLevel = 68, mPluggedBatteryLevel = 83, mLowBatteryWarningLevel2 = 25, mshowLowChargingWarning2 = true
D/BatteryService_ULog( 714): ULogForBatteryChargingStateChange(68,8) is called
D/BatteryService_ULog( 714): charger=on,battery_power=68
D/BatteryService( 714): duration: 28427917 discharge: 30
D/BatteryService( 714): sendIntentForSmartSync: Intent { act=com.htc.system.battery.PLUG_CHANGED (has extras) }
D/TetherSettings(12663): CustomizedNS:true CustomizedML:false CustomizedSPCSC:false CustomizedIPT:true CustomizedSingleUSBfalse
D/PowerUI ( 920): closing low battery warning: level=68
D/PowerUI ( 920): plugged = true, health = 2, mBatteryLevel = 68, mPluggedBatteryLevel = 68, mLowBatteryWarningLevel2 = 25, mshowLowChargingWarning2 = true
D/ (12663): Cust_ConnectToPC : Internet_Sharing>true
D/ (12663): Cust_ConnectToPC : Modem_Link>false
D/ (12663): Cust_ConnectToPC : spcsc>false
D/ (12663): Cust_ConnectToPC : IPT>true
D/ (12663): Cust_ConnectToPC : Singel_USB>false
D/SmartNS_NSReceiver(12663): project = Verizon, plugged = 8, support_extension = 0, unsupport_charger = false
D/HtcPowerSaver( 714): updateBatteryInfo
D/SmartNS_NSReceiver(12663): Index of the first 1 = -1
D/HtcPowerSaver( 714): updateBatteryInfo
D/PMS ( 714): releaseWL(43a80a48): PARTIAL_WAKE_LOCK BatteryServiceUpdateStats 0x1
D/PMS ( 714): acquireWL(436a0608): PARTIAL_WAKE_LOCK BatteryServiceUpdateStats 0x1 0 0
D/PMS ( 714): acquireWL(4369d2a0): PARTIAL_WAKE_LOCK NlpCollectorWakeLock 0x1 11542 10023
I/BatteryService( 714): n_update end
D/PMS ( 714): releaseWL(436a0608): PARTIAL_WAKE_LOCK BatteryServiceUpdateStats 0x1
D/WifiService( 714): acquireWifiLockLocked: WifiLock{NlpWifiLock type=2 binder=android.os.BinderProxy@42bba798}
D/PMS ( 714): acquireWL(436862d0): PARTIAL_WAKE_LOCK BatteryServiceUpdateStats 0x1 0 0
I/BatteryService( 714): n_update end
D/UsbnetService( 714): BroadcastReceiver::onReceive+
D/UsbnetService( 714): onReceive BATTERY_CHANGED
D/UsbnetService( 714): --> pluggedType = 8, mPluggedType = 0, mScreenOff = false
D/UsbnetService( 714): BroadcastReceiver::onReceive-
D/HtcPowerSaver( 714): Checking...
I/HtcPowerSaver( 714): >> updateStatus
W/ContextImpl( 714): Calling a method in the system process without a qualified user: android.app.ContextImpl.sendOrderedBroadcast:1406 com.android.server.BatteryService$16.run:1749 android.os.Handler.handleCallback:733 android.os.Handler.dispatchMessage:95 android.os.Looper.loop:157
D/PMS ( 714): releaseWL(436862d0): PARTIAL_WAKE_LOCK BatteryServiceUpdateStats 0x1
V/NotificationService( 714): batLight: plugged
V/LightsService( 714): setLight #8: color=#c8c800
D/lights ( 714): set_color_led color=13158400, mode=255, off_min=0, off_sec=0
D/lights ( 714): [LedInfo] without indicator attribute, red:c80000, green:c800, blue:0
V/LightsService( 714): setLight #8: color=#c80000
D/lights ( 714): set_color_led color=13107200, mode=1, off_min=0, off_sec=0
D/lights ( 714): [LedInfo] without indicator attribute, red:c80000, green:0, blue:0
D/lights ( 714): [LedInfo] write attr ok name=/sys/class/leds/amber/brightness string=1,len=1
D/lights ( 714): [LedInfo] write attr ok name=/sys/class/leds/amber/blink string=0,len=1
D/lights ( 714): [LedInfo] write attr ok name=/sys/class/leds/amber/off_timer string=0 0,len=3
D/lights ( 714): [LedInfo] write attr ok name=/sys/class/leds/green/brightness string=0,len=1
D/lights ( 714): [LedInfo] write attr ok name=/sys/class/leds/green/blink string=0,len=1
D/lights ( 714): [LedInfo] write attr ok name=/sys/class/leds/green/off_timer string=0 0,len=3
D/PMS ( 714): runPSCheck
I/HtcPowerSaver( 714): updateStatus (8000,68,-1,false,false,false,-1)
I/HtcPowerSaver( 714): << updateStatus
D/HtcPowerSaver( 714): updateBatteryInfo
D/PMS ( 714): acquireWL(43621120): PARTIAL_WAKE_LOCK Wakeful StateMachine: GeofencerStateMachine 0x1 11542 10023
D/PMS ( 714): releaseWL(43621120): PARTIAL_WAKE_LOCK Wakeful StateMachine: GeofencerStateMachine 0x1
I/EntropyMixer( 714): Writing entropy...
D/PMS ( 714): acquireWL(435d1e00): PARTIAL_WAKE_LOCK BatteryServiceUpdateStats 0x1 0 0
D/libc (11542): [NET] getaddrinfo+,hn 14(0x7777772e676f6f),sn(),family 0,flags 4
D/libc (11542): [NET] getaddrinfo-,err=8
D/libc (11542): [NET] getaddrinfo+,hn 14(0x7777772e676f6f),sn(),family 0,flags 1024
D/libc (11542): [NET] getaddrinfo-, 1
D/libc (11542): [NET] getaddrinfo_proxy+
D/libc ( 260): [NET] getaddrinfo+,hn 14(0x7777772e676f6f),sn(),family 0,flags 1024
D/libc ( 260): [NET]_dns_getaddrinfo+ interface=
D/libc ( 260): +++++ res_nsend xid =c04c +++++
D/libc ( 260): [NET] res_nLookupCache: rstatp->iface =
D/libc ( 260): [NET][SMD][Mode1][Exit3] WARNING, tcp syn fail is detected, ip_addr=54.225.250.149
D/libc ( 260): [NET]res_queryN: exit 3, ancount=5
D/libc ( 260): [NET]_dns_getaddrinfo-, (NS_SUCCESS)
D/libc ( 260): [NET] getaddrinfo-, SUCCESS
D/libc (11542): [NET] getaddrinfo_proxy-, success
I/BatteryService( 714): n_update end
D/PMS ( 714): releaseWL(435d1e00): PARTIAL_WAKE_LOCK BatteryServiceUpdateStats 0x1
D/PMS ( 714): acquireWL(435cdac0): PARTIAL_WAKE_LOCK BatteryServiceUpdateStats 0x1 0 0
I/BatteryService( 714): n_update end
D/PMS ( 714): releaseWL(435cdac0): PARTIAL_WAKE_LOCK BatteryServiceUpdateStats 0x1
W/ContextImpl(12663): Calling a method in the system process without a qualified user: android.app.ContextImpl.sendBroadcast:1363 android.content.ContextWrapper.sendBroadcast:372 android.content.ContextWrapper.sendBroadcast:372 com.android.settings.NSReceiver.onReceive:170 android.app.ActivityThread.handleReceiver:2845
D/PowerUI ( 920): closing low battery warning: level=68
D/PowerUI ( 920): plugged = true, health = 2, mBatteryLevel = 68, mPluggedBatteryLevel = 68, mLowBatteryWarningLevel2 = 25, mshowLowChargingWarning2 = true
W/Settings(12663): Setting tethering_blocked has moved from android.provider.Settings.Secure to android.provider.Settings.Global.
D/SmartNS_Utility(12663): [ACC]Settings-Wireless_+_network-USB_tethering_:usb_storage_notification=false
D/SmartNS_NSReceiver(12663): onReceive : com.htc.intent.action.BATTERY_CHANGE_PARTIAL hasTethered:false isNSOpening:false
I/ActivityManager( 714): Start proc com.htc.android.mail:sync for broadcast com.htc.android.mail/.mailservice.UsbStateReceiver: pid=14417 uid=10140 gids={50140, 3003, 5012, 1023, 1028, 1015}
D/UsbnetService( 714): BroadcastReceiver::onReceive+
D/UsbnetService( 714): onReceive BATTERY_CHANGED
D/UsbnetService( 714): --> pluggedType = 8, mPluggedType = 0, mScreenOff = false
D/UsbnetService( 714): BroadcastReceiver::onReceive-
D/HtcPowerSaver( 714): Checking...
I/HtcPowerSaver( 714): >> updateStatus
I/HtcPowerSaver( 714): updateStatus (8000,68,-1,false,false,false,-1)
I/HtcPowerSaver( 714): << updateStatus
D/HtcPowerSaver( 714): updateBatteryInfo
D/PMS ( 714): runPSCheck
D/UsbnetService( 714): BroadcastReceiver::onReceive+
D/UsbnetService( 714): onReceive BATTERY_CHANGED
D/UsbnetService( 714): --> pluggedType = 2, mPluggedType = 0, mScreenOff = false
D/UsbnetService( 714): BroadcastReceiver::onReceive-
I/SensorManager( 714): registerListenerImpl: listener = com.android.server.power.DisplayPowerController$10@41c8f998, sensor = {Sensor name="CM36282 Light sensor", vendor="Capella Microsystems", version=1, type=5, maxRange=10240.0, resolution=1.0, power=0.15, minDelay=0}, delay = 1000000, handler = Handler (com.android.server.power.DisplayPowerController$DisplayControllerHandler) {41cb9668}
D/HtcPowerSaver( 714): Checking...
I/HtcPowerSaver( 714): >> updateStatus
I/HtcPowerSaver( 714): updateStatus (8000,68,-1,false,false,false,-1)
I/HtcPowerSaver( 714): << updateStatus
I/SensorManager( 714): registerListenerImpl: listener = com.android.internal.policy.impl.WindowOrientationListener$SensorEventListenerImpl@41aa5d18, sensor = {Sensor name="BOSCH BMA250 3-axis Accelerometer", vendor="BOSCH", version=1, type=1, maxRange=39.2266, resolution=0.038307227, power=0.1, minDelay=10000}, delay = 66667, handler = Handler (com.android.internal.policy.impl.PhoneWindowManager$PolicyHandler) {42404c00}
D/PowerUI ( 920): closing low battery warning: level=68
D/PowerUI ( 920): plugged = true, health = 2, mBatteryLevel = 68, mPluggedBatteryLevel = 68, mLowBatteryWarningLevel2 = 25, mshowLowChargingWarning2 = true
I/PMS ( 714): Waking up from sleep...
D/PMS ( 714): runPSCheck
V/LightsService( 714): setLight #2: color=#ffffffff
D/lights ( 714): set_light_buttons_func: on=16777215 brightness=255
D/PMS ( 714): nativeSetAutoSuspend:false
V/UsbDeviceManager( 714): [USBNET] USB UEVENT: {USB_STATE=CONNECTED, SUBSYSTEM=android_usb, DEVPATH=/devices/virtual/android_usb/android0, SEQNUM=434780, ACTION=change}
D/UsbDeviceManager( 714): [USBNET] handleMessage: 0; mConnected=false, mConfiguration=false
D/PMS ( 714): nativeSetAutoSuspend:false done
V/UsbDeviceManager( 714): [USBNET] USB UEVENT: {SUBSYSTEM=switch, SWITCH_STATE=1, DEVPATH=/devices/virtual/switch/usb_connect2pc, SEQNUM=434781, ACTION=change, SWITCH_NAME=usb_connect2pc}
D/UsbDeviceManager( 714): [USBNET] update2: 10,0
W/Vold ( 250): Ignoring unknown switch 'usb_connect2pc'
D/PMS ( 714): nativeSetInteractive:true
D/PMS ( 714): nativeSetInteractive:true done
V/Tethering( 714): enableUsbIfaces(true)
I/RemoteViews.Performance( 920): com.cleanmaster.mguard 0 1 20
D/UsbDeviceManager( 714): sendStickyBroadcast: connected= true, configured= false; SetCurrentFunctions= mtp,adb,mass_storage
D/UsbDeviceManager( 714): [USBNET] handleMessage: 10; mConnected=true, mConfiguration=false
D/UsbDeviceManager( 714): [USBNET] mHtcMode= 0
D/UsbDeviceManager( 714): [USBNET] gotConnect2PC=1, enable ACM for HSM
D/UsbDeviceManager( 714): setEnabledFunctions(mtp,adb,mass_storage; false; mAcmEnabled: true)
D/UsbDeviceManager( 714): send Fake intent while setEnabledFunctions
D/UsbDeviceManager( 714): sendStickyBroadcast: connected= true, configured= false; SetCurrentFunctions= mass_storage,adb
V/Tethering( 714): ifaces:{(rmnet2)(rmnet3)(rmnet4)(rmnet5)(rmnet6)(rmnet7)(rmnet0)(rmnet1)(dummy0)(wlan0)(rmnet_usb1)(rmnet_usb2)(rmnet_usb3)(rmnet_usb0)(lo)(sit0)(p2p0)}
D/UsbDeviceManager( 714): [USBNET] check if ACM should be enabled
D/UsbDeviceManager( 714): setUsbConfig(none)
E/UsbDebuggingManager( 714): got -1 reading
D/Tethering( 714): got USB_STATE change: usbConnected=true, mRndisEnabled=false, mUsbTetherRequested=false
D/Tethering( 714): got USB_STATE change: usbConnected=true, mRndisEnabled=false, mUsbTetherRequested=false
D/PMS ( 714): acquireWL(42e0a388): PARTIAL_WAKE_LOCK BatteryServiceUpdateStats 0x1 0 0
I/BatteryService( 714): n_update end
D/PMS ( 714): releaseWL(42e0a388): PARTIAL_WAKE_LOCK BatteryServiceUpdateStats 0x1
I/RemoteViews.Performance( 920): com.cleanmaster.mguard 1 16 8 20
E/UsbDebuggingManager( 714): Communication error:
E/UsbDebuggingManager( 714): java.io.IOException: No such file or directory
E/UsbDebuggingManager( 714): at android.net.LocalSocketImpl.connectLocal(Native Method)
E/UsbDebuggingManager( 714): at android.net.LocalSocketImpl.connect(LocalSocketImpl.java:287)
E/UsbDebuggingManager( 714): at android.net.LocalSocket.connect(LocalSocket.java:130)
E/UsbDebuggingManager( 714): at com.android.server.usb.UsbDebuggingManager.listenToSocket(UsbDebuggingManager.java:75)
E/UsbDebuggingManager( 714): at com.android.server.usb.UsbDebuggingManager.run(UsbDebuggingManager.java:111)
E/UsbDebuggingManager( 714): at java.lang.Thread.run(Thread.java:864)
I/RemoteViews.Performance( 920): com.cleanmaster.mguard 1 13 9 18
I/RemoteViews.Performance( 920): com.cleanmaster.mguard 1 50 4
D/UsbDeviceManager( 714): setUsbConfig(mtp,adb,mass_storage,acm)
V/KeyguardServiceDelegate( 714): onScreenTurnedOn(showListener = com.android.internal.policy.impl.PhoneWindowManager$22@427d3870)
D/UsbnetService( 714): BroadcastReceiver::onReceive+
D/UsbnetService( 714): onReceive ACTION_USB_STATE: true
D/UsbnetService( 714): BroadcastReceiver::onReceive-
D/UsbnetService( 714): BroadcastReceiver::onReceive+
D/UsbnetService( 714): onReceive ACTION_USB_STATE: true
D/UsbnetService( 714): BroadcastReceiver::onReceive-
D/HABCtrl ( 714): TPE algorithm. remove timeout.
D/HABCtrl ( 714): ALG=2, lsvalue=10(0th)->40(1th), last_level=1, lValue=30->50
D/PMN ( 714): wakingUp
I/wpa_supplicant( 4359): SET_SCREEN_ON:On
I/wpa_supplicant( 4359): BG scan when screen On
I/wpa_supplicant( 4359): wlan0: Scan req: 0 sec 0 usec
I/wpa_supplicant( 4359): wlan0: wpa_supplicant_scan enter
I/wpa_supplicant( 4359): wlan0: Match BG scan, scan!
I/wpa_supplicant( 4359): wlan0: ap_scan=1 , scan_req =2
D/WirelessDisplayService( 714): ScreenReceiver;android.intent.action.SCREEN_ON,callOnGoing: false, Screen On: true
I/wpa_supplicant( 4359): Scan req (ret=0) - timeout 30 secs
D/WifiStateMachine( 714): fetchRssiAndLinkSpeedNative RSSI = -61 abnormalRssiCnt = 0 newLinkSpeed = 72
D/WifiStateMachine( 714): fetchRssiAndLinkSpeedNative mLinkspeedCount = 2, mLinkspeedSum: 144
E/qdexternal( 252): writeHPDOption: state file '/sys/devices/virtual/graphics/fb1/hpd' not found : ret-1 err str: Permission denied
D/SurfaceControl( 714): Excessive delay in unblankDisplay() while turning screen on: 227ms
D/NfcService( 1088): ScreenObserver: ON_LOCKED
I/InputMethodManagerService( 714): screenObserver, isScreenOn=true
I/InputMethodManagerService( 714): Enable input method client, pid=1102
D/PMS ( 714): OOBE c monitor 11
D/PMS ( 714): acquireWL(42b14b40): PARTIAL_WAKE_LOCK NfcService:mRoutingWakeLock 0x1 1088 1027
D/PMS ( 714): releaseWL(42b14b40): PARTIAL_WAKE_LOCK NfcService:mRoutingWakeLock 0x1
D/WifiService( 714): New client listening to asynchronous messages
D/PMS ( 714): acquireWL(42a23780): PARTIAL_WAKE_LOCK MailServicePowerLock_0 0x1 14417 10140
D/SmartSyncDataLinkTurnOffReceiver(12178): [interruptNightMode] bNightMode = true, nModeType = 4
D/SmartSyncDataLinkTurnOffReceiver(12178): isInNightModePeriod(), NOT in the night mode range
V/ShoeBox_LGG(12850): Action android.intent.action.ACTION_POWER_CONNECTED
V/ShoeBox_LGG(12850): POWER ON
D/PMS ( 714): acquireWL(429e04e8): PARTIAL_WAKE_LOCK StartBackgroundProcessing 0x1 12850 10047
V/ShoeBox_LGG(12850): mHandler, started...
D/UsbDeviceManager( 714): send Fake intent while setUsbConfig
W/ContextImpl( 714): Calling a method in the system process without a qualified user: android.app.ContextImpl.sendStickyBroadcast:1521 com.android.server.usb.UsbDeviceManager$UsbHandler.handleMessage:1489 android.os.Handler.dispatchMessage:102 android.os.Looper.loop:157 android.os.HandlerThread.run:61
I/ShoeBox_LGG(12850): [SBPW] New EngineReceiver, checking charge status : charging: true, screen off: false
I/ShoeBox_LGG(12850): MediaTypeExtract(fullComparison=false)
I/ShoeBox_LGG(12850): MCMExtractTask()
V/ShoeBox_LGG(12850): [SBPW]Starting service shoebox
I/ActivityManager( 714): Start proc com.google.android.apps.uploader for broadcast com.google.android.apps.uploader/com.google.android.picasasync.BatteryReceiver: pid=14443 uid=10141 gids={50141, 3003, 5012, 1028, 1015}
D/UsbDeviceManager( 714): [USBNET] sendStickyBroadcast ACTION_USB_CONNECT2PC: 1
D/MountService( 714): sharing = 0
D/PMS ( 714): releaseWL(42a23780): PARTIAL_WAKE_LOCK MailServicePowerLock_0 0x1
D/PMS ( 714): acquireWL(4288dc10): PARTIAL_WAKE_LOCK ShoeboxComputing 0x1 12850 10047
I/ShoeBox_LGG(12850): settings.setImport_time(1405189260)
D/OnDemandProgressBar( 920): release indeterminate drawable android.widget.OnDemandProgressBar{4275d1e8 G.ED.... ......I. 0,0-0,0 #102000d android:id/progress}
D/OnDemandProgressBar( 920): new OnDemandProgressBar android.widget.OnDemandProgressBar{4275d1e8 G.ED.... ......I. 0,0-0,0 #102000d android:id/progress}
I/RemoteViews.Performance( 920): android 0 81 1 10
V/KeyguardServiceDelegate( 714): **** SHOWN CALLED ****
I/WindowManager( 714): Lock screen displayed!
D/PMN ( 714): onScreenOn
V/LightsService( 714): setLight #0: color=#ff505050
D/libc (11542): [NET] getaddrinfo+,hn 14(0x7777772e676f6f),sn(),family 0,flags 4
D/libc (11542): [NET] getaddrinfo-,err=8
I/ShoeBox_LGG(12850): settings.setImport_time(1405189260)
V/LightsService( 714): setLight #0: color=#ff4e4e4e
I/ActivityManager( 714): Start proc com.android.chrome for broadcast com.android.chrome/com.google.android.apps.chrome.precache.PrecacheServiceLauncher: pid=14459 uid=10024 gids={50024, 3003, 5012, 1028, 1015}
I/RemoteViews.Performance( 920): com.google.android.gm 1 24 10 25
D/PhoneStatusBar( 920): new rot = 0, old rot = 0, config = {0 1.0 286mcc1mnc tr_TR ldltr sw360dp w360dp h615dp 480dpi nrml long port finger -keyb/v/h -nav/h s.560 skin=default fontsize=3 hasNavBar=0}
V/LightsService( 714): setLight #0: color=#ff4b4b4b
W/PropertyValuesHolder( 920): Method setMyDrawable() with type int not found on target class class android.widget.ImageView
D/PicasaUploader(14443): wifiOnlyPhoto changed to true
D/PicasaUploader(14443): wifiOnlyVideo changed to true
D/PicasaUploader(14443): syncOnBattery changed to true
D/PicasaUploaderSync(14443): sync account database
V/LightsService( 714): setLight #0: color=#ff494949
I/RemoteViews.Performance( 920): com.google.android.gm 1 6 0 1
V/LightsService( 714): setLight #0: color=#ff484848
I/RemoteViews.Performance( 920): com.google.android.gm 0 1 1 1
I/RemoteViews.Performance( 920): com.google.android.gm 0 1 0 1
I/RemoteViews.Performance( 920): com.google.android.gm 0 2 0 1
I/RemoteViews.Performance( 920): com.google.android.gm 0 2 0 1
I/RemoteViews.Performance( 920): com.google.android.gm 0 1 0 1
I/RemoteViews.Performance( 920): com.google.android.gm 0 1 0 1
I/RemoteViews.Performance( 920): com.google.android.gm 0 1 0 1
V/LightsService( 714): setLight #0: color=#ff464646
I/ActivityManager( 714): Start proc com.google.android.apps.plus for broadcast com.google.android.apps.plus/com.google.android.apps.photos.autobackup.AutoBackupEnvironment$BatteryReceiver: pid=14476 uid=10157 gids={50157, 3003, 5012, 3002, 1028, 1015}
W/Settings( 4610): Setting android_id has moved from android.provider.Settings.System to android.provider.Settings.Secure, returning read-only value.
D/PicasaUploaderSync(14443): accounts in DB=1
V/LightsService( 714): setLight #0: color=#ff454545
V/LightsService( 714): setLight #0: color=#ff444444
D/PMS ( 714): acquireWL(41c602e8): PARTIAL_WAKE_LOCK Wakeful StateMachine: GeofencerStateMachine 0x1 11542 10023
D/PMS ( 714): releaseWL(41c602e8): PARTIAL_WAKE_LOCK Wakeful StateMachine: GeofencerStateMachine 0x1
I/RemoteViews.Performance( 920): com.google.android.gm 1 19 0 11
D/PicasaUploaderSyncManager(14443): active network: NetworkInfo: type: WIFI[, type_ext: WIFI], state: CONNECTED/CONNECTED, reason: (unspecified), extra: "Halim", roaming: false, failover: false, isAvailable: true, isConnectedToProvisioningNetwork: false, isIpv4Connected: true, isIpv6Connected: false
I/RemoteViews.Performance( 920): com.google.android.gm 1 6 1 10
D/PicasaUploaderSyncManager(14443): background data: true
I/RemoteViews.Performance( 920): com.google.android.gm 1 7 1 11
V/LightsService( 714): setLight #0: color=#ff424242
V/LightsService( 714): setLight #0: color=#ff414141
W/PropertyValuesHolder( 920): Method setMyAlpha() with type float not found on target class class com.htc.lockscreen.ui.MastHeadWrap
W/PropertyValuesHolder( 920): Method setMyAlpha() with type float not found on target class class android.widget.LinearLayout
I/RemoteViews.Performance( 920): com.google.android.gm 0 5 1 10
I/RemoteViews.Performance( 920): com.google.android.gm 0 5 3 10
V/LightsService( 714): setLight #0: color=#ff404040
V/LightsService( 714): setLight #0: color=#ff3f3f3f
I/RemoteViews.Performance( 920): com.google.android.gm 1 5 1 10
D/PMS ( 714): acquireWL(429a2a78): PARTIAL_WAKE_LOCK *net_scheduler* 0x1 11445 10023
I/RemoteViews.Performance( 920): com.google.android.gm 3 9 12 10
D/WifiService( 714): releaseWifiLockLocked: WifiLock{NlpWifiLock type=2 binder=android.os.BinderProxy@42bba798}
D/PMS ( 714): releaseWL(4369d2a0): PARTIAL_WAKE_LOCK NlpCollectorWakeLock 0x1
V/LightsService( 714): setLight #0: color=#ff3e3e3e
I/RemoteViews.Performance( 920): com.google.android.gm 1 5 1 11
D/PMS ( 714): releaseWL(429a2a78): PARTIAL_WAKE_LOCK *net_scheduler* 0x1
V/LightsService( 714): setLight #0: color=#ff3d3d3d
D/GpsLocationProvider( 714): ServiceState.STATE_IN_SERVICE
D/WifiService( 714): @onServiceStateChanged: 0 0 home null null null UMTS HSDPA CSS not supported -1 -1 RoamInd=-1 DefRoamInd=-1EriInd= -1EriMode= -1RadioPowerSv: false EmergOnly=false PhoneType: 1 VoiceRoaming: false DataRoaming: false
D/WifiService( 714): MCC after camp network:
D/TelephonyRegistry( 714): This is not dual project
V/LightsService( 714): setLight #0: color=#ff3c3c3c
V/LightsService( 714): setLight #0: color=#ff3b3b3b
D/DialerApp(15795): StateReceiver(): onServiceStateChanged state=0
D/PicasaUploaderSyncManager(14443): battery info: true
V/LightsService( 714): setLight #0: color=#ff3a3a3a
I/ClockThread( 920): start update clock
I/ClockThread( 920): now=1405196969344 next=30656
V/LightsService( 714): setLight #0: color=#ff393939
I/QuickSettingAirplane( 920): getActualState:STATE_AIRPLANE_OFF airplaneOn:false radioAllOff:false
D/CarrierLabel( 920): ---------- mIntentReceiver : android.provider.Telephony.SPN_STRINGS_UPDATED
D/CarrierLabel( 920): mServiceStatus : 0
D/CarrierLabel( 920): updateNetworkNameExt(), mServiceStatus = 0
W/CarrierLabel( 920): updateNetworkNameExt: mSimState = UNKNOWN
D/CarrierLabel( 920): updateNetworkName showSpn=false spn=null showPlmn=true plmn=null
D/TelephonyCallback( 920): ServiceState: 0 UMTS 0 HSDPA -1 1
D/StatusBar.NetworkController( 920): dumpState[0 0 0 8 false UNKNOWN 108]
D/SIGNAL_ICON( 920): level=3/5
D/StatusBar.NetworkController( 920): dumpIcon[(gone) stat_sys_5signal_3|null stat_sys_wifi_signal_4 (gone) F]
V/LightsService( 714): setLight #0: color=#ff383838
V/LightsService( 714): setLight #0: color=#ff373737
V/LightsService( 714): setLight #0: color=#ff363636
V/LightsService( 714): setLight #0: color=#ff353535
D/TelephonyRegistry( 714): This is not dual project
V/LightsService( 714): setLight #0: color=#ff333333
D/TelephonyCallback( 920): SignalStrength: 5
D/SIGNAL_ICON( 920): level=5/5
D/StatusBar.NetworkController( 920): dumpIcon[(gone) stat_sys_5signal_5|null stat_sys_wifi_signal_4 (gone) F]
V/LightsService( 714): setLight #0: color=#ff323232
D/PMS ( 714): releaseWL(429e04e8): PARTIAL_WAKE_LOCK StartBackgroundProcessing 0x1
D/PMS ( 714): releaseWL(4288dc10): PARTIAL_WAKE_LOCK ShoeboxComputing 0x1
D/GpsLocationProvider( 714): ServiceState.STATE_IN_SERVICE
D/WifiService( 714): @onServiceStateChanged: 0 0 home TURKCELL TURKCELL 28601 UMTS HSDPA CSS not supported -1 -1 RoamInd=-1 DefRoamInd=-1EriInd= -1EriMode= -1RadioPowerSv: false EmergOnly=false PhoneType: 1 VoiceRoaming: false DataRoaming: false
D/WifiService( 714): MCC after camp network: 286
D/WifiService( 714): WIFI_COUNTRY_CODE set to tr after camp network
I/WifiService( 714): WifiService trying to set country code to tr with persist set to true
D/TelephonyRegistry( 714): This is not dual project
D/CarrierLabel( 920): ---------- mIntentReceiver : android.provider.Telephony.SPN_STRINGS_UPDATED
D/CarrierLabel( 920): mServiceStatus : 0
D/CarrierLabel( 920): updateNetworkNameExt(), mServiceStatus = 0
W/CarrierLabel( 920): updateNetworkNameExt: mSimState = UNKNOWN
D/CarrierLabel( 920): updateNetworkName showSpn=false spn=null showPlmn=true plmn=TURKCELL
D/WifiP2pService( 714): InactiveState{ when=0 what=143376 obj=tr target=com.android.internal.util.StateMachine$SmHandler }
D/WifiP2pService( 714): P2pEnabledState{ when=-1ms what=143376 obj=tr target=com.android.internal.util.StateMachine$SmHandler }
D/TelephonyCallback( 920): ServiceState: 0 UMTS 0 HSDPA -1 1
D/StatusBar.NetworkController( 920): dumpState[0 0 0 8 false UNKNOWN 108]
D/SIGNAL_ICON( 920): level=5/5
D/StatusBar.NetworkController( 920): dumpIcon[(gone) stat_sys_5signal_5|null stat_sys_wifi_signal_4 (gone) F]
I/QuickSettingAirplane( 920): getActualState:STATE_AIRPLANE_OFF airplaneOn:false radioAllOff:false
D/DialerApp(15795): StateReceiver(): onServiceStateChanged state=0
D/UsbnetService( 714): BroadcastReceiver::onReceive+
D/Tethering( 714): got USB_STATE change: usbConnected=true, mRndisEnabled=false, mUsbTetherRequested=false
D/UsbnetService( 714): onReceive ACTION_USB_STATE: true
D/UsbnetService( 714): BroadcastReceiver::onReceive-
V/UsbDeviceManager( 714): [USBNET] USB UEVENT: {USB_STATE=CONFIGURED, SUBSYSTEM=android_usb, DEVPATH=/devices/virtual/android_usb/android0, SEQNUM=434783, ACTION=change}
D/UsbDeviceManager( 714): [USBNET] handleMessage: 0; mConnected=true, mConfiguration=false
D/UsbDeviceManager( 714): sendStickyBroadcast: connected= true, configured= true; SetCurrentFunctions= mtp,adb,mass_storage,acm
I/PackageManager( 714): setEnabledSetting(), pkgName=com.google.android.apps.plus, clsName=com.google.android.apps.moviemaker.MovieMakerActivity, state=0, flag=1, pid=14476, uid=10157, userID:0
I/PackageManager( 714): setEnabledSetting(), pkgName=com.google.android.apps.plus, clsName=com.google.android.apps.moviemaker.analyzer.AnalyzerService, state=0, flag=1, pid=14476, uid=10157, userID:0
I/PackageManager( 714): setEnabledSetting(), pkgName=com.google.android.apps.plus, clsName=com.google.android.apps.moviemaker.service.PostCaptureAnalyzerService, state=0, flag=1, pid=14476, uid=10157, userID:0
I/PackageManager( 714): setEnabledSetting(), pkgName=com.google.android.apps.plus, clsName=com.google.android.apps.moviemaker.service.PluggedInAnalyzerService, state=0, flag=1, pid=14476, uid=10157, userID:0
I/PackageManager( 714): setEnabledSetting(), pkgName=com.google.android.apps.plus, clsName=com.google.android.apps.moviemaker.receiver.NewVideoReceiver, state=0, flag=1, pid=14476, uid=10157, userID:0
I/PackageManager( 714): setEnabledSetting(), pkgName=com.google.android.apps.plus, clsName=com.google.android.apps.moviemaker.receiver.PowerStatusReceiver, state=0, flag=1, pid=14476, uid=10157, userID:0
W/PropertyValuesHolder( 920): Method setMyAlpha() with type float not found on target class class com.htc.lockscreen.ui.MastHeadWrap
W/PropertyValuesHolder( 920): Method setMyAlpha() with type float not found on target class class android.widget.LinearLayout
W/PropertyValuesHolder( 920): Method setMyDrawable() with type int not found on target class class android.widget.ImageView
W/PropertyValuesHolder( 920): Method setMyDrawable() with type int not found on target class class android.widget.ImageView
D/PMS ( 714): acquireWL(428a61f0): PARTIAL_WAKE_LOCK AlarmManager 0x1 714 1000
V/AlarmManager( 714): sending alarm PendingIntent{42ce7c08: PendingIntentRecord{429cdac8 com.facebook.katana broadcastIntent}}, i=com.facebook.push.mqtt.keepalive.KeepaliveManager.ACTION_INEXACT_ALARM.com.facebook.katana, t=2, cnt=1, w=1668016601, Int=900000
V/AlarmManager( 714): sending alarm PendingIntent{432f9e90: PendingIntentRecord{426cf298 com.domobile.applock startService}}, i=null, t=3, cnt=1, w=1668017574, Int=300
I/ActivityManager( 714): Start proc com.nero.android.htc.sync for broadcast com.nero.android.htc.sync/.FOTAReceiver: pid=14523 uid=10009 gids={50009, 1023, 3003, 5012, 1007, 1028, 1015, 1018}
D/Process ( 714): killProcessQuiet, pid=12075
D/Process ( 714): com.android.server.am.ActivityManagerService.killUnneededProcessLocked:7501 com.android.server.am.ActivityManagerService.updateOomAdjLocked:16914 com.android.server.am.ActivityManagerService.removeContentProvider:8593
V/PeopleApp(15795): Start ReQuery PreLoadCursor
I/PeopleApp(15795): Preload all people cursor with - displayOnlyPhones: false
I/ActivityManager( 714): Killing 12075:com.htc.opensense.social/u0a20 (adj 15): empty #21
I/Adreno-EGL(14476): : EGL 1.4 QUALCOMM build: (CL4169980)
I/Adreno-EGL(14476): OpenGL ES Shader Compiler Version: 17.01.10.SPL
I/Adreno-EGL(14476): Build Date: 12/25/13 Wed I/Adreno-EGL(14476): Local Branch:
I/Adreno-EGL(14476): Remote Branch:
I/Adreno-EGL(14476): Local Patches:
I/Adreno-EGL(14476): Reconstruct Branch:
I/ActivityManager( 714): Recipient 12075
D/SyncApplication(14523): Loading default preferences
W/Resources(14523): Converting to string: TypedValue{t=0x12/d=0x0 a=4 r=0x7f0c001a}
D/WifiService( 714): New client listening to asynchronous messages
D/SyncApplication(14523): Overriding preferences with custom values
D/SyncApplication(14523): Updating preferences succeeded
E/SyncApplication(14523): Application created.
D/VolumeInfo(14523): check the sys-path: /sys/devices/platform/msm_hsusb_host
V/VolumeInfo(14523): New VolumeInfo with mount point /storage/usb and sys path /sys/devices/platform/msm_hsusb_host created
D/VolumeInfo(14523): read cached Id for /storage/usb/ from the preference: /storage/usb/
I/CalendarDefines(14523): getNewCalendarAuthority()...
I/VolumeInfo(14523): The path '/storage/usb/' is not mounted. => does not read the Volume-ID from the card.
I/VolumeInfo(14523): The read volumeID is null => using the cached one: (null)
V/VolumeInfo(14523): Found 1 mount point(s)
D/SyncApplication(14523): enableAppOperation()+
V/VolumeInfo(14523): Failed to get the complete information of the mount-point; It will be removed from the volumes: /storage/usb
V/VolumeInfo(14523): New VolumeInfo with mount point /storage/emulated/0 and sys path null created
D/VolumeInfo(14523): read cached Id for /storage/emulated/0/ from the preference: /storage/emulated/0/
D/SyncApplication(14523): enableAppOperation()-
D/HTCUtilities(14523): isNeorSinged() +
I/PackageManager( 714): setEnabledSetting(), pkgName=com.nero.android.htc.sync, clsName=com.nero.android.neroconnect.accounts.Calendar2SyncService, state=1, flag=1, pid=14523, uid=10009, userID:0
W/PackageManager( 714): Failed setComponentEnabledSetting: component class com.nero.android.neroconnect.accounts.Calendar2SyncService does not exist in com.nero.android.htc.sync
I/PackageManager( 714): setEnabledSetting(), pkgName=com.nero.android.htc.sync, clsName=com.nero.android.neroconnect.accounts.CalendarSyncService, state=2, flag=1, pid=14523, uid=10009, userID:0
W/PackageManager( 714): Failed setComponentEnabledSetting: component class com.nero.android.neroconnect.accounts.CalendarSyncService does not exist in com.nero.android.htc.sync
D/VolumeInfo(14523): Read the volume-id from the sd card: {B7D985E5-0FB1-497C-9633-5A3E07DDE2AC}
W/VolumeInfo(14523): Can not create volume ID for unmounted volume null
D/HTCUtilities(14523): sb=Certificate subject: O=Nero AG, L=76307 Karlsbad, C=DE
Certificate issuer: O=Nero AG, L=76307 Karlsbad, C=DE
Certificate serial number: 1253517641
D/HTCUtilities(14523): isNeorSinged() return true
D/FOTAReceiver(14523): onReceive() enter
V/AlarmManager( 714): sending alarm PendingIntent{432f9e90: PendingIntentRecord{426cf298 com.domobile.applock startService}}, i=null, t=3, cnt=1, w=1668017874, Int=300
D/Process ( 714): killProcessQuiet, pid=13224
D/Process ( 714): com.android.server.am.ActivityManagerService.killUnneededProcessLocked:7501 com.android.server.am.ActivityManagerService.updateOomAdjLocked:16914 com.android.server.am.ActivityManagerService.removeContentProvider:8593
I/ActivityManager( 714): Killing 13224:com.google.android.talk/u0a173 (adj 15): empty #21
D/TetherSettings(12663): CustomizedNS:true CustomizedML:false CustomizedSPCSC:false CustomizedIPT:true CustomizedSingleUSBfalse
D/ (12663): Cust_ConnectToPC : Internet_Sharing>true
D/ (12663): Cust_ConnectToPC : Modem_Link>false
D/ (12663): Cust_ConnectToPC : spcsc>false
D/ (12663): Cust_ConnectToPC : IPT>true
D/ (12663): Cust_ConnectToPC : Singel_USB>false
D/SmartNS_NSReceiver(12663): project = Verizon, plugged = 2, support_extension = 0, unsupport_charger = false
D/SmartNS_NSReceiver(12663): Index of the first 1 = -1
W/Settings(12663): Setting tethering_blocked has moved from android.provider.Settings.Secure to android.provider.Settings.Global.
D/SmartNS_Utility(12663): [ACC]Settings-Wireless_+_network-USB_tethering_:usb_storage_notification=false
D/SmartNS_NSReceiver(12663): onReceive : com.htc.intent.action.BATTERY_CHANGE_PARTIAL hasTethered:false isNSOpening:false
W/ContextImpl(12663): Calling a method in the system process without a qualified user: android.app.ContextImpl.sendBroadcast:1363 android.content.ContextWrapper.sendBroadcast:372 android.content.ContextWrapper.sendBroadcast:372 com.android.settings.NSReceiver.onReceive:170 android.app.ActivityThread.handleReceiver:2845
I/ActivityManager( 714): Recipient 13224
D/MtpReceiver(24020): [MTP][MtpReceiver][onReceive]+
D/MtpReceiver(24020): [MP][DEBUG][MtpReceiver] requestFullScanForMTP
D/MtpReceiver(24020): [MP][DEBUG][MtpReceiver] requestFullScanForMTP dir = /storage/emulated/0
D/MtpReceiver(24020): [MTP][MtpReceiver][onReceive]1-
D/MtpReceiver(24020): [MTP][handleMessage][startService]
D/MtpReceiver(24020): [MTP][handleMessage][UsbManager.USB_CONNECTED][insert]+
D/MediaProvider(24020): bindService() MTP Service Connection.
D/MtpReceiver(24020): [MTP][handleMessage]-
D/SmartSyncUtils(12178): getMobilePolicyEnabled, result = true
D/TetherSettings(12663): CustomizedNS:true CustomizedML:false CustomizedSPCSC:false CustomizedIPT:true CustomizedSingleUSBfalse
D/ (12663): Cust_ConnectToPC : Internet_Sharing>true
D/ (12663): Cust_ConnectToPC : Modem_Link>false
D/ (12663): Cust_ConnectToPC : spcsc>false
D/ (12663): Cust_ConnectToPC : IPT>true
D/ (12663): Cust_ConnectToPC : Singel_USB>false
W/Settings(12663): Setting tethering_blocked has moved from android.provider.Settings.Secure to android.provider.Settings.Global.
D/TetherSettings(12663): CustomizedNS:true CustomizedML:false CustomizedSPCSC:false CustomizedIPT:true CustomizedSingleUSBfalse
D/ (12663): Cust_ConnectToPC : Internet_Sharing>true
D/ (12663): Cust_ConnectToPC : Modem_Link>false
D/ (12663): Cust_ConnectToPC : spcsc>false
D/ (12663): Cust_ConnectToPC : IPT>true
D/ (12663): Cust_ConnectToPC : Singel_USB>false
W/ContextImpl( 714): Calling a method in the system process without a qualified user: android.app.ContextImpl.startService:1719 android.content.ContextWrapper.startService:501 android.content.ContextWrapper.startService:501 com.htc.smartdim.SystemIntentReceiver.onReceive:135 android.app.ActivityThread.handleReceiver:2845
W/Settings(12663): Setting tethering_blocked has moved from android.provider.Settings.Secure to android.provider.Settings.Global.
D/SmartNS_Utility(12663): [ACC]Settings-Wireless_+_network-USB_tethering_:usb_storage_notification=false
D/SmartNS_NSReceiver(12663): onReceive : com.htc.intent.action.USB_CONNECT2PC hasTethered:false isNSOpening:false
D/SmartNS_Utility(12663): usb_cable_connect = 1
D/SmartNS_Utility(12663): usb_denied = 0
D/MediaScannerServiceEx(24020): [ServiceHandler][handleMessage]+external
D/MediaScannerServiceEx(24020): [ServiceHandler][handleMessage] volume: external, action: android.intent.action.MEDIA_MOUNTED, Id: 0, path: /storage/emulated/0
D/MediaScannerServiceEx(24020): ignoreDirectories[ 0 ] = /storage/usb
I/SmartNS_NSReceiver(12663): locked:truesecurity:falseisLocked:false
D/SmartNS_NSReceiver(12663): USB = true hasTethered = false isNSOpening: false
I/PSReceiver(12663): onReceive:com.htc.intent.action.USB_CONNECT2PC
I/SmartNS_PSService(12663): onReceive:com.htc.intent.action.USB_CONNECT2PC
W/ContextImpl(12663): Calling a method in the system process without a qualified user: android.app.ContextImpl.startService:1719 android.content.ContextWrapper.startService:501 android.content.ContextWrapper.startService:501 com.android.settings.PSReceiver.onReceive:36 android.app.ActivityThread.handleReceiver:2845
I/ActivityManager( 714): Delay finish: com.android.settings/.PSReceiver
D/PMS ( 714): acquireWL(4369f478): PARTIAL_WAKE_LOCK wake:com.google.android.apps.plus/.service.CameraMonitor$MediaTrackerIntentService 0x1 14476 10157
D/MediaScannerServiceEx(24020): [AliveExtStorageRows]+65537, 11223344
W/Settings(12663): Setting tethering_blocked has moved from android.provider.Settings.Secure to android.provider.Settings.Global.
I/SmartNS_PSService(12663): defaultType:0
I/SmartNS_PSService(12663): fail notificaiton:false
D/MtpService(24020): updating state; isCurrentUser=true, mMtpLocked=false
D/MtpService(24020): addStorageInternal without MtpServer
D/SmartNS_Utility(12663): usb_cable_connect = 1
D/SmartNS_Utility(12663): usb_denied = 0
D/MtpService(24020): [MTP][onCreate]-
I/SmartNS_PSService(12663): usb notificaiton:true
W/PropertyValuesHolder( 920): Method setMyAlpha() with type float not found on target class class com.htc.lockscreen.ui.ForegroundContainer
V/Tethering( 714): mTetherableUsbRegexs:{(usb0)}
V/Tethering( 714): blHotspotCid:true
V/Tethering( 714): blHotSpotNonCid:true
V/Tethering( 714): bSetPropertyMultiRAB:false
V/Tethering( 714): DHCP {(192.168.42.2)(192.168.42.254)(192.168.44.2)(192.168.44.254)(192.168.45.2)(192.168.45.254)(192.168.46.2)(192.168.46.254)(192.168.47.2)(192.168.47.254)(192.168.48.2)(192.168.48.254)}, DUN=true/false, upif={(usb0)} {(wl0.1)(tiap0)(wlan0)(wlan1)(softap.0)}
D/SmartNS_Utility(12663): usb_cable_connect = 1
D/SmartNS_Utility(12663): usb_denied = 0
I/SmartNS_PSService(12663): usb notificaiton:true
V/Tethering( 714): mTetherableUsbRegexs:{(usb0)}
V/Tethering( 714): blHotspotCid:true
V/Tethering( 714): blHotSpotNonCid:true
V/Tethering( 714): bSetPropertyMultiRAB:false
V/Tethering( 714): DHCP {(192.168.42.2)(192.168.42.254)(192.168.44.2)(192.168.44.254)(192.168.45.2)(192.168.45.254)(192.168.46.2)(192.168.46.254)(192.168.47.2)(192.168.47.254)(192.168.48.2)(192.168.48.254)}, DUN=true/false, upif={(usb0)} {(wl0.1)(tiap0)(wlan0)(wlan1)(softap.0)}
V/AlarmManager( 714): sending alarm PendingIntent{432f9e90: PendingIntentRecord{426cf298 com.domobile.applock startService}}, i=null, t=3, cnt=1, w=1668018174, Int=300
D/MtpService(24020): [MTP] startForeground
D/MtpService(24020): updating state; isCurrentUser=true, mMtpLocked=false
D/SmartNS_Utility(12663): usb_cable_connect = 1
D/SmartNS_Utility(12663): usb_denied = 0
D/MtpDatabase(24020): TotalSize=1824164,MediaCacheLimit=6000
D/MtpService(24020): starting MTP server in MTP mode
D/MtpService(24020): addStorageInternal 65537 /storage/emulated/0
D/AppWidgetHostView( 1102): updateAppWidget mInfo = AppWidgetProviderInfo(provider=ComponentInfo{com.levelup.beautifulwidgets.free/com.levelup.beautifulwidgets.core.ui.widgets.clock.ClockWidget42})
I/SmartNS_PSService(12663): KeyGuard locked:trueKeyGuard is secured:false
I/SmartNS_PSService(12663): usb notificaiton:true
V/Tethering( 714): mTetherableUsbRegexs:{(usb0)}
V/Tethering( 714): blHotspotCid:true
V/Tethering( 714): blHotSpotNonCid:true
V/Tethering( 714): bSetPropertyMultiRAB:false
V/Tethering( 714): DHCP {(192.168.42.2)(192.168.42.254)(192.168.44.2)(192.168.44.254)(192.168.45.2)(192.168.45.254)(192.168.46.2)(192.168.46.254)(192.168.47.2)(192.168.47.254)(192.168.48.2)(192.168.48.254)}, DUN=true/false, upif={(usb0)} {(wl0.1)(tiap0)(wlan0)(wlan1)(softap.0)}
I/RemoteViews.Performance( 1102): com.levelup.beautifulwidgets.free 1 2 74
D/SmartNS_PSService(12663): USB Plugged, Set USBPlugged= truePSenabled:false
D/PMS ( 714): acquireWL(42ca7700): PARTIAL_WAKE_LOCK fingerprint_scanner_static 0x1 14476 10157
D/PMS ( 714): acquireWL(42c818f8): PARTIAL_WAKE_LOCK fingerprint_scanner_local 0x1 14476 10157
D/OnDemandProgressBar( 920): release indeterminate drawable android.widget.OnDemandProgressBar{42865fc8 G.ED.... ......I. 0,0-0,0 #102000d android:id/progress}
D/OnDemandProgressBar( 920): new OnDemandProgressBar android.widget.OnDemandProgressBar{42865fc8 G.ED.... ......I. 0,0-0,0 #102000d android:id/progress}
D/MtpService(24020): [checkStorageState] Storage state - mounted
D/MtpService(24020): [addStorageToMtpLocked] MtpAddStorage - /storage/emulated/0
I/RemoteViews.Performance( 920): com.android.settings 4 66 1 10
D/PMS ( 714): releaseWL(42ca7700): PARTIAL_WAKE_LOCK fingerprint_scanner_static 0x1
D/OnDemandProgressBar( 920): release indeterminate drawable android.widget.OnDemandProgressBar{41adf890 G.ED.... ......I. 0,0-0,0 #102000d android:id/progress}
D/OnDemandProgressBar( 920): new OnDemandProgressBar android.widget.OnDemandProgressBar{41adf890 G.ED.... ......I. 0,0-0,0 #102000d android:id/progress}
I/RemoteViews.Performance( 920): com.android.providers.media 1 27 0 10
D/OnDemandProgressBar( 920): release indeterminate drawable android.widget.OnDemandProgressBar{42ab1c68 G.ED.... ......I. 0,0-0,0 #102000d android:id/progress}
D/OnDemandProgressBar( 920): new OnDemandProgressBar android.widget.OnDemandProgressBar{42ab1c68 G.ED.... ......I. 0,0-0,0 #102000d android:id/progress}
I/RemoteViews.Performance( 920): com.android.providers.media 0 28 0 15
W/PropertyValuesHolder( 920): Method setMoveY() with type int not found on target class class com.htc.lockscreen.drag.DragView
W/PropertyValuesHolder( 920): Method setMyAlpha() with type float not found on target class class com.htc.lockscreen.drag.DragView
I/RemoteViews.Performance( 920): com.android.settings 0 1 10
I/RemoteViews.Performance( 920): com.android.settings 0 1 10
D/PMS ( 714): releaseWL(4369f478): PARTIAL_WAKE_LOCK wake:com.google.android.apps.plus/.service.CameraMonitor$MediaTrackerIntentService 0x1
V/AlarmManager( 714): sending alarm PendingIntent{432f9e90: PendingIntentRecord{426cf298 com.domobile.applock startService}}, i=null, t=3, cnt=1, w=1668018474, Int=300
D/MediaProvider(24020): [update][394]#1#
D/MediaProvider(24020): [update][27]#0#
D/MediaProvider(24020): [update][31]#0#
D/MediaScannerServiceEx(24020): [deleteRowsEqualVolid]+65537
D/MediaProvider(24020): [delete][34]#0#
D/MediaScannerServiceEx(24020): [deleteRowsEqualVolid]-0
D/MediaProvider(24020): [sendStorageAddedIfNeed]: /storage/emulated/0 : mounted
D/MtpService(24020): [sendStorageAdded] Already send to MTP: /storage/emulated/0
D/MediaProvider(24020): [update][8]#1#
D/MediaScannerServiceEx(24020): [AliveExtStorageRows]-1, 0, 0
D/MediaScannerServiceEx(24020): [deleteNonUseAlbumArts]+
D/MediaScannerServiceEx(24020): [deleteNonUseAlbumArts]-
D/MediaScannerServiceEx(24020): [ServiceHandler][handleMessage][EXTERNAL]-android.intent.action.MEDIA_MOUNTED,[Ljava.lang.String;@41cce4d0
D/PMS ( 714): acquireWL(42600848): PARTIAL_WAKE_LOCK MediaScannerServiceEx 0x1 24020 10029
E/MediaProvider(24020): no database for attached volume content://media/external
D/MediaScannerServiceEx(24020): getDefaultLocale =tr_TR
D/MediaScannerServiceEx(24020): [scan]+external,/storage/emulated/0
D/MediaScanner(24020): =====scanDirectories===== volumeName = external , scanAllFile = true , layer = -1
D/MediaScanner(24020): Ignore scan directories /storage/usb
D/MediaScanner(24020): Ignore scan directories null
D/CDMountReceiver(14523): receive action: com.htc.intent.action.USB_CONNECT2PC connected :true
D/PMS ( 714): releaseWL(42c818f8): PARTIAL_WAKE_LOCK fingerprint_scanner_local 0x1
I/ActivityManager( 714): Resuming delayed broadcast
D/CDMountReceiver(14523): USB connected to PC
D/FOTAReceiver(14523): onReceive() enter
D/FOTAReceiver(14523): receive action: com.htc.intent.action.USB_CONNECT2PC connected :true
D/PMS ( 714): acquireWL(4213d130): PARTIAL_WAKE_LOCK SWITCH_NETWORK_MODE_WAKE_LOCK_0 0x1 16187 10020
D/KeyguardViewMediator( 920): keyguardDone(true, true)
D/AutoSetting(16187): receiver - intent: android.intent.action.SERVICE_STATE
D/PMS ( 714): releaseWL(4213d130): PARTIAL_WAKE_LOCK SWITCH_NETWORK_MODE_WAKE_LOCK_0 0x1
D/PMS ( 714): acquireWL(41d2a9d8): PARTIAL_WAKE_LOCK SWITCH_NETWORK_MODE_WAKE_LOCK_0 0x1 16187 10020
W/AudFlgTh( 266): Using by PID 920, ProcessName:com.android.systemui
D/PMS ( 714): acquireWL(41c46538): PARTIAL_WAKE_LOCK AudioMix 0x1 266 1013
D/StatusBarManager( 920): disable=0x0 pid=920 pkg=com.android.keyguard thread=main token=android.os.Binder@41e963c0
V/AlarmManager( 714): sending alarm PendingIntent{432f9e90: PendingIntentRecord{426cf298 com.domobile.applock startService}}, i=null, t=3, cnt=1, w=1668018774, Int=300
E/AudioStreamOutALSA( 266): PCM_Write set_amp_mode,1
W/HtcAudFlgTh( 266): ThreadLoop_wrtie blocking by HAL 30001150ns, the mixerBufferTime is 10666666
D/MtpService(24020): [MTP][onReceive]+android.intent.action.USER_PRESENT
D/MtpService(24020): [MTP][onReceive]-
I/FeedHostManager( 1102): [onResume]
I/FeedProviderManager( 1102): onResume
I/FeedPager( 1102): [updatePages] total: 30, current: 1, map: 3, add: 0, reload: 3
I/SocialFeedProvider( 1102): +onResume
I/SocialFeedProvider( 1102): updateAccounts - Accounts is no change
I/SocialFeedProvider( 1102): -onResume
D/PMS ( 714): acquireWL(42d54d68): PARTIAL_WAKE_LOCK *net_scheduler* 0x1 11445 10023
I/ActivityManager( 714): Cannot resolve ContentProvider=com.htc.idlescreen.setting.provider
