D/LocationManagerService( 714): request 427864e0 passive Request[POWER_NONE passive fastest=+5s0ms] from com.htc.htclocationservice(10020)
D/LocationManagerService( 714): provider request: passive ProviderRequest[ON interval=0]
V/Nextpeer(17175): Nextpeer push service requires internet connection. Your AndroidManifest.xml file should include 'android.permission.RECEIVE_BOOT_COMPLETED' permission
I/eFrame (13035): pkgname_before:com.htc.launcher class:com.whatsapp.Conversation
D/Process ( 714): killProcessQuiet, pid=13035
D/Process ( 714): com.android.server.am.ActivityManagerService.killUnneededProcessLocked:7501 com.android.server.am.ActivityManagerService.removeProcessLocked:5273 com.android.server.am.ActivityManagerService.killPackageProcessesLocked:5081
D/AppWidgetHostView( 1102): updateAppWidget mInfo = AppWidgetProviderInfo(provider=ComponentInfo{com.levelup.beautifulwidgets.free/com.levelup.beautifulwidgets.core.ui.widgets.clock.ClockWidget42})
I/RemoteViews.Performance( 1102): com.levelup.beautifulwidgets.free 0 3 74
I/ActivityManager( 714): Displayed com.whatsapp/.Conversation: +400ms
V/PanelView( 920): animationTick called with dtms=0; nothing to do (h=1920.0 v=-6000.0)
D/WifiStateMachine( 714): fetchRssiAndLinkSpeedNative RSSI = -54 abnormalRssiCnt = 0 newLinkSpeed = 72
D/WifiStateMachine( 714): fetchRssiAndLinkSpeedNative mLinkspeedCount = 1, mLinkspeedSum: 72
D/PanelView( 920): receiverMode:false
I/InputMethodManager(12771): [startInputInner] EditorInfo { packageName=com.whatsapp, inputType=0x2c001, imeOptions=0x54000004, privateImeOptions=null }, windowGainingFocus=android.view.ViewRootImpl$W@41c38c68, mServedView=com.whatsapp.ConversationTextEntry{41df4728 VFED.VCL .F....ID 144,13-936,131 #7f08013d app:id/entry}
D/NfcService( 1088): NFC-C ON
I/TrimMemoryManager( 1102): [trimMemory] 20
W/Settings(13443): Setting android_id has moved from android.provider.Settings.System to android.provider.Settings.Secure, returning read-only value.
W/Settings(13443): Setting android_id has moved from android.provider.Settings.System to android.provider.Settings.Secure, returning read-only value.
W/Settings(13443): Setting android_id has moved from android.provider.Settings.System to android.provider.Settings.Secure, returning read-only value.
I/NotificationRowLayout( 920): setLayoutTransitionsEnabled:false
I/PhoneStatusBar( 920): releaseTextureCache:true
D/WifiStateMachine( 714): fetchRssiAndLinkSpeedNative RSSI = -50 abnormalRssiCnt = 0 newLinkSpeed = 72
D/WifiStateMachine( 714): fetchRssiAndLinkSpeedNative mLinkspeedCount = 2, mLinkspeedSum: 144
D/WifiStateMachine( 714): fetchRssiAndLinkSpeedNative RSSI = -45 abnormalRssiCnt = 0 newLinkSpeed = 72
D/WifiStateMachine( 714): fetchRssiAndLinkSpeedNative mLinkspeedCount = 3, mLinkspeedSum: 216
D/WifiStateMachine( 714): fetchRssiAndLinkSpeedNative RSSI = -44 abnormalRssiCnt = 0 newLinkSpeed = 72
D/WifiStateMachine( 714): fetchRssiAndLinkSpeedNative mLinkspeedCount = 4, mLinkspeedSum: 288
I/MediaPlayer(12771): setLPAflag() in
D/MediaPlayer(12771): SystemProperties.get htc.audio.mirrorlink.status:
D/WirelessDisplayService( 714): getMirrorDisplayStatus:falsecurState:1
D/MediaPlayer(12771): set AwesomePlayer LPA flag to false +
D/MediaPlayer(12771): set AwesomePlayer LPA flag to false -
I/MediaPlayer(12771): setLPAflag() out
W/MediaPlayer(12771): info/warning (1, 902)
D/HtcDeviceInfoManager( 714): MediaReceiver.onReceive
D/[MediaPluginDLNA](12771): [getIsRegionSupported] sRegionCode: 6
D/WirelessDisplayService( 714): getMirrorDisplayStatus:falsecurState:1
D/[MediaPluginDLNA](12771): not in Mirror mode
D/MediaPlayer(12771): doStart() in
D/MediaPlayer(12771): Htc_getIntParameter = 902
E/OMXNodeInstance( 266): OMX_FreeBuffer for buffer header 0xb8f9b990 successful
E/OMXNodeInstance( 266): OMX_FreeBuffer for buffer header 0xb8f9bb28 successful
E/OMXNodeInstance( 266): OMX_FreeBuffer for buffer header 0xb8f9bc68 successful
E/OMXNodeInstance( 266): OMX_FreeBuffer for buffer header 0xb8f9bd90 successful
W/AudFlgTh( 266): Using by PID 12771, ProcessName:com.whatsapp
D/AutoSetting(16187): service - mRequestRunnable: screen on delay 10s, request NLP now
D/AutoSetting(16187): service - requestNLP() to last request within 2hrs, don't request 2266744
E/AudioStreamOutALSA( 266): PCM_Write set_amp_mode,1
W/HtcAudFlgTh( 266): ThreadLoop_wrtie blocking by HAL 28811231ns, the mixerBufferTime is 10666666
V/HtcDeviceInfoManager( 714): act=1, pid=12771, type=1, hashCode=421bc7c0
E/AudioSink( 266): received unknown event type: 1 inside CallbackWrapper !
D/MediaPlayer(12771): Mediaplayer receives message, message type: 200
D/MediaPlayer(12771): Mediaplayer receives message, message type: 5
D/MediaPlayer(12771): Mediaplayer receives message, message type: 1
E/MediaPlayer(12771): Should have subtitle controller already set
D/MediaPlayer(12771): Mediaplayer receives message, message type: 6
D/ContactMessageStore( 1066): MSG_NOTIFY_CS_TO_SYNC >>
D/ContactMessageStore( 1066): MSG_NOTIFY_CS_TO_SYNC <<
D/HtcDeviceInfoManager( 714): MediaReceiver.onReceive
V/HtcDeviceInfoManager( 714): act=2, pid=12771, type=1, hashCode=421bc7c0
D/MediaPlayer(12771): release() in
D/HtcDeviceInfoManager( 714): MediaReceiver.onReceive
E/OMXNodeInstance( 266): OMX_FreeBuffer for buffer header 0xb8f9b848 successful
E/OMXNodeInstance( 266): OMX_FreeBuffer for buffer header 0xb8eb4d70 successful
E/OMXNodeInstance( 266): OMX_FreeBuffer for buffer header 0xb8e1a8f0 successful
E/OMXNodeInstance( 266): OMX_FreeBuffer for buffer header 0xb8e05f08 successful
E/OMXNodeInstance( 266): OMX_FreeBuffer for buffer header 0xb8f9c610 successful
E/OMXNodeInstance( 266): OMX_FreeBuffer for buffer header 0xb8f9c4e8 successful
E/OMXNodeInstance( 266): OMX_FreeBuffer for buffer header 0xb8f9c410 successful
E/OMXNodeInstance( 266): OMX_FreeBuffer for buffer header 0xb8f9c338 successful
D/MediaPlayer(12771): release() out
V/HtcDeviceInfoManager( 714): act=2, pid=12771, type=1, hashCode=421bc7c0
I/MediaPlayer(12771): setLPAflag() in
D/MediaPlayer(12771): SystemProperties.get htc.audio.mirrorlink.status:
D/WirelessDisplayService( 714): getMirrorDisplayStatus:falsecurState:1
D/MediaPlayer(12771): set AwesomePlayer LPA flag to false +
D/MediaPlayer(12771): set AwesomePlayer LPA flag to false -
I/MediaPlayer(12771): setLPAflag() out
W/MediaPlayer(12771): info/warning (1, 902)
D/HtcDeviceInfoManager( 714): MediaReceiver.onReceive
D/[MediaPluginDLNA](12771): [getIsRegionSupported] sRegionCode: 6
D/WirelessDisplayService( 714): getMirrorDisplayStatus:falsecurState:1
V/HtcDeviceInfoManager( 714): act=1, pid=12771, type=1, hashCode=41e69d38
D/[MediaPluginDLNA](12771): not in Mirror mode
D/MediaPlayer(12771): doStart() in
D/MediaPlayer(12771): Htc_getIntParameter = 902
E/OMXNodeInstance( 266): OMX_FreeBuffer for buffer header 0xb8df5088 successful
E/OMXNodeInstance( 266): OMX_FreeBuffer for buffer header 0xb8de6580 successful
E/OMXNodeInstance( 266): OMX_FreeBuffer for buffer header 0xb8de66c0 successful
E/OMXNodeInstance( 266): OMX_FreeBuffer for buffer header 0xb8eacca8 successful
W/AudFlgTh( 266): Using by PID 12771, ProcessName:com.whatsapp
D/WifiStateMachine( 714): fetchRssiAndLinkSpeedNative RSSI = -44 abnormalRssiCnt = 0 newLinkSpeed = 72
D/WifiStateMachine( 714): fetchRssiAndLinkSpeedNative mLinkspeedCount = 5, mLinkspeedSum: 360
D/WifiStateMachine( 714): fetchRssiAndLinkSpeedNative: Update RSSI:-47 and linkspeed:72 in database
D/WifiApDatabaseHandler( 714): updateConnectedAP...
E/AudioSink( 266): received unknown event type: 1 inside CallbackWrapper !
D/MediaPlayer(12771): Mediaplayer receives message, message type: 200
D/MediaPlayer(12771): Mediaplayer receives message, message type: 5
D/MediaPlayer(12771): Mediaplayer receives message, message type: 1
E/MediaPlayer(12771): Should have subtitle controller already set
D/MediaPlayer(12771): Mediaplayer receives message, message type: 6
I/RemoteViews.Performance( 920): com.cleanmaster.mguard 0 1 20
I/RemoteViews.Performance( 920): com.cleanmaster.mguard 0 14 8 20
I/RemoteViews.Performance( 920): com.cleanmaster.mguard 1 14 9 18
I/RemoteViews.Performance( 920): com.cleanmaster.mguard 0 50 4
D/MediaPlayer(12771): Mediaplayer receives message, message type: 7
E/MediaPlayer(12771): internal/external state mismatch corrected
D/MediaPlayer(12771): Mediaplayer receives message, message type: 2
D/MediaPlayer(12771): U58 Send PlaybackCompleteEvent
D/HtcDeviceInfoManager( 714): MediaReceiver.onReceive
V/HtcDeviceInfoManager( 714): act=2, pid=12771, type=1, hashCode=41e69d38
D/WifiStateMachine( 714): fetchRssiAndLinkSpeedNative RSSI = -43 abnormalRssiCnt = 0 newLinkSpeed = 72
D/WifiStateMachine( 714): fetchRssiAndLinkSpeedNative mLinkspeedCount = 1, mLinkspeedSum: 72
D/WifiStateMachine( 714): fetchRssiAndLinkSpeedNative RSSI = -43 abnormalRssiCnt = 0 newLinkSpeed = 72
D/WifiStateMachine( 714): fetchRssiAndLinkSpeedNative mLinkspeedCount = 2, mLinkspeedSum: 144
D/WifiStateMachine( 714): fetchRssiAndLinkSpeedNative RSSI = -44 abnormalRssiCnt = 0 newLinkSpeed = 72
D/WifiStateMachine( 714): fetchRssiAndLinkSpeedNative mLinkspeedCount = 3, mLinkspeedSum: 216
D/HtcDeviceInfoManager( 714): MediaReceiver.onReceive
V/HtcDeviceInfoManager( 714): act=2, pid=12771, type=1, hashCode=41e69d38
D/MediaPlayer(12771): release() in
D/HtcDeviceInfoManager( 714): MediaReceiver.onReceive
E/OMXNodeInstance( 266): OMX_FreeBuffer for buffer header 0xb8ded080 successful
E/OMXNodeInstance( 266): OMX_FreeBuffer for buffer header 0xb8decfc8 successful
E/OMXNodeInstance( 266): OMX_FreeBuffer for buffer header 0xb8dd5cf8 successful
E/OMXNodeInstance( 266): OMX_FreeBuffer for buffer header 0xb8dd5e08 successful
E/OMXNodeInstance( 266): OMX_FreeBuffer for buffer header 0xb8eacc08 successful
E/OMXNodeInstance( 266): OMX_FreeBuffer for buffer header 0xb8df5048 successful
E/OMXNodeInstance( 266): OMX_FreeBuffer for buffer header 0xb8df4f70 successful
E/OMXNodeInstance( 266): OMX_FreeBuffer for buffer header 0xb8f9f8d0 successful
D/MediaPlayer(12771): release() out
V/HtcDeviceInfoManager( 714): act=2, pid=12771, type=1, hashCode=41e69d38
D/Recents ( 920): recents : 96
D/InputDispatcher( 714): cancelRecentAppsAction: prepare to launch Home
I/CVW ( 1039): Dismiss CandidateViewWindow WCLID:0
D/InputDispatcher( 714): LaunchActivity: Intent { act=android.intent.action.MAIN cat=[android.intent.category.HOME] flg=0x10200000 }
I/Intent ( 714): @test_code: getHtcIntentFlag: 0 obj: 1123925992
I/FeedHostManager( 1102): [onResume]
I/FeedProviderManager( 1102): onResume
I/FeedPager( 1102): [updatePages] total: 30, current: 1, map: 3, add: 0, reload: 3
I/SocialFeedProvider( 1102): +onResume
I/SocialFeedProvider( 1102): updateAccounts - Accounts is no change
I/SocialFeedProvider( 1102): -onResume
I/InputMethodManager(12771): [startInputInner] EditorInfo { packageName=com.whatsapp, inputType=0x2c001, imeOptions=0x54000004, privateImeOptions=null }, windowGainingFocus=null, mServedView=com.whatsapp.ConversationTextEntry{41df4728 VFED.VCL .F...... 144,13-936,131 #7f08013d app:id/entry}
W/IInputConnectionWrapper(12771): reportFullscreenMode on inactive InputConnection
I/eFrame (13443): pkgname_before:com.whatsapp class:com.htc.launcher.Launcher
W/System.err(13443): android.content.pm.PackageManager$NameNotFoundException
W/System.err(13443): at android.app.ApplicationPackageManager.getApplicationInfo(ApplicationPackageManager.java:227)
W/System.err(13443): at com.domobile.lockbean.o.f(Unknown Source)
W/System.err(13443): at com.domobile.lockbean.o.e(Unknown Source)
W/System.err(13443): at com.domobile.lockbean.o.c(Unknown Source)
W/System.err(13443): at com.domobile.applock.service.LockService.g(Unknown Source)
W/System.err(13443): at com.domobile.applock.service.LockService.onStart(Unknown Source)
W/System.err(13443): at android.app.Service.onStartCommand(Service.java:450)
W/System.err(13443): at android.app.ActivityThread.handleServiceArgs(ActivityThread.java:3187)
W/System.err(13443): at android.app.ActivityThread.access$2100(ActivityThread.java:156)
W/System.err(13443): at android.app.ActivityThread$H.handleMessage(ActivityThread.java:1461)
W/System.err(13443): at android.os.Handler.dispatchMessage(Handler.java:102)
W/System.err(13443): at android.os.Looper.loop(Looper.java:157)
W/System.err(13443): at android.app.ActivityThread.main(ActivityThread.java:5872)
W/System.err(13443): at java.lang.reflect.Method.invokeNative(Native Method)
W/System.err(13443): at java.lang.reflect.Method.invoke(Method.java:515)
W/System.err(13443): at com.android.internal.os.ZygoteInit$MethodAndArgsCaller.run(ZygoteInit.java:1069)
W/System.err(13443): at com.android.internal.os.ZygoteInit.main(ZygoteInit.java:885)
W/System.err(13443): at dalvik.system.NativeStart.main(Native Method)
I/Launcher( 1102): updateWallpaperVisibility: false
D/Recents ( 920): recents : 48
D/InputDispatcher( 714): cancelRecentAppsAction: prepare to launch Home
I/AutoTest( 920): [SystemUI][RecentApp_Prelaunch_Start][1405196380088][ms][START]
I/Intent ( 714): @test_code: getHtcIntentFlag: 0 obj: 1126983904
I/PhoneWindow( 714): generateLayout: thumbnailDrawable:null
D/PhoneWindow( 714): generateLayout(): fakescreenLayout:0 fakeheader:false fakefooter:false fakebackground:-2147483648 portrait:true
I/PhoneWindow( 714): generateLayout: recent_background: 0XFF161616
D/InputManager( 714): Exception: Filter focused app name - java.lang.StringIndexOutOfBoundsException: length=79; regionStart=75; regionLength=-76
I/FeedHostManager( 1102): [onPause]
I/AutoTest( 920): [SystemUI][RecentApp_Prelaunch_Finish][1405196380106][ms][FINISH]
I/FeedProviderManager( 1102): onPause
I/SocialFeedProvider( 1102): +onPause
I/SocialFeedProvider( 1102): -onPause
I/AutoTest(11264): [SystemUI][RecentApp_Launch_Start][1405196380114][ms][START]
I/Launcher( 1102): updateWallpaperVisibility: true
I/eFrame (13443): pkgname_before:com.htc.launcher class:com.android.systemui.recent.RecentAppFxActivity
I/RecentApps.Perf(11264): refreshRecentTasksList:25
I/AutoTest(11264): [SystemUI][RecentApp_Launch_Finish][1405196380152][ms][FINISH]
I/ActivityManager( 714): Displayed com.android.systemui/.recent.RecentAppFxActivity: +102ms
D/Process ( 714): killProcessQuiet, pid=13443
D/Process ( 714): com.android.server.am.ActivityManagerService.killUnneededProcessLocked:7501 com.android.server.am.ActivityManagerService.removeProcessLocked:5273 com.android.server.am.ActivityManagerService.killPackageProcessesLocked:5081
I/TrimMemoryManager( 1102): [trimMemory] 20
D/PhoneStatusBar( 920): Status bar WINDOW_STATE_HIDING
W/Settings(13532): Setting android_id has moved from android.provider.Settings.System to android.provider.Settings.Secure, returning read-only value.
W/Settings(13532): Setting android_id has moved from android.provider.Settings.System to android.provider.Settings.Secure, returning read-only value.
W/Settings(13532): Setting android_id has moved from android.provider.Settings.System to android.provider.Settings.Secure, returning read-only value.
D/WifiStateMachine( 714): fetchRssiAndLinkSpeedNative RSSI = -43 abnormalRssiCnt = 0 newLinkSpeed = 72
D/WifiStateMachine( 714): fetchRssiAndLinkSpeedNative mLinkspeedCount = 4, mLinkspeedSum: 288
D/PhoneStatusBar( 920): Status bar WINDOW_STATE_HIDDEN
D/InputManager( 714): Exception: Filter focused app name - java.lang.StringIndexOutOfBoundsException: length=55; regionStart=53; regionLength=-54
D/Process ( 714): killProcessQuiet, pid=12771
I/FeedHostManager( 1102): [onResume]
D/Process ( 714): com.android.server.am.ActivityManagerService.killUnneededProcessLocked:7501 com.android.server.am.ActivityManagerService.applyOomAdjLocked:16633 com.android.server.am.ActivityManagerService.updateOomAdjLocked:16726
I/FeedProviderManager( 1102): onResume
I/FeedPager( 1102): [updatePages] total: 30, current: 1, map: 3, add: 0, reload: 3
I/SocialFeedProvider( 1102): +onResume
I/SocialFeedProvider( 1102): updateAccounts - Accounts is no change
I/SocialFeedProvider( 1102): -onResume
D/PhoneStatusBar( 920): Status bar WINDOW_STATE_SHOWING
I/eFrame (13532): pkgname_before:com.android.systemui class:com.htc.launcher.Launcher
W/System.err(13532): android.content.pm.PackageManager$NameNotFoundException
W/System.err(13532): at android.app.ApplicationPackageManager.getApplicationInfo(ApplicationPackageManager.java:227)
W/System.err(13532): at com.domobile.lockbean.o.f(Unknown Source)
W/System.err(13532): at com.domobile.lockbean.o.e(Unknown Source)
W/System.err(13532): at com.domobile.lockbean.o.c(Unknown Source)
W/System.err(13532): at com.domobile.applock.service.LockService.g(Unknown Source)
W/System.err(13532): at com.domobile.applock.service.LockService.onStart(Unknown Source)
W/System.err(13532): at android.app.Service.onStartCommand(Service.java:450)
W/System.err(13532): at android.app.ActivityThread.handleServiceArgs(ActivityThread.java:3187)
W/System.err(13532): at android.app.ActivityThread.access$2100(ActivityThread.java:156)
W/System.err(13532): at android.app.ActivityThread$H.handleMessage(ActivityThread.java:1461)
W/System.err(13532): at android.os.Handler.dispatchMessage(Handler.java:102)
W/System.err(13532): at android.os.Looper.loop(Looper.java:157)
W/System.err(13532): at android.app.ActivityThread.main(ActivityThread.java:5872)
W/System.err(13532): at java.lang.reflect.Method.invokeNative(Native Method)
W/System.err(13532): at java.lang.reflect.Method.invoke(Method.java:515)
W/System.err(13532): at com.android.internal.os.ZygoteInit$MethodAndArgsCaller.run(ZygoteInit.java:1069)
W/System.err(13532): at com.android.internal.os.ZygoteInit.main(ZygoteInit.java:885)
W/System.err(13532): at dalvik.system.NativeStart.main(Native Method)
I/Launcher( 1102): updateWallpaperVisibility: false
I/FeedHostManager( 1102): m_StayFeedModeRunnable
I/FeedHostManager( 1102): m_StayFeedModeRunnable 166863ms until auto sync
D/Finsky (11313): [41070] InAppBillingUtils.pickAccount: com.whatsapp: Account determined from installer data - [RHBIXDGUI7_MFJf3uzNmR5HDU_8]
D/Finsky (11313): [41091] InAppBillingUtils.pickAccount: com.whatsapp: Account determined from installer data - [RHBIXDGUI7_MFJf3uzNmR5HDU_8]
D/Finsky (11313): [41091] InAppBillingUtils.pickAccount: com.whatsapp: Account determined from installer data - [RHBIXDGUI7_MFJf3uzNmR5HDU_8]
D/Finsky (11313): [41092] InAppBillingUtils.pickAccount: com.whatsapp: Account determined from installer data - [RHBIXDGUI7_MFJf3uzNmR5HDU_8]
D/Finsky (11313): [41092] InAppBillingUtils.pickAccount: com.whatsapp: Account determined from installer data - [RHBIXDGUI7_MFJf3uzNmR5HDU_8]
D/WifiStateMachine( 714): fetchRssiAndLinkSpeedNative RSSI = -45 abnormalRssiCnt = 0 newLinkSpeed = 72
D/WifiStateMachine( 714): fetchRssiAndLinkSpeedNative mLinkspeedCount = 5, mLinkspeedSum: 360
D/WifiStateMachine( 714): fetchRssiAndLinkSpeedNative: Update RSSI:-43 and linkspeed:72 in database
D/WifiApDatabaseHandler( 714): updateConnectedAP...
D/libc (13561): [NET] getaddrinfo+,hn 19(0x636c69656e7473),sn(),family 0,flags 4
D/libc (13561): [NET] getaddrinfo-,err=8
D/libc (13561): [NET] getaddrinfo+,hn 19(0x636c69656e7473),sn(),family 0,flags 1024
D/libc (13561): [NET] getaddrinfo-, 1
D/libc (13561): [NET] getaddrinfo_proxy+
D/libc ( 260): [NET] getaddrinfo+,hn 19(0x636c69656e7473),sn(),family 0,flags 1024
D/libc ( 260): [NET]_dns_getaddrinfo+ interface=
D/libc ( 260): +++++ res_nsend xid =8db5 +++++
D/libc ( 260): [NET] res_nLookupCache: rstatp->iface =
D/libc ( 260): [NET]res_queryN: exit 3, ancount=12
D/libc ( 260): [NET]_dns_getaddrinfo-, (NS_SUCCESS)
D/libc ( 260): [NET] getaddrinfo-, SUCCESS
D/libc (13561): [NET] getaddrinfo_proxy-, success
I/RemoteViews.Performance( 920): com.cleanmaster.mguard 1 1 20
I/RemoteViews.Performance( 920): com.cleanmaster.mguard 1 14 7 20
I/RemoteViews.Performance( 920): com.cleanmaster.mguard 1 13 8 18
I/RemoteViews.Performance( 920): com.cleanmaster.mguard 2 47 4
D/AutoSetting(16187): service - handleMessage() stop self
D/AutoSetting(16187): service - onDestroy() END
D/AutoSetting(16187): service - handleMessage() quit looper
D/WifiStateMachine( 714): fetchRssiAndLinkSpeedNative RSSI = -50 abnormalRssiCnt = 0 newLinkSpeed = 72
D/WifiStateMachine( 714): fetchRssiAndLinkSpeedNative mLinkspeedCount = 1, mLinkspeedSum: 72
D/InputDispatcher( 714): ActualScreenOn=1
D/InputDispatcher( 714): ActualScreenOn=1
I/SensorManager( 714): unregisterListenerImpl++: listener = com.android.server.power.DisplayPowerController$10@41c8f998
D/WirelessDisplayService( 714): Screen File Receiver; callOnGoing: false, Screen On: false
D/WirelessDisplayService( 714): ScreenReceiver: ACTION_SCREEN_OFF && Not in DongleWait nor MirrorEnabling State: REQ_JOIN_GROUP - FALSE
I/SensorManager( 714): unregisterListenerImpl++: listener = com.android.internal.policy.impl.WindowOrientationListener$SensorEventListenerImpl@41aa5d18
D/KeyguardViewMediator( 920): doKeyguard: showing the lock screen
D/KeyguardViewMediator( 920): password timeout now
D/StatusBarManager( 920): disable=0x0 pid=0 pkg=com.android.keyguard thread=Binder_4 token=android.os.Binder@41e963c0
E/Prism.MastheadStatePro_( 1102): uri: content://com.htc.launcher.masthead_state/visibility
E/Prism.MastheadStatePro_( 1102): uri: content://com.htc.launcher.masthead_state/visibility
I/FeedHostManager( 1102): [onPause]
I/FeedProviderManager( 1102): onPause
I/SocialFeedProvider( 1102): +onPause
I/SocialFeedProvider( 1102): -onPause
W/HtcLockScreen( 920): KgWidgetPager: onPageSwitched failed
I/wpa_supplicant( 4359): SET_SCREEN_ON:Off
D/SmartSyncUtils(12178): getMobilePolicyEnabled, result = true
W/PropertyValuesHolder( 920): Method setMyDrawable() with type int not found on target class class android.widget.ImageView
D/StatusBarManager( 920): disable=0x1000000 pid=920 pkg=com.android.keyguard thread=main token=android.os.Binder@41e963c0
I/CVW ( 1039): Dismiss CandidateViewWindow WCLID:0
W/AudFlgTh( 266): Using by PID 920, ProcessName:com.android.systemui
E/qdexternal( 252): writeHPDOption: state file '/sys/devices/virtual/graphics/fb1/hpd' not found : ret-1 err str: Permission denied
D/SurfaceControl( 714): Excessive delay in blankDisplay() while turning screen off: 113ms
D/NfcService( 1088): ScreenObserver: OFF
D/NfcService( 1088): NFC-C OFF, disconnect
E/AudioStreamOutALSA( 266): PCM_Write set_amp_mode,1
W/HtcAudFlgTh( 266): ThreadLoop_wrtie blocking by HAL 36319242ns, the mixerBufferTime is 10666666
D/HtcPowerSaver( 714): updateBatteryInfo
D/UsbnetService( 714): BroadcastReceiver::onReceive+
D/UsbnetService( 714): onReceive BATTERY_CHANGED
D/UsbnetService( 714): --> pluggedType = 0, mPluggedType = 0, mScreenOff = false
D/UsbnetService( 714): BroadcastReceiver::onReceive-
D/HtcPowerSaver( 714): Checking...
I/HtcPowerSaver( 714): >> updateStatus
I/HtcPowerSaver( 714): updateStatus (8000,69,-1,false,false,false,-1)
I/HtcPowerSaver( 714): << updateStatus
I/Launcher( 1102): updateWallpaperVisibility: true
D/PhoneStatusBar( 920): disable: < expand icons alerts ticker system_info back HOME* RECENT* clock search > D/ContactMessageStore( 1066): start background delete task...
D/ContactMessageStore( 1066): size: 0 , 0
D/ContactMessageStore( 1066): Background delete complete
I/ClockThread( 920): stop update clock
D/SyncIpcServiceImpl( 4610): isFloatServiceDirty = false
W/MastheadClock( 920): mDigitAnimMin.start
W/MastheadClock( 1102): mDigitAnimMin.start
D/AppWidgetHostView( 1102): updateAppWidget mInfo = AppWidgetProviderInfo(provider=ComponentInfo{com.levelup.beautifulwidgets.free/com.levelup.beautifulwidgets.core.ui.widgets.clock.ClockWidget42})
I/RemoteViews.Performance( 1102): com.levelup.beautifulwidgets.free 1 9 74
D/InputDispatcher( 714): ActualScreenOn=0
I/SensorManager( 714): registerListenerImpl: listener = com.android.server.power.DisplayPowerController$10@41c8f998, sensor = {Sensor name="CM36282 Light sensor", vendor="Capella Microsystems", version=1, type=5, maxRange=10240.0, resolution=1.0, power=0.15, minDelay=0}, delay = 1000000, handler = Handler (com.android.server.power.DisplayPowerController$DisplayControllerHandler) {41cb9668}
I/SensorManager( 714): registerListenerImpl: listener = com.android.internal.policy.impl.WindowOrientationListener$SensorEventListenerImpl@41aa5d18, sensor = {Sensor name="BOSCH BMA250 3-axis Accelerometer", vendor="BOSCH", version=1, type=1, maxRange=39.2266, resolution=0.038307227, power=0.1, minDelay=10000}, delay = 66667, handler = Handler (com.android.internal.policy.impl.PhoneWindowManager$PolicyHandler) {42404c00}
V/KeyguardServiceDelegate( 714): onScreenTurnedOn(showListener = com.android.internal.policy.impl.PhoneWindowManager$22@43875e60)
D/InputDispatcher( 714): ActualScreenOn=0
E/qdexternal( 252): writeHPDOption: state file '/sys/devices/virtual/graphics/fb1/hpd' not found : ret-1 err str: Permission denied
D/HtcPowerSaver( 714): updateBatteryInfo
D/UsbnetService( 714): BroadcastReceiver::onReceive+
D/UsbnetService( 714): onReceive BATTERY_CHANGED
D/UsbnetService( 714): --> pluggedType = 0, mPluggedType = 0, mScreenOff = false
D/UsbnetService( 714): BroadcastReceiver::onReceive-
D/HtcPowerSaver( 714): Checking...
I/HtcPowerSaver( 714): >> updateStatus
I/HtcPowerSaver( 714): updateStatus (8000,69,-1,false,false,false,-1)
I/HtcPowerSaver( 714): << updateStatus
D/SurfaceControl( 714): Excessive delay in unblankDisplay() while turning screen on: 290ms
D/NfcService( 1088): ScreenObserver: ON_LOCKED
D/WifiStateMachine( 714): fetchRssiAndLinkSpeedNative RSSI = -53 abnormalRssiCnt = 0 newLinkSpeed = 72
D/WifiStateMachine( 714): fetchRssiAndLinkSpeedNative mLinkspeedCount = 2, mLinkspeedSum: 144
I/wpa_supplicant( 4359): SET_SCREEN_ON:On
D/WirelessDisplayService( 714): ScreenReceiver;android.intent.action.SCREEN_ON,callOnGoing: false, Screen On: true
V/KeyguardServiceDelegate( 714): **** SHOWN CALLED ****
D/SmartSyncUtils(12178): getMobilePolicyEnabled, result = true
I/RemoteViews.Performance( 920): com.google.android.gm 0 23 9 25
W/PropertyValuesHolder( 920): Method setMyDrawable() with type int not found on target class class android.widget.ImageView
I/RemoteViews.Performance( 920): com.google.android.gm 1 6 1 1
I/RemoteViews.Performance( 920): com.google.android.gm 1 2 0 1
I/RemoteViews.Performance( 920): com.google.android.gm 0 2 0 1
I/RemoteViews.Performance( 920): com.google.android.gm 0 2 0 1
I/RemoteViews.Performance( 920): com.google.android.gm 0 2 0 1
I/RemoteViews.Performance( 920): com.google.android.gm 1 1 0 1
I/RemoteViews.Performance( 920): com.google.android.gm 0 2 0 1
I/RemoteViews.Performance( 920): com.google.android.gm 0 2 0 1
D/PhoneStatusBar( 920): new rot = 0, old rot = 0, config = {0 1.0 286mcc1mnc tr_TR ldltr sw360dp w360dp h615dp 480dpi nrml long port finger -keyb/v/h -nav/h s.560 skin=default fontsize=3 hasNavBar=0}
I/RemoteViews.Performance( 920): com.google.android.gm 0 8 1 11
I/RemoteViews.Performance( 920): com.google.android.gm 0 6 1 10
W/Settings( 4610): Setting android_id has moved from android.provider.Settings.System to android.provider.Settings.Secure, returning read-only value.
I/RemoteViews.Performance( 920): com.google.android.gm 1 7 1 11
I/RemoteViews.Performance( 920): com.google.android.gm 0 6 1 10
I/RemoteViews.Performance( 920): com.google.android.gm 0 6 1 10
I/RemoteViews.Performance( 920): com.google.android.gm 0 5 0 10
I/RemoteViews.Performance( 920): com.google.android.gm 0 5 1 10
I/RemoteViews.Performance( 920): com.google.android.gm 0 6 1 11
I/ClockThread( 920): start update clock
I/ClockThread( 920): now=1405196418259 next=41741
W/PropertyValuesHolder( 920): Method setMyAlpha() with type float not found on target class class com.htc.lockscreen.ui.ForegroundContainer
W/PropertyValuesHolder( 920): Method setMoveY() with type int not found on target class class com.htc.lockscreen.drag.DragView
W/PropertyValuesHolder( 920): Method setMyAlpha() with type float not found on target class class com.htc.lockscreen.drag.DragView
D/KeyguardViewMediator( 920): keyguardDone(true, true)
W/AudFlgTh( 266): Using by PID 920, ProcessName:com.android.systemui
D/StatusBarManager( 920): disable=0x0 pid=920 pkg=com.android.keyguard thread=main token=android.os.Binder@41e963c0
E/AudioStreamOutALSA( 266): PCM_Write set_amp_mode,1
W/HtcAudFlgTh( 266): ThreadLoop_wrtie blocking by HAL 28138114ns, the mixerBufferTime is 10666666
I/FeedHostManager( 1102): [onResume]
I/FeedProviderManager( 1102): onResume
I/SocialFeedProvider( 1102): +onResume
I/SocialFeedProvider( 1102): updateAccounts - Accounts is no change
I/SocialFeedProvider( 1102): -onResume
I/FeedPager( 1102): [updatePages] total: 30, current: 1, map: 3, add: 0, reload: 3
D/AutoSetting(16187): receiver - intent: android.intent.action.USER_PRESENT
D/WirelessDisplayService( 714): ScreenReceiver;android.intent.action.USER_PRESENT,callOnGoing: false, Screen On: true
D/WirelessDisplayService( 714): ScreenReceiver: ACTION_USER_PRESENT: REQ_JOIN_GROUP - TRUE
D/WirelessDisplayService( 714): ScreenReceiver:ACTION_USER_PRESENT: curState1 condState:0
D/TetherSettings(12663): CustomizedNS:true CustomizedML:false CustomizedSPCSC:false CustomizedIPT:true CustomizedSingleUSBfalse
D/ (12663): Cust_ConnectToPC : Internet_Sharing>true
D/ (12663): Cust_ConnectToPC : Modem_Link>false
D/ (12663): Cust_ConnectToPC : spcsc>false
D/ (12663): Cust_ConnectToPC : IPT>true
D/ (12663): Cust_ConnectToPC : Singel_USB>false
W/Settings(12663): Setting tethering_blocked has moved from android.provider.Settings.Secure to android.provider.Settings.Global.
D/SmartNS_Utility(12663): [ACC]Settings-Wireless_+_network-USB_tethering_:usb_storage_notification=false
D/SmartNS_NSReceiver(12663): onReceive : android.intent.action.USER_PRESENT hasTethered:false isNSOpening:false
D/AutoSetting(16187): service - onCreate()
I/PSReceiver(12663): onReceive:android.intent.action.USER_PRESENT
D/PhoneStatusBar( 920): disable: < expand icons alerts ticker system_info back home* recent* clock search > I/SmartNS_PSService(12663): onReceive:android.intent.action.USER_PRESENT
W/Settings(12663): Setting tethering_blocked has moved from android.provider.Settings.Secure to android.provider.Settings.Global.
I/SmartNS_PSService(12663): defaultType:0
I/STDJS ( 4610): N: 40629648
V/Nextpeer(17175): Nextpeer push service requires internet connection. Your AndroidManifest.xml file should include 'android.permission.RECEIVE_BOOT_COMPLETED' permission
D/AutoSetting(16187): service - onStartCommand() action: com.htc.app.autosetting.delayrequest
D/LocationManagerService( 714): request 427864e0 passive Request[POWER_NONE passive fastest=+5s0ms] from com.htc.htclocationservice(10020)
D/LocationManagerService( 714): provider request: passive ProviderRequest[ON interval=0]
D/AppWidgetHostView( 1102): updateAppWidget mInfo = AppWidgetProviderInfo(provider=ComponentInfo{com.levelup.beautifulwidgets.free/com.levelup.beautifulwidgets.core.ui.widgets.clock.ClockWidget42})
I/RemoteViews.Performance( 1102): com.levelup.beautifulwidgets.free 0 3 74
D/NfcService( 1088): NFC-C ON
I/Launcher( 1102): updateWallpaperVisibility: false
I/Launcher( 1102): updateWallpaperVisibility: true
W/Prism.WorkspaceThumbna_( 1102): Get null workspace page thumbnail with index: 7
W/Prism.WorkspaceThumbna_( 1102): Get null workspace page thumbnail with index: 7
D/WifiStateMachine( 714): fetchRssiAndLinkSpeedNative RSSI = -46 abnormalRssiCnt = 0 newLinkSpeed = 72
D/WifiStateMachine( 714): fetchRssiAndLinkSpeedNative mLinkspeedCount = 3, mLinkspeedSum: 216
I/Launcher( 1102): updateWallpaperVisibility: false
I/Intent ( 714): @test_code: getHtcIntentFlag: 0 obj: 1117155848
D/InputManager( 714): Exception: Filter focused app name - java.lang.StringIndexOutOfBoundsException: length=97; regionStart=93; regionLength=-94
I/FeedHostManager( 1102): [onPause]
I/FeedProviderManager( 1102): onPause
I/SocialFeedProvider( 1102): +onPause
I/SocialFeedProvider( 1102): -onPause
I/Launcher( 1102): updateWallpaperVisibility: true
I/eFrame (13532): pkgname_before:com.htc.launcher class:com.unity3d.player.UnityPlayerNativeActivity
I/TrimMemoryManager( 1102): [trimMemory] 20
W/ResourceType( 714): Skipping entry 0x7f040007 in package table 0 because it is not complex!
W/ResourceType( 714): Skipping entry 0x7f040005 in package table 0 because it is not complex!
W/linker (13790): libmain.so has text relocations. This is wasting memory and is a security risk. Please fix.
W/linker (13790): libmono.so has text relocations. This is wasting memory and is a security risk. Please fix.
W/linker (13790): libunity.so has text relocations. This is wasting memory and is a security risk. Please fix.
D/Process ( 714): killProcessQuiet, pid=13532
D/Process ( 714): com.android.server.am.ActivityManagerService.killUnneededProcessLocked:7501 com.android.server.am.ActivityManagerService.removeProcessLocked:5273 com.android.server.am.ActivityManagerService.killPackageProcessesLocked:5081
W/Settings(13806): Setting android_id has moved from android.provider.Settings.System to android.provider.Settings.Secure, returning read-only value.
W/Settings(13806): Setting android_id has moved from android.provider.Settings.System to android.provider.Settings.Secure, returning read-only value.
W/Settings(13806): Setting android_id has moved from android.provider.Settings.System to android.provider.Settings.Secure, returning read-only value.
D/WifiStateMachine( 714): fetchRssiAndLinkSpeedNative RSSI = -43 abnormalRssiCnt = 0 newLinkSpeed = 72
D/WifiStateMachine( 714): fetchRssiAndLinkSpeedNative mLinkspeedCount = 4, mLinkspeedSum: 288
I/ActivityManager( 714): Displayed com.Halim.admobdeneme/com.unity3d.player.UnityPlayerNativeActivity: +920ms
D/PhoneStatusBar( 920): Status bar WINDOW_STATE_HIDING
I/Adreno-EGL(13790): : EGL 1.4 QUALCOMM build: (CL4169980)
I/Adreno-EGL(13790): OpenGL ES Shader Compiler Version: 17.01.10.SPL
I/Adreno-EGL(13790): Build Date: 12/25/13 Wed I/Adreno-EGL(13790): Local Branch:
I/Adreno-EGL(13790): Remote Branch:
I/Adreno-EGL(13790): Local Patches:
I/Adreno-EGL(13790): Reconstruct Branch:
W/Adreno-EGL(13790): : EGL_BAD_ATTRIBUTE
W/Adreno-EGL(13790): : EGL_BAD_ATTRIBUTE
D/Unity (13790): GL_AMD_compressed_ATC_texture GL_AMD_performance_monitor GL_AMD_program_binary_Z400 GL_EXT_debug_label GL_EXT_debug_marker GL_EXT_discard_framebuffer GL_EXT_robustness GL_EXT_texture_format_BGRA8888 GL_EXT_texture_type_2_10_10_10_REV GL_NV_fence GL_OES_compressed_ETC1_RGB8_texture GL_OES_depth_texture GL_OES_depth24 GL_OES_EGL_image GL_OES_EGL_image_external GL_OES_element_index_uint GL_OES_fbo_render_mipmap GL_OES_fragment_precision_high GL_OES_get_program_binary GL_OES_packed_depth_stencil GL_OES_depth_texture_cube_map GL_OES_rgb8_rgba8 GL_OES_standard_derivatives GL_OES_texture_3D GL_OES_texture_float GL_OES_texture_half_float GL_OES_texture_half_float_linear GL_OES_texture_npot GL_OES_vertex_half_float GL_OES_vertex_type_10_10_10_2 GL_OES_vertex_array_object GL_QCOM_alpha_test GL_QCOM_binning_control GL_QCOM_driver_control GL_QCOM_perfmon_global_mode GL_QCOM_extended_get GL_QCOM_extended_get2 GL_QCOM_tiled_rendering GL_QCOM_writeonly_rendering GL_EXT_sRGB GL_EXT_texture_filter_anisotropic GL_EXT_color_bu
D/Unity (13790): ffer_float GL_EXT_color_buffer_half_float GL_EXT_disjoint_timer_query
W/libc (13790): pthread_create sched_setscheduler call failed: Operation not permitted
W/AudFlgTh( 266): Using by PID 13790, ProcessName:com.Halim.admobdeneme
D/PhoneStatusBar( 920): Status bar WINDOW_STATE_HIDDEN
V/AudioService( 714): Receive BEATS_NATIVE_NOTIFICATION from Native AudioTrack!!! notificationOn=true
D/AudioService( 714): [HtcBeatsEffect]onMessageBeatsNotify active=true effect=900
I/AudioService( 714): [HtcBeatsEffect]enableBeats notification!
D/PhoneStatusBar( 920): addIcon slot=beats_effect index=0 viewIndex=0 icon=StatusBarIcon(pkg=androiduser=0 id=0x302008e level=0 visible=true num=0 ) name=stat_sys_beats vis=true
E/AudioStreamOutALSA( 266): PCM_Write set_amp_mode,1
W/HtcAudFlgTh( 266): ThreadLoop_wrtie blocking by HAL 28322906ns, the mixerBufferTime is 10666666
W/SensorService( 714): sensor 00000004 already enabled in connection 0x7958c318 (ignoring)
I/Unity (13790): AndroidJavaException: java.lang.ClassNotFoundException: com.google.android.gms.ads.AdSize
I/Unity (13790): at UnityEngine.AndroidJNISafe.CheckException () [0x00000] in :0
I/Unity (13790): at UnityEngine.AndroidJNISafe.CallStaticObjectMethod (IntPtr clazz, IntPtr methodID, UnityEngine.jvalue[] args) [0x00000] in :0
I/Unity (13790): at UnityEngine.AndroidJavaObject._CallStatic[AndroidJavaObject] (System.String methodName, System.Object[] args) [0x00000] in :0
I/Unity (13790): at UnityEngine.AndroidJavaObject.CallStatic[AndroidJavaObject] (System.String methodName, System.Object[] args) [0x00000] in :0
I/Unity (13790): at UnityEngine.AndroidJavaObject.FindClass (System.String name) [0x00000] in :0
I/Unity (13790): at UnityEngine.AndroidJavaObject._AndroidJavaObject (System.String className, System.Object[] args) [0x00000] in :0
I/Unity (13790): at UnityEngine.AndroidJavaObject..ctor (System.String className, System.Object[] args) [0x00000] in :0
I/Unity (13790): at GoogleMobileAds.Android.Utils.Get
D/WifiStateMachine( 714): fetchRssiAndLinkSpeedNative RSSI = -53 abnormalRssiCnt = 0 newLinkSpeed = 72
D/WifiStateMachine( 714): fetchRssiAndLinkSpeedNative mLinkspeedCount = 5, mLinkspeedSum: 360
D/WifiStateMachine( 714): fetchRssiAndLinkSpeedNative: Update RSSI:-49 and linkspeed:72 in database
D/WifiApDatabaseHandler( 714): updateConnectedAP...
I/Unity (13790): NullReferenceException: Object reference not set to an instance of an object
I/Unity (13790): at Reklam.OnGUI () [0x00000] in :0
I/Unity (13790):
I/Unity (13790): (Filename: Line: -1)
I/Unity (13790):
I/Unity (13790): NullReferenceException: Object reference not set to an instance of an object
I/Unity (13790): at Reklam.OnGUI () [0x00000] in :0
I/Unity (13790):
I/Unity (13790): (Filename: Line: -1)
I/Unity (13790):
D/AutoSetting(16187): service - mRequestRunnable: screen on delay 10s, request NLP now
D/AutoSetting(16187): service - requestNLP() to last request within 2hrs, don't request 2329815
I/Unity (13790): NullReferenceException: Object reference not set to an instance of an object
I/Unity (13790): at Reklam.OnGUI () [0x00000] in :0
I/Unity (13790):
I/Unity (13790): (Filename: Line: -1)
I/Unity (13790):
I/Unity (13790): NullReferenceException: Object reference not set to an instance of an object
I/Unity (13790): at Reklam.OnGUI () [0x00000] in :0
I/Unity (13790):
I/Unity (13790): (Filename: Line: -1)
I/Unity (13790):
D/WifiStateMachine( 714): fetchRssiAndLinkSpeedNative RSSI = -50 abnormalRssiCnt = 0 newLinkSpeed = 72
D/WifiStateMachine( 714): fetchRssiAndLinkSpeedNative mLinkspeedCount = 1, mLinkspeedSum: 72
I/Unity (13790): NullReferenceException: Object reference not set to an instance of an object
I/Unity (13790): at Reklam.OnGUI () [0x00000] in :0
I/Unity (13790):
I/Unity (13790): (Filename: Line: -1)
I/Unity (13790):
D/WifiStateMachine( 714): fetchRssiAndLinkSpeedNative RSSI = -45 abnormalRssiCnt = 0 newLinkSpeed = 72
D/WifiStateMachine( 714): fetchRssiAndLinkSpeedNative mLinkspeedCount = 2, mLinkspeedSum: 144
I/RemoteViews.Performance( 920): com.cleanmaster.mguard 1 1 20
I/RemoteViews.Performance( 920): com.cleanmaster.mguard 1 29 13 20
I/RemoteViews.Performance( 920): com.cleanmaster.mguard 15 20 21 18
I/RemoteViews.Performance( 920): com.cleanmaster.mguard 3 102 4
D/WifiStateMachine( 714): fetchRssiAndLinkSpeedNative RSSI = -65 abnormalRssiCnt = 0 newLinkSpeed = 72
D/WifiStateMachine( 714): fetchRssiAndLinkSpeedNative mLinkspeedCount = 3, mLinkspeedSum: 216
I/Unity (13790): NullReferenceException: Object reference not set to an instance of an object
I/Unity (13790): at Reklam.OnGUI () [0x00000] in :0
I/Unity (13790):
I/Unity (13790): (Filename: Line: -1)
I/Unity (13790):
I/Unity (13790): NullReferenceException: Object reference not set to an instance of an object
I/Unity (13790): at Reklam.OnGUI () [0x00000] in :0
I/Unity (13790):
I/Unity (13790): (Filename: Line: -1)
I/Unity (13790):
I/Unity (13790): NullReferenceException: Object reference not set to an instance of an object
I/Unity (13790): at Reklam.OnGUI () [0x00000] in :0
I/Unity (13790):
I/Unity (13790): (Filename: Line: -1)
I/Unity (13790):
I/Unity (13790): NullReferenceException: Object reference not set to an instance of an object
I/Unity (13790): at Reklam.OnGUI () [0x00000] in :0
I/Unity (13790):
I/Unity (13790): (Filename: Line: -1)
I/Unity (13790):
I/wpa_supplicant( 4359): Change stage from stage0 to stage3
I/wpa_supplicant( 4359): wlan0: Background scan every 600 seconds
I/wpa_supplicant( 4359): wlan0: Scan req: 600 sec 0 usec
D/WifiStateMachine( 714): fetchRssiAndLinkSpeedNative RSSI = -68 abnormalRssiCnt = 0 newLinkSpeed = 72
D/WifiStateMachine( 714): fetchRssiAndLinkSpeedNative mLinkspeedCount = 4, mLinkspeedSum: 288
I/Unity (13790): NullReferenceException: Object reference not set to an instance of an object
I/Unity (13790): at Reklam.OnGUI () [0x00000] in :0
I/Unity (13790):
I/Unity (13790): (Filename: Line: -1)
I/Unity (13790):
I/Unity (13790): NullReferenceException: Object reference not set to an instance of an object
I/Unity (13790): at Reklam.OnGUI () [0x00000] in :0
I/Unity (13790):
I/Unity (13790): (Filename: Line: -1)
I/Unity (13790):
I/Unity (13790): NullReferenceException: Object reference not set to an instance of an object
I/Unity (13790): at Reklam.OnGUI () [0x00000] in :0
I/Unity (13790):
I/Unity (13790): (Filename: Line: -1)
I/Unity (13790):
I/Unity (13790): NullReferenceException: Object reference not set to an instance of an object
I/Unity (13790): at Reklam.OnGUI () [0x00000] in :0
I/Unity (13790):
I/Unity (13790): (Filename: Line: -1)
I/Unity (13790):
D/WifiStateMachine( 714): fetchRssiAndLinkSpeedNative RSSI = -66 abnormalRssiCnt = 0 newLinkSpeed = 72
D/WifiStateMachine( 714): fetchRssiAndLinkSpeedNative mLinkspeedCount = 5, mLinkspeedSum: 360
D/WifiStateMachine( 714): fetchRssiAndLinkSpeedNative: Update RSSI:-58 and linkspeed:72 in database
D/WifiApDatabaseHandler( 714): updateConnectedAP...
D/Recents ( 920): recents : 83
D/InputDispatcher( 714): cancelRecentAppsAction: prepare to launch Home
I/AutoTest( 920): [SystemUI][RecentApp_Prelaunch_Start][1405196442749][ms][START]
I/Intent ( 714): @test_code: getHtcIntentFlag: 0 obj: 1113103664
I/PhoneWindow( 714): generateLayout: thumbnailDrawable:android.graphics.drawable.BitmapDrawable@432eaf90
I/PhoneWindow( 714): generateLayout: thumbnailDrawable:Rect(731, 1291 - 1081, 1921)
D/PhoneWindow( 714): generateLayout(): fakescreenLayout:0 fakeheader:false fakefooter:false fakebackground:-2147483648 portrait:true
I/PhoneWindow( 714): generateLayout: recent_background: 0XFF161616
D/InputManager( 714): Exception: Filter focused app name - java.lang.StringIndexOutOfBoundsException: length=79; regionStart=75; regionLength=-76
I/AutoTest( 920): [SystemUI][RecentApp_Prelaunch_Finish][1405196442787][ms][FINISH]
I/PhoneWindow( 714): generateLayout: thumbnailDrawable:draw
I/AutoTest(11264): [SystemUI][RecentApp_Launch_Start][1405196443085][ms][START]
D/PhoneStatusBar( 920): Status bar WINDOW_STATE_SHOWING
I/RecentApps.Perf(11264): refreshRecentTasksList:16
I/AutoTest(11264): [SystemUI][RecentApp_Launch_Finish][1405196443123][ms][FINISH]
I/eFrame (13806): pkgname_before:com.Halim.admobdeneme class:com.android.systemui.recent.RecentAppFxActivity
V/AudioService( 714): Receive BEATS_NATIVE_NOTIFICATION from Native AudioTrack!!! notificationOn=false
I/ActivityManager( 714): Displayed com.android.systemui/.recent.RecentAppFxActivity: +140ms
D/PhoneStatusBar( 920): Status bar WINDOW_STATE_HIDDEN
D/Process ( 714): killProcessQuiet, pid=13790
D/Process ( 714): com.android.server.am.ActivityManagerService.killUnneededProcessLocked:7501 com.android.server.am.ActivityManagerService.cleanUpRemovedTaskLocked:7548 com.android.server.am.ActivityManagerService.removeTask:7580
E/BufferQueue( 252): [SurfaceView] dequeueBuffer: BufferQueue is abandon
D/InputManager( 714): Exception: Filter focused app name - java.lang.StringIndexOutOfBoundsException: length=55; regionStart=53; regionLength=-54
I/FeedHostManager( 1102): [onResume]
I/FeedProviderManager( 1102): onResume
I/FeedPager( 1102): [updatePages] total: 30, current: 1, map: 3, add: 0, reload: 3
I/SocialFeedProvider( 1102): +onResume
I/SocialFeedProvider( 1102): updateAccounts - Accounts is no change
I/SocialFeedProvider( 1102): -onResume
D/AudioService( 714): [HtcBeatsEffect]onMessageBeatsNotify active=false effect=900
I/AudioService( 714): [HtcBeatsEffect]disableBeats notification!
D/PhoneStatusBar( 920): removeIcon slot=beats_effect index=0 viewIndex=0
D/PhoneStatusBar( 920): Status bar WINDOW_STATE_SHOWING
I/eFrame (13806): pkgname_before:com.android.systemui class:com.htc.launcher.Launcher
I/wpa_supplicant( 4359): wlan0: Scan req: 0 sec 0 usec
I/wpa_supplicant( 4359): wlan0: wpa_supplicant_scan enter
I/wpa_supplicant( 4359): wlan0: Match BG scan, scan!
I/wpa_supplicant( 4359): wlan0: ap_scan=1 , scan_req =2
I/wpa_supplicant( 4359): Scan req (ret=0) - timeout 30 secs
W/System.err(13806): android.content.pm.PackageManager$NameNotFoundException
W/System.err(13806): at android.app.ApplicationPackageManager.getApplicationInfo(ApplicationPackageManager.java:227)
W/System.err(13806): at com.domobile.lockbean.o.f(Unknown Source)
W/System.err(13806): at com.domobile.lockbean.o.e(Unknown Source)
W/System.err(13806): at com.domobile.lockbean.o.c(Unknown Source)
W/System.err(13806): at com.domobile.applock.service.LockService.g(Unknown Source)
W/System.err(13806): at com.domobile.applock.service.LockService.onStart(Unknown Source)
W/System.err(13806): at android.app.Service.onStartCommand(Service.java:450)
W/System.err(13806): at android.app.ActivityThread.handleServiceArgs(ActivityThread.java:3187)
W/System.err(13806): at android.app.ActivityThread.access$2100(ActivityThread.java:156)
W/System.err(13806): at android.app.ActivityThread$H.handleMessage(ActivityThread.java:1461)
W/System.err(13806): at android.os.Handler.dispatchMessage(Handler.java:102)
W/System.err(13806): at android.os.Looper.loop(Looper.java:157)
W/System.err(13806): at android.app.ActivityThread.main(ActivityThread.java:5872)
W/System.err(13806): at java.lang.reflect.Method.invokeNative(Native Method)
W/System.err(13806): at java.lang.reflect.Method.invoke(Method.java:515)
W/System.err(13806): at com.android.internal.os.ZygoteInit$MethodAndArgsCaller.run(ZygoteInit.java:1069)
W/System.err(13806): at com.android.internal.os.ZygoteInit.main(ZygoteInit.java:885)
W/System.err(13806): at dalvik.system.NativeStart.main(Native Method)
I/Launcher( 1102): updateWallpaperVisibility: false
D/InputDispatcher( 714): ActualScreenOn=1
D/WifiStateMachine( 714): fetchRssiAndLinkSpeedNative RSSI = -61 abnormalRssiCnt = 0 newLinkSpeed = 72
D/WifiStateMachine( 714): fetchRssiAndLinkSpeedNative mLinkspeedCount = 1, mLinkspeedSum: 72
D/InputDispatcher( 714): ActualScreenOn=1
I/SensorManager( 714): unregisterListenerImpl++: listener = com.android.server.power.DisplayPowerController$10@41c8f998
D/WirelessDisplayService( 714): Screen File Receiver; callOnGoing: false, Screen On: false
D/WirelessDisplayService( 714): ScreenReceiver: ACTION_SCREEN_OFF && Not in DongleWait nor MirrorEnabling State: REQ_JOIN_GROUP - FALSE
I/SensorManager( 714): unregisterListenerImpl++: listener = com.android.internal.policy.impl.WindowOrientationListener$SensorEventListenerImpl@41aa5d18
D/KeyguardViewMediator( 920): doKeyguard: showing the lock screen
D/KeyguardViewMediator( 920): password timeout now
D/StatusBarManager( 920): disable=0x0 pid=0 pkg=com.android.keyguard thread=Binder_10 token=android.os.Binder@41e963c0
E/Prism.MastheadStatePro_( 1102): uri: content://com.htc.launcher.masthead_state/visibility
I/FeedHostManager( 1102): [onPause]
I/FeedProviderManager( 1102): onPause
I/SocialFeedProvider( 1102): +onPause
I/SocialFeedProvider( 1102): -onPause
E/Prism.MastheadStatePro_( 1102): uri: content://com.htc.launcher.masthead_state/visibility
W/HtcLockScreen( 920): KgWidgetPager: onPageSwitched failed
I/wpa_supplicant( 4359): SET_SCREEN_ON:Off
D/SmartSyncUtils(12178): getMobilePolicyEnabled, result = true
W/PropertyValuesHolder( 920): Method setMyDrawable() with type int not found on target class class android.widget.ImageView
D/StatusBarManager( 920): disable=0x1000000 pid=920 pkg=com.android.keyguard thread=main token=android.os.Binder@41e963c0
E/qdexternal( 252): writeHPDOption: state file '/sys/devices/virtual/graphics/fb1/hpd' not found : ret-1 err str: Permission denied
D/SurfaceControl( 714): Excessive delay in blankDisplay() while turning screen off: 108ms
W/AudFlgTh( 266): Using by PID 920, ProcessName:com.android.systemui
I/CVW ( 1039): Dismiss CandidateViewWindow WCLID:0
D/HtcPowerSaver( 714): updateBatteryInfo
D/UsbnetService( 714): BroadcastReceiver::onReceive+
D/UsbnetService( 714): onReceive BATTERY_CHANGED
D/UsbnetService( 714): --> pluggedType = 0, mPluggedType = 0, mScreenOff = false
D/UsbnetService( 714): BroadcastReceiver::onReceive-
D/HtcPowerSaver( 714): Checking...
I/HtcPowerSaver( 714): >> updateStatus
I/HtcPowerSaver( 714): updateStatus (8000,69,-1,false,false,false,-1)
I/HtcPowerSaver( 714): << updateStatus
D/NfcService( 1088): ScreenObserver: OFF
D/NfcService( 1088): NFC-C OFF, disconnect
I/Launcher( 1102): updateWallpaperVisibility: true
D/PhoneStatusBar( 920): disable: < expand icons alerts ticker system_info back HOME* RECENT* clock search > D/ContactMessageStore( 1066): start background delete task...
D/ContactMessageStore( 1066): size: 0 , 0
D/ContactMessageStore( 1066): Background delete complete
D/AutoSetting(16187): service - mHandler: cancel location update
D/AutoSetting(16187): service - changes count: 0
I/ClockThread( 920): stop update clock
D/SyncIpcServiceImpl( 4610): isFloatServiceDirty = false
I/wpa_supplicant( 4359): Got an original EVENT_SCAN_RESULTS
I/wpa_supplicant( 4359): nl80211: Received scan results (1 BSSes)
