I/wpa_supplicant( 4359): nl80211: Scan results indicate BSS status with f8:3d:ff:a4:06:b2 as associated
I/wpa_supplicant( 4359): [Halim] f8:3d:ff:a4:06:b2 freq=2412 level=-49
D/WifiStateMachine( 714): [MLHD] enter handleMediaLinkEvent SupplicantStartedState
D/Tethering( 714): [isWifi] getHotspotEnabled: false
D/WifiStateMachine( 714): [ScoreAP] + roamToTopScoreAP: Halim[f8:3d:ff:a4:06:b2], -61, 0
D/WirelessDisplayService( 714): getDiscoveryDongleList
V/ScoreHelper( 714): Only print Top 10 in ApScanList
V/ScoreHelper( 714): + ScoreResult: 88, AP: Halim [f8:3d:ff:a4:06:b2], Rssi: 15 [-49], Tx: 13, Freq: 10 [2412], Disconn: 50, Last Used: 0
V/ScoreHelper( 714): + computeScore(Halim): 1
D/WifiStateMachine( 714): [ScoreAP] + No alternative AP to roam except current AP [1], Halim
D/WirelessDisplayService( 714): getDiscoveryDongleList
D/WifiManager(11542): getScanResults enter
D/LocationManagerService( 714): incoming location from: fused
D/LocationManagerService( 714): incoming location from: fused
D/WifiManager( 9336): getScanResults enter
D/AutoSetting(16187): service - onStartCommand() action: com.htc.app.autosetting.location
D/LocationManagerService( 714): incoming location from: network
D/AutoSetting(16187): service - handleMessage() the same city
D/LocationManagerService( 714): incoming location from: network
D/GpsLocationProvider( 714): [reportHTCStatus] eventMask = 2 , status = 0
D/GpsLocationProvider( 714): [reportHTCStatus] INJECT_LOCATION
W/MastheadClock( 1102): mDigitAnimMin.start
W/MastheadClock( 920): mDigitAnimMin.start
D/AppWidgetHostView( 1102): updateAppWidget mInfo = AppWidgetProviderInfo(provider=ComponentInfo{com.levelup.beautifulwidgets.free/com.levelup.beautifulwidgets.core.ui.widgets.clock.ClockWidget42})
I/RemoteViews.Performance( 1102): com.levelup.beautifulwidgets.free 1 12 74
D/GCM (11445): Message class mpb --------- beginning of /dev/log/system
D/PMS ( 714): releaseWL(435c3800): PARTIAL_WAKE_LOCK AlarmManager 0x1
D/PMS ( 714): acquireWL(4313c718): PARTIAL_WAKE_LOCK AlarmManager 0x1 714 1000
V/AlarmManager( 714): sending alarm PendingIntent{41e4b4e8: PendingIntentRecord{426cf298 com.domobile.applock startService}}, i=null, t=3, cnt=2, w=1667530036, Int=120
D/PMS ( 714): releaseWL(4313c718): PARTIAL_WAKE_LOCK AlarmManager 0x1
D/PMS ( 714): acquireWL(42fcd788): PARTIAL_WAKE_LOCK AlarmManager 0x1 714 1000
V/AlarmManager( 714): sending alarm PendingIntent{41e4b4e8: PendingIntentRecord{426cf298 com.domobile.applock startService}}, i=null, t=3, cnt=1, w=1667530276, Int=120
D/PMS ( 714): releaseWL(42fcd788): PARTIAL_WAKE_LOCK AlarmManager 0x1
D/PMS ( 714): acquireWL(42c509a8): PARTIAL_WAKE_LOCK AlarmManager 0x1 714 1000
V/AlarmManager( 714): sending alarm PendingIntent{41e4b4e8: PendingIntentRecord{426cf298 com.domobile.applock startService}}, i=null, t=3, cnt=1, w=1667530396, Int=120
D/PMS ( 714): releaseWL(42c509a8): PARTIAL_WAKE_LOCK AlarmManager 0x1
D/PMS ( 714): acquireWL(429f9508): PARTIAL_WAKE_LOCK AlarmManager 0x1 714 1000
V/AlarmManager( 714): sending alarm PendingIntent{41e4b4e8: PendingIntentRecord{426cf298 com.domobile.applock startService}}, i=null, t=3, cnt=1, w=1667530516, Int=120
D/PMS ( 714): releaseWL(429f9508): PARTIAL_WAKE_LOCK AlarmManager 0x1
D/PMS ( 714): acquireWL(428a10d0): PARTIAL_WAKE_LOCK AlarmManager 0x1 714 1000
V/AlarmManager( 714): sending alarm PendingIntent{41e4b4e8: PendingIntentRecord{426cf298 com.domobile.applock startService}}, i=null, t=3, cnt=1, w=1667530636, Int=120
D/PMS ( 714): releaseWL(428a10d0): PARTIAL_WAKE_LOCK AlarmManager 0x1
D/PMS ( 714): acquireWL(423b6620): PARTIAL_WAKE_LOCK AlarmManager 0x1 714 1000
V/AlarmManager( 714): sending alarm PendingIntent{41e4b4e8: PendingIntentRecord{426cf298 com.domobile.applock startService}}, i=null, t=3, cnt=1, w=1667530756, Int=120
D/PMS ( 714): releaseWL(423b6620): PARTIAL_WAKE_LOCK AlarmManager 0x1
D/PMS ( 714): acquireWL(42691e10): PARTIAL_WAKE_LOCK AlarmManager 0x1 714 1000
V/AlarmManager( 714): sending alarm PendingIntent{41e4b4e8: PendingIntentRecord{426cf298 com.domobile.applock startService}}, i=null, t=3, cnt=1, w=1667530876, Int=120
D/PMS ( 714): releaseWL(42691e10): PARTIAL_WAKE_LOCK AlarmManager 0x1
D/PMS ( 714): acquireWL(42970158): PARTIAL_WAKE_LOCK AlarmManager 0x1 714 1000
V/AlarmManager( 714): sending alarm PendingIntent{41e4b4e8: PendingIntentRecord{426cf298 com.domobile.applock startService}}, i=null, t=3, cnt=1, w=1667530996, Int=120
D/PMS ( 714): releaseWL(42970158): PARTIAL_WAKE_LOCK AlarmManager 0x1
D/PMS ( 714): acquireWL(42ad30b8): PARTIAL_WAKE_LOCK AlarmManager 0x1 714 1000
V/AlarmManager( 714): sending alarm PendingIntent{41e4b4e8: PendingIntentRecord{426cf298 com.domobile.applock startService}}, i=null, t=3, cnt=1, w=1667531116, Int=120
D/PMS ( 714): releaseWL(42ad30b8): PARTIAL_WAKE_LOCK AlarmManager 0x1
D/PMS ( 714): acquireWL(42c725e0): PARTIAL_WAKE_LOCK AlarmManager 0x1 714 1000
V/AlarmManager( 714): sending alarm PendingIntent{41e4b4e8: PendingIntentRecord{426cf298 com.domobile.applock startService}}, i=null, t=3, cnt=1, w=1667531236, Int=120
D/PMS ( 714): releaseWL(42c725e0): PARTIAL_WAKE_LOCK AlarmManager 0x1
D/PMS ( 714): acquireWL(42dac4e0): PARTIAL_WAKE_LOCK AlarmManager 0x1 714 1000
V/AlarmManager( 714): sending alarm PendingIntent{41e4b4e8: PendingIntentRecord{426cf298 com.domobile.applock startService}}, i=null, t=3, cnt=1, w=1667531356, Int=120
D/PMS ( 714): releaseWL(42dac4e0): PARTIAL_WAKE_LOCK AlarmManager 0x1
D/PMS ( 714): acquireWL(430f69d8): PARTIAL_WAKE_LOCK AlarmManager 0x1 714 1000
V/AlarmManager( 714): sending alarm PendingIntent{41e4b4e8: PendingIntentRecord{426cf298 com.domobile.applock startService}}, i=null, t=3, cnt=1, w=1667531476, Int=120
D/PMS ( 714): releaseWL(430f69d8): PARTIAL_WAKE_LOCK AlarmManager 0x1
D/PMS ( 714): acquireWL(432c84b0): PARTIAL_WAKE_LOCK AlarmManager 0x1 714 1000
V/AlarmManager( 714): sending alarm PendingIntent{41e4b4e8: PendingIntentRecord{426cf298 com.domobile.applock startService}}, i=null, t=3, cnt=1, w=1667531596, Int=120
D/PMS ( 714): releaseWL(432c84b0): PARTIAL_WAKE_LOCK AlarmManager 0x1
D/PMS ( 714): acquireWL(438db800): PARTIAL_WAKE_LOCK AlarmManager 0x1 714 1000
V/AlarmManager( 714): sending alarm PendingIntent{41e4b4e8: PendingIntentRecord{426cf298 com.domobile.applock startService}}, i=null, t=3, cnt=1, w=1667531716, Int=120
D/PMS ( 714): releaseWL(438db800): PARTIAL_WAKE_LOCK AlarmManager 0x1
D/PMS ( 714): acquireWL(429c0d08): PARTIAL_WAKE_LOCK AlarmManager 0x1 714 1000
V/AlarmManager( 714): sending alarm PendingIntent{41e4b4e8: PendingIntentRecord{426cf298 com.domobile.applock startService}}, i=null, t=3, cnt=1, w=1667531836, Int=120
D/PMS ( 714): releaseWL(429c0d08): PARTIAL_WAKE_LOCK AlarmManager 0x1
D/PMS ( 714): acquireWL(42b433a0): PARTIAL_WAKE_LOCK AlarmManager 0x1 714 1000
V/AlarmManager( 714): sending alarm PendingIntent{41e4b4e8: PendingIntentRecord{426cf298 com.domobile.applock startService}}, i=null, t=3, cnt=1, w=1667531956, Int=120
D/PMS ( 714): releaseWL(42b433a0): PARTIAL_WAKE_LOCK AlarmManager 0x1
D/PMS ( 714): acquireWL(42da00d0): PARTIAL_WAKE_LOCK AlarmManager 0x1 714 1000
V/AlarmManager( 714): sending alarm PendingIntent{41e4b4e8: PendingIntentRecord{426cf298 com.domobile.applock startService}}, i=null, t=3, cnt=1, w=1667532076, Int=120
D/PMS ( 714): releaseWL(42da00d0): PARTIAL_WAKE_LOCK AlarmManager 0x1
D/PMS ( 714): acquireWL(43120450): PARTIAL_WAKE_LOCK AlarmManager 0x1 714 1000
V/AlarmManager( 714): sending alarm PendingIntent{41e4b4e8: PendingIntentRecord{426cf298 com.domobile.applock startService}}, i=null, t=3, cnt=1, w=1667532196, Int=120
D/PMS ( 714): releaseWL(43120450): PARTIAL_WAKE_LOCK AlarmManager 0x1
V/AlarmManager( 714): sending alarm PendingIntent{41e4b4e8: PendingIntentRecord{426cf298 com.domobile.applock startService}}, i=null, t=3, cnt=1, w=1667532316, Int=120
D/PMS ( 714): releaseWL(432f6668): PARTIAL_WAKE_LOCK AlarmManager 0x1
D/PMS ( 714): acquireWL(432f6668): PARTIAL_WAKE_LOCK AlarmManager 0x1 714 1000
D/PMS ( 714): acquireWL(436e16d8): PARTIAL_WAKE_LOCK AlarmManager 0x1 714 1000
V/AlarmManager( 714): sending alarm PendingIntent{41e4b4e8: PendingIntentRecord{426cf298 com.domobile.applock startService}}, i=null, t=3, cnt=1, w=1667532436, Int=120
D/PMS ( 714): releaseWL(436e16d8): PARTIAL_WAKE_LOCK AlarmManager 0x1
D/PMS ( 714): acquireWL(43e93a00): PARTIAL_WAKE_LOCK AlarmManager 0x1 714 1000
V/AlarmManager( 714): sending alarm PendingIntent{41e4b4e8: PendingIntentRecord{426cf298 com.domobile.applock startService}}, i=null, t=3, cnt=1, w=1667532556, Int=120
D/PMS ( 714): releaseWL(43e93a00): PARTIAL_WAKE_LOCK AlarmManager 0x1
V/AlarmManager( 714): sending alarm PendingIntent{41e4b4e8: PendingIntentRecord{426cf298 com.domobile.applock startService}}, i=null, t=3, cnt=1, w=1667532676, Int=120
D/PMS ( 714): releaseWL(427bfd00): PARTIAL_WAKE_LOCK AlarmManager 0x1
D/PMS ( 714): acquireWL(427bfd00): PARTIAL_WAKE_LOCK AlarmManager 0x1 714 1000
V/AlarmManager( 714): sending alarm PendingIntent{41e4b4e8: PendingIntentRecord{426cf298 com.domobile.applock startService}}, i=null, t=3, cnt=1, w=1667532796, Int=120
D/PMS ( 714): releaseWL(4293ae28): PARTIAL_WAKE_LOCK AlarmManager 0x1
D/PMS ( 714): acquireWL(4293ae28): PARTIAL_WAKE_LOCK AlarmManager 0x1 714 1000
D/PMS ( 714): acquireWL(42b623e8): PARTIAL_WAKE_LOCK AlarmManager 0x1 714 1000
V/AlarmManager( 714): sending alarm PendingIntent{41e4b4e8: PendingIntentRecord{426cf298 com.domobile.applock startService}}, i=null, t=3, cnt=1, w=1667532916, Int=120
D/PMS ( 714): releaseWL(42b623e8): PARTIAL_WAKE_LOCK AlarmManager 0x1
D/PMS ( 714): acquireWL(42d1f1a0): PARTIAL_WAKE_LOCK AlarmManager 0x1 714 1000
V/AlarmManager( 714): sending alarm PendingIntent{41e4b4e8: PendingIntentRecord{426cf298 com.domobile.applock startService}}, i=null, t=3, cnt=1, w=1667533036, Int=120
D/PMS ( 714): releaseWL(42d1f1a0): PARTIAL_WAKE_LOCK AlarmManager 0x1
D/PMS ( 714): acquireWL(4309e6e0): PARTIAL_WAKE_LOCK AlarmManager 0x1 714 1000
V/AlarmManager( 714): sending alarm PendingIntent{41e4b4e8: PendingIntentRecord{426cf298 com.domobile.applock startService}}, i=null, t=3, cnt=1, w=1667533156, Int=120
D/PMS ( 714): releaseWL(4309e6e0): PARTIAL_WAKE_LOCK AlarmManager 0x1
D/PMS ( 714): acquireWL(43288930): PARTIAL_WAKE_LOCK AlarmManager 0x1 714 1000
V/AlarmManager( 714): sending alarm PendingIntent{41e4b4e8: PendingIntentRecord{426cf298 com.domobile.applock startService}}, i=null, t=3, cnt=1, w=1667533276, Int=120
D/PMS ( 714): releaseWL(43288930): PARTIAL_WAKE_LOCK AlarmManager 0x1
D/PMS ( 714): acquireWL(43879248): PARTIAL_WAKE_LOCK AlarmManager 0x1 714 1000
V/AlarmManager( 714): sending alarm PendingIntent{41e4b4e8: PendingIntentRecord{426cf298 com.domobile.applock startService}}, i=null, t=3, cnt=1, w=1667533396, Int=120
D/PMS ( 714): releaseWL(43879248): PARTIAL_WAKE_LOCK AlarmManager 0x1
D/PMS ( 714): acquireWL(43ec3280): PARTIAL_WAKE_LOCK AlarmManager 0x1 714 1000
V/AlarmManager( 714): sending alarm PendingIntent{41e4b4e8: PendingIntentRecord{426cf298 com.domobile.applock startService}}, i=null, t=3, cnt=1, w=1667533516, Int=120
D/PMS ( 714): releaseWL(43ec3280): PARTIAL_WAKE_LOCK AlarmManager 0x1
D/PMS ( 714): acquireWL(42475fc0): PARTIAL_WAKE_LOCK AlarmManager 0x1 714 1000
V/AlarmManager( 714): sending alarm PendingIntent{41e4b4e8: PendingIntentRecord{426cf298 com.domobile.applock startService}}, i=null, t=3, cnt=1, w=1667533636, Int=120
D/PMS ( 714): releaseWL(42475fc0): PARTIAL_WAKE_LOCK AlarmManager 0x1
D/PMS ( 714): acquireWL(427948b8): PARTIAL_WAKE_LOCK AlarmManager 0x1 714 1000
V/AlarmManager( 714): sending alarm PendingIntent{41e4b4e8: PendingIntentRecord{426cf298 com.domobile.applock startService}}, i=null, t=3, cnt=1, w=1667533756, Int=120
D/PMS ( 714): releaseWL(427948b8): PARTIAL_WAKE_LOCK AlarmManager 0x1
D/PMS ( 714): acquireWL(42948bb8): PARTIAL_WAKE_LOCK AlarmManager 0x1 714 1000
V/AlarmManager( 714): sending alarm PendingIntent{41e4b4e8: PendingIntentRecord{426cf298 com.domobile.applock startService}}, i=null, t=3, cnt=1, w=1667533876, Int=120
D/PMS ( 714): releaseWL(42948bb8): PARTIAL_WAKE_LOCK AlarmManager 0x1
D/PMS ( 714): acquireWL(42ab3d48): PARTIAL_WAKE_LOCK AlarmManager 0x1 714 1000
V/AlarmManager( 714): sending alarm PendingIntent{41e4b4e8: PendingIntentRecord{426cf298 com.domobile.applock startService}}, i=null, t=3, cnt=1, w=1667533996, Int=120
D/PMS ( 714): releaseWL(42ab3d48): PARTIAL_WAKE_LOCK AlarmManager 0x1
D/PMS ( 714): acquireWL(42c78a28): PARTIAL_WAKE_LOCK AlarmManager 0x1 714 1000
V/AlarmManager( 714): sending alarm PendingIntent{41e4b4e8: PendingIntentRecord{426cf298 com.domobile.applock startService}}, i=null, t=3, cnt=1, w=1667534116, Int=120
D/PMS ( 714): releaseWL(42c78a28): PARTIAL_WAKE_LOCK AlarmManager 0x1
D/PMS ( 714): acquireWL(42dc99a0): PARTIAL_WAKE_LOCK AlarmManager 0x1 714 1000
V/AlarmManager( 714): sending alarm PendingIntent{41e4b4e8: PendingIntentRecord{426cf298 com.domobile.applock startService}}, i=null, t=3, cnt=1, w=1667534236, Int=120
D/PMS ( 714): releaseWL(42dc99a0): PARTIAL_WAKE_LOCK AlarmManager 0x1
D/PMS ( 714): acquireWL(43163710): PARTIAL_WAKE_LOCK AlarmManager 0x1 714 1000
V/AlarmManager( 714): sending alarm PendingIntent{41e4b4e8: PendingIntentRecord{426cf298 com.domobile.applock startService}}, i=null, t=3, cnt=1, w=1667534356, Int=120
D/PMS ( 714): releaseWL(43163710): PARTIAL_WAKE_LOCK AlarmManager 0x1
D/PMS ( 714): acquireWL(43338238): PARTIAL_WAKE_LOCK AlarmManager 0x1 714 1000
V/AlarmManager( 714): sending alarm PendingIntent{41e4b4e8: PendingIntentRecord{426cf298 com.domobile.applock startService}}, i=null, t=3, cnt=1, w=1667534476, Int=120
D/PMS ( 714): releaseWL(43338238): PARTIAL_WAKE_LOCK AlarmManager 0x1
D/PMS ( 714): acquireWL(4362b1d8): PARTIAL_WAKE_LOCK AlarmManager 0x1 714 1000
V/AlarmManager( 714): sending alarm PendingIntent{41e4b4e8: PendingIntentRecord{426cf298 com.domobile.applock startService}}, i=null, t=3, cnt=1, w=1667534596, Int=120
D/PMS ( 714): releaseWL(4362b1d8): PARTIAL_WAKE_LOCK AlarmManager 0x1
D/PMS ( 714): acquireWL(438aea30): PARTIAL_WAKE_LOCK AlarmManager 0x1 714 1000
V/AlarmManager( 714): sending alarm PendingIntent{41e4b4e8: PendingIntentRecord{426cf298 com.domobile.applock startService}}, i=null, t=3, cnt=1, w=1667534716, Int=120
D/PMS ( 714): releaseWL(438aea30): PARTIAL_WAKE_LOCK AlarmManager 0x1
D/PMS ( 714): acquireWL(42787718): PARTIAL_WAKE_LOCK AlarmManager 0x1 714 1000
V/AlarmManager( 714): sending alarm PendingIntent{41e4b4e8: PendingIntentRecord{426cf298 com.domobile.applock startService}}, i=null, t=3, cnt=1, w=1667534836, Int=120
D/PMS ( 714): releaseWL(42787718): PARTIAL_WAKE_LOCK AlarmManager 0x1
D/PMS ( 714): acquireWL(429a3b90): PARTIAL_WAKE_LOCK AlarmManager 0x1 714 1000
V/AlarmManager( 714): sending alarm PendingIntent{41e4b4e8: PendingIntentRecord{426cf298 com.domobile.applock startService}}, i=null, t=3, cnt=1, w=1667534956, Int=120
D/PMS ( 714): releaseWL(429a3b90): PARTIAL_WAKE_LOCK AlarmManager 0x1
D/PMS ( 714): acquireWL(42b410e0): PARTIAL_WAKE_LOCK AlarmManager 0x1 714 1000
V/AlarmManager( 714): sending alarm PendingIntent{41e4b4e8: PendingIntentRecord{426cf298 com.domobile.applock startService}}, i=null, t=3, cnt=1, w=1667535076, Int=120
D/PMS ( 714): releaseWL(42b410e0): PARTIAL_WAKE_LOCK AlarmManager 0x1
D/PMS ( 714): acquireWL(42c8fa28): PARTIAL_WAKE_LOCK AlarmManager 0x1 714 1000
V/AlarmManager( 714): sending alarm PendingIntent{41e4b4e8: PendingIntentRecord{426cf298 com.domobile.applock startService}}, i=null, t=3, cnt=1, w=1667535196, Int=120
D/PMS ( 714): releaseWL(42c8fa28): PARTIAL_WAKE_LOCK AlarmManager 0x1
D/PMS ( 714): acquireWL(42d67f10): PARTIAL_WAKE_LOCK AlarmManager 0x1 714 1000
V/AlarmManager( 714): sending alarm PendingIntent{41e4b4e8: PendingIntentRecord{426cf298 com.domobile.applock startService}}, i=null, t=3, cnt=1, w=1667535316, Int=120
D/PMS ( 714): releaseWL(42d67f10): PARTIAL_WAKE_LOCK AlarmManager 0x1
D/PMS ( 714): acquireWL(42f4ebb0): PARTIAL_WAKE_LOCK AlarmManager 0x1 714 1000
V/AlarmManager( 714): sending alarm PendingIntent{41e4b4e8: PendingIntentRecord{426cf298 com.domobile.applock startService}}, i=null, t=3, cnt=1, w=1667535436, Int=120
D/PMS ( 714): releaseWL(42f4ebb0): PARTIAL_WAKE_LOCK AlarmManager 0x1
D/PMS ( 714): acquireWL(430c53c8): PARTIAL_WAKE_LOCK AlarmManager 0x1 714 1000
V/AlarmManager( 714): sending alarm PendingIntent{41e4b4e8: PendingIntentRecord{426cf298 com.domobile.applock startService}}, i=null, t=3, cnt=1, w=1667535556, Int=120
D/PMS ( 714): releaseWL(430c53c8): PARTIAL_WAKE_LOCK AlarmManager 0x1
D/PMS ( 714): acquireWL(432c5788): PARTIAL_WAKE_LOCK AlarmManager 0x1 714 1000
V/AlarmManager( 714): sending alarm PendingIntent{41e4b4e8: PendingIntentRecord{426cf298 com.domobile.applock startService}}, i=null, t=3, cnt=1, w=1667535676, Int=120
D/PMS ( 714): releaseWL(432c5788): PARTIAL_WAKE_LOCK AlarmManager 0x1
D/PMS ( 714): acquireWL(42466850): PARTIAL_WAKE_LOCK AlarmManager 0x1 714 1000
V/AlarmManager( 714): sending alarm PendingIntent{4243e0f8: PendingIntentRecord{42430420 android broadcastIntent}}, i=android.intent.action.TIME_TICK, t=3, cnt=1, w=1667567586, Int=0
V/AlarmManager( 714): sending alarm PendingIntent{41cc4ea0: PendingIntentRecord{42433870 android broadcastIntent}}, i=android.net.ConnectivityService.action.PKT_CNT_SAMPLE_INTERVAL_ELAPSED, t=3, cnt=1, w=1667557693, Int=0
V/AlarmManager( 714): sending alarm PendingIntent{42b33458: PendingIntentRecord{424dd430 com.levelup.beautifulwidgets.free broadcastIntent}}, i=com.levelup.beautifulwidgets.core.ACTION_REFRESHTIME, t=1, cnt=1, w=1405196520000, Int=0
D/ConnectivityService( 714): Sampling interval elapsed, updating statistics ..
D/ConnectivityService( 714): Done.
D/ConnectivityService( 714): Setting timer for 30seconds
D/PMS ( 714): releaseWL(42466850): PARTIAL_WAKE_LOCK AlarmManager 0x1
W/MastheadClock( 1102): mDigitAnimMin.start
W/MastheadClock( 920): mDigitAnimMin.start
D/AppWidgetHostView( 1102): updateAppWidget mInfo = AppWidgetProviderInfo(provider=ComponentInfo{com.levelup.beautifulwidgets.free/com.levelup.beautifulwidgets.core.ui.widgets.clock.ClockWidget42})
I/RemoteViews.Performance( 1102): com.levelup.beautifulwidgets.free 0 4 74
D/TelephonyCallback( 920): SignalStrength: 4
D/TelephonyRegistry( 714): This is not dual project
D/SIGNAL_ICON( 920): level=4/5
D/StatusBar.NetworkController( 920): dumpIcon[(gone) stat_sys_5signal_4|null stat_sys_wifi_signal_4 (gone) F]
D/GpsLocationProvider( 714): ServiceState.STATE_IN_SERVICE
D/WifiService( 714): @onServiceStateChanged: 0 0 home TURKCELL TURKCELL 28601 UMTS EDGE CSS not supported -1 -1 RoamInd=-1 DefRoamInd=-1EriInd= -1EriMode= -1RadioPowerSv: false EmergOnly=false PhoneType: 1 VoiceRoaming: false DataRoaming: false
D/WifiService( 714): MCC after camp network: 286
D/WifiService( 714): WIFI_COUNTRY_CODE set to tr after camp network
I/WifiService( 714): WifiService trying to set country code to tr with persist set to true
D/WifiP2pService( 714): InactiveState{ when=-2ms what=143376 obj=tr target=com.android.internal.util.StateMachine$SmHandler }
D/WifiP2pService( 714): P2pEnabledState{ when=-4ms what=143376 obj=tr target=com.android.internal.util.StateMachine$SmHandler }
D/TelephonyRegistry( 714): This is not dual project
D/TelephonyCallback( 920): ServiceState: 0 UMTS 0 EDGE -1 1
D/StatusBar.NetworkController( 920): dumpState[0 0 0 2 false UNKNOWN 108]
D/SIGNAL_ICON( 920): level=4/5
I/QuickSettingAirplane( 920): getActualState:STATE_AIRPLANE_OFF airplaneOn:false radioAllOff:false
D/DialerApp(15795): StateReceiver(): onServiceStateChanged state=0
D/StatusBar.NetworkController( 920): dumpIcon[(gone) stat_sys_5signal_4|null stat_sys_wifi_signal_4 (gone) F]
D/PMS ( 714): acquireWL(428fd688): PARTIAL_WAKE_LOCK SWITCH_NETWORK_MODE_WAKE_LOCK_0 0x1 16187 10020
D/AutoSetting(16187): receiver - intent: android.intent.action.SERVICE_STATE
D/PMS ( 714): releaseWL(428fd688): PARTIAL_WAKE_LOCK SWITCH_NETWORK_MODE_WAKE_LOCK_0 0x1
D/DialerApp(15795): StateReceiver(): onServiceStateChanged state=0
D/GpsLocationProvider( 714): ServiceState.STATE_IN_SERVICE
D/WifiService( 714): @onServiceStateChanged: 0 0 home TURKCELL TURKCELL 28601 UMTS UMTS CSS not supported -1 -1 RoamInd=-1 DefRoamInd=-1EriInd= -1EriMode= -1RadioPowerSv: false EmergOnly=false PhoneType: 1 VoiceRoaming: false DataRoaming: false
D/WifiService( 714): MCC after camp network: 286
D/WifiService( 714): WIFI_COUNTRY_CODE set to tr after camp network
I/WifiService( 714): WifiService trying to set country code to tr with persist set to true
D/TelephonyCallback( 920): ServiceState: 0 UMTS 0 UMTS -1 1
D/TelephonyRegistry( 714): This is not dual project
D/StatusBar.NetworkController( 920): dumpState[0 0 0 3 false UNKNOWN 108]
D/WifiP2pService( 714): InactiveState{ when=-1ms what=143376 obj=tr target=com.android.internal.util.StateMachine$SmHandler }
D/WifiP2pService( 714): P2pEnabledState{ when=-1ms what=143376 obj=tr target=com.android.internal.util.StateMachine$SmHandler }
D/SIGNAL_ICON( 920): level=4/5
I/QuickSettingAirplane( 920): getActualState:STATE_AIRPLANE_OFF airplaneOn:false radioAllOff:false
D/StatusBar.NetworkController( 920): dumpIcon[(gone) stat_sys_5signal_4|null stat_sys_wifi_signal_4 (gone) F]
D/PMS ( 714): acquireWL(4323b700): PARTIAL_WAKE_LOCK SWITCH_NETWORK_MODE_WAKE_LOCK_0 0x1 16187 10020
D/AutoSetting(16187): receiver - intent: android.intent.action.SERVICE_STATE
D/PMS ( 714): releaseWL(4323b700): PARTIAL_WAKE_LOCK SWITCH_NETWORK_MODE_WAKE_LOCK_0 0x1
D/PMS ( 714): acquireWL(426d87f8): PARTIAL_WAKE_LOCK AlarmManager 0x1 714 1000
V/AlarmManager( 714): sending alarm PendingIntent{41d0f028: PendingIntentRecord{41cc1790 com.facebook.katana broadcastIntent}}, i=com.facebook.common.executors.WakingExecutorService.ACTION_ALARM.com.facebook.katana, t=2, cnt=1, w=1667612952, Int=0
D/PMS ( 714): releaseWL(426d87f8): PARTIAL_WAKE_LOCK AlarmManager 0x1
D/ConnectivityService( 714): Sampling interval elapsed, updating statistics ..
D/PMS ( 714): acquireWL(42ff3fe0): PARTIAL_WAKE_LOCK AlarmManager 0x1 714 1000
V/AlarmManager( 714): sending alarm PendingIntent{41cc4ea0: PendingIntentRecord{42433870 android broadcastIntent}}, i=android.net.ConnectivityService.action.PKT_CNT_SAMPLE_INTERVAL_ELAPSED, t=3, cnt=1, w=1667614673, Int=0
D/PMS ( 714): releaseWL(42ff3fe0): PARTIAL_WAKE_LOCK AlarmManager 0x1
D/ConnectivityService( 714): Done.
D/ConnectivityService( 714): Setting timer for 30seconds
D/TelephonyCallback( 920): SignalStrength: 5
D/TelephonyRegistry( 714): This is not dual project
D/SIGNAL_ICON( 920): level=5/5
D/StatusBar.NetworkController( 920): dumpIcon[(gone) stat_sys_5signal_5|null stat_sys_wifi_signal_4 (gone) F]
D/GpsLocationProvider( 714): ServiceState.STATE_IN_SERVICE
D/WifiService( 714): @onServiceStateChanged: 0 0 home TURKCELL TURKCELL 28601 EDGE UMTS CSS not supported -1 -1 RoamInd=-1 DefRoamInd=-1EriInd= -1EriMode= -1RadioPowerSv: false EmergOnly=false PhoneType: 1 VoiceRoaming: false DataRoaming: false
D/WifiService( 714): MCC after camp network: 286
D/WifiService( 714): WIFI_COUNTRY_CODE set to tr after camp network
I/WifiService( 714): WifiService trying to set country code to tr with persist set to true
D/WifiP2pService( 714): InactiveState{ when=-2ms what=143376 obj=tr target=com.android.internal.util.StateMachine$SmHandler }
D/WifiP2pService( 714): P2pEnabledState{ when=-2ms what=143376 obj=tr target=com.android.internal.util.StateMachine$SmHandler }
D/TelephonyCallback( 920): ServiceState: 0 EDGE 0 UMTS -1 1
D/TelephonyRegistry( 714): This is not dual project
D/StatusBar.NetworkController( 920): dumpState[0 0 0 3 false UNKNOWN 108]
I/QuickSettingAirplane( 920): getActualState:STATE_AIRPLANE_OFF airplaneOn:false radioAllOff:false
D/DialerApp(15795): StateReceiver(): onServiceStateChanged state=0
D/SIGNAL_ICON( 920): level=5/5
D/StatusBar.NetworkController( 920): dumpIcon[(gone) stat_sys_5signal_5|null stat_sys_wifi_signal_4 (gone) F]
D/PMS ( 714): acquireWL(42d40f38): PARTIAL_WAKE_LOCK SWITCH_NETWORK_MODE_WAKE_LOCK_0 0x1 16187 10020
D/PMS ( 714): releaseWL(42d40f38): PARTIAL_WAKE_LOCK SWITCH_NETWORK_MODE_WAKE_LOCK_0 0x1
D/AutoSetting(16187): receiver - intent: android.intent.action.SERVICE_STATE
D/GpsLocationProvider( 714): ServiceState.STATE_IN_SERVICE
D/DialerApp(15795): StateReceiver(): onServiceStateChanged state=0
D/WifiService( 714): @onServiceStateChanged: 0 0 home TURKCELL TURKCELL 28601 EDGE EDGE CSS not supported -1 -1 RoamInd=-1 DefRoamInd=-1EriInd= -1EriMode= -1RadioPowerSv: false EmergOnly=false PhoneType: 1 VoiceRoaming: false DataRoaming: false
D/WifiService( 714): MCC after camp network: 286
D/WifiService( 714): WIFI_COUNTRY_CODE set to tr after camp network
I/WifiService( 714): WifiService trying to set country code to tr with persist set to true
D/WifiP2pService( 714): InactiveState{ when=0 what=143376 obj=tr target=com.android.internal.util.StateMachine$SmHandler }
D/WifiP2pService( 714): P2pEnabledState{ when=-1ms what=143376 obj=tr target=com.android.internal.util.StateMachine$SmHandler }
D/TelephonyCallback( 920): ServiceState: 0 EDGE 0 EDGE -1 1
D/StatusBar.NetworkController( 920): dumpState[0 0 0 2 false UNKNOWN 108]
D/SIGNAL_ICON( 920): level=5/5
D/TelephonyRegistry( 714): This is not dual project
D/StatusBar.NetworkController( 920): dumpIcon[(gone) stat_sys_5signal_5|null stat_sys_wifi_signal_4 (gone) F]
I/QuickSettingAirplane( 920): getActualState:STATE_AIRPLANE_OFF airplaneOn:false radioAllOff:false
D/PMS ( 714): acquireWL(434a1d68): PARTIAL_WAKE_LOCK SWITCH_NETWORK_MODE_WAKE_LOCK_0 0x1 16187 10020
D/AutoSetting(16187): receiver - intent: android.intent.action.SERVICE_STATE
D/PMS ( 714): releaseWL(434a1d68): PARTIAL_WAKE_LOCK SWITCH_NETWORK_MODE_WAKE_LOCK_0 0x1
D/PMS ( 714): releaseWL(42fdc1d0): PARTIAL_WAKE_LOCK ServiceStateTracker 0x1
I/Prism.BaseActionBar( 1102): updateLastUpdatedTime(in MilliSecond) 0
I/Prism.BaseActionBar( 1102): updateLastUpdatedTime(in String) son güncelleme 2:00
I/FeedPager( 1102): clearFeedPageMap
I/FeedPager( 1102): [updatePages] total: 30, current: 1, map: 3, add: 3, reload: 0
D/PMS ( 714): acquireWL(432edd08): PARTIAL_WAKE_LOCK GCoreFlp 0x1 11542 10023
D/PMS ( 714): acquireWL(436afbf8): PARTIAL_WAKE_LOCK NotificationThreadCreator_3 0x1 12352 10151
D/PMS ( 714): releaseWL(432edd08): PARTIAL_WAKE_LOCK GCoreFlp 0x1
D/PMS ( 714): acquireWL(43ea52f8): PARTIAL_WAKE_LOCK TaskNotification_3 0x1 12352 10151
D/PMS ( 714): releaseWL(436afbf8): PARTIAL_WAKE_LOCK NotificationThreadCreator_3 0x1
D/PMS ( 714): acquireWL(42fdc1d0): PARTIAL_WAKE_LOCK ServiceStateTracker 0x1 1066 1001
I/WorldClock.AlarmUtils(29519): Calculate next alarm: id = 2 time = 1405309800000(Mon Jul 14 06:50:00 EEST 2014)
D/TodoTaskshortcut(12352): update TASK shortcut>
I/WorldClock.AlarmUtils(29519): Set alarm to alarm manager: id = 2 time = 1405309800000(Mon Jul 14 06:50:00 EEST 2014)
D/PhoneStatusBar( 920): updateIcon slot=alarm_clock index=20 viewIndex=2 old=StatusBarIcon(pkg=com.android.systemuiuser=0 id=0x7f020176 level=0 visible=true num=0 ) icon=StatusBarIcon(pkg=com.android.systemuiuser=0 id=0x7f020176 level=0 visible=true num=0 ) name=stat_notify_alarm vis=true
D/AlertReceiver(12373): beginStartingService
D/PMS ( 714): acquireWL(43714218): PARTIAL_WAKE_LOCK StartingAlertService_5 0x1 12373 10020
D/AlertService(12373): start to updateAlertNotification!
D/PMS ( 714): acquireWL(42be89e8): PARTIAL_WAKE_LOCK Checkin Handoff 0x1 16131 10023
D/PMS ( 714): releaseWL(43ea52f8): PARTIAL_WAKE_LOCK TaskNotification_3 0x1
D/PMS ( 714): releaseWL(43714218): PARTIAL_WAKE_LOCK StartingAlertService_5 0x1
W/NotifyReceiver(12352): stopSelfResult true
W/AlertReceiver(12373): stopSelfResult true
D/PMS ( 714): acquireWL(43ee12d8): PARTIAL_WAKE_LOCK Checkin Service 0x1 16131 10023
D/PMS ( 714): releaseWL(42be89e8): PARTIAL_WAKE_LOCK Checkin Handoff 0x1
I/ActivityManager( 714): Delay finish: com.htc.launcher/.receiver.NotificationReceiver
I/ActivityManager( 714): Resuming delayed broadcast
D/PMS ( 714): acquireWL(43e87c48): PARTIAL_WAKE_LOCK AlertService 0x1 12428 10322
D/PMS ( 714): releaseWL(43ee12d8): PARTIAL_WAKE_LOCK Checkin Service 0x1
I/ActivityManager( 714): Delay finish: com.htc.widget.weatherclock/.receiver.WeatherClock4x2Receiver
I/ActivityManager( 714): Resuming delayed broadcast
D/GCM (11445): GcmService start Intent { act=com.google.android.checkin.CHECKIN_COMPLETE flg=0x10 cmp=com.google.android.gms/.gcm.GcmService (has extras) } com.google.android.checkin.CHECKIN_COMPLETE
D/PMS ( 714): releaseWL(43e87c48): PARTIAL_WAKE_LOCK AlertService 0x1
I/DxSecureClock( 274): Time has been modified.
I/DxSecureClock( 274): Updated deltas successfully.
W/Settings(12292): Setting auto_time_zone has moved from android.provider.Settings.System to android.provider.Settings.Global, returning read-only value.
W/Settings(12292): Setting auto_time_zone has moved from android.provider.Settings.System to android.provider.Settings.Global, returning read-only value.
D/AppWidgetHostView( 1102): updateAppWidget mInfo = AppWidgetProviderInfo(provider=ComponentInfo{com.htc.widget.weatherclock/com.htc.widget.weatherclock.WeatherClock4x2})
I/RemoteViews.Performance( 1102): com.htc.widget.weatherclock 1 23 23
D/PMS ( 714): acquireWL(43c92308): PARTIAL_WAKE_LOCK AlarmManager 0x1 714 1000
V/AlarmManager( 714): sending alarm PendingIntent{42b76d30: PendingIntentRecord{424dd430 com.levelup.beautifulwidgets.free broadcastIntent}}, i=com.levelup.beautifulwidgets.core.ACTION_REFRESHTIME, t=1, cnt=1, w=1405196580000, Int=0
V/AlarmManager( 714): sending alarm PendingIntent{4243e0f8: PendingIntentRecord{42430420 android broadcastIntent}}, i=android.intent.action.TIME_TICK, t=3, cnt=1, w=1667627797, Int=0
V/AlarmManager( 714): sending alarm PendingIntent{425aba00: PendingIntentRecord{4327edb0 com.android.providers.calendar broadcastIntent}}, i=com.android.providers.calendar.intent.CalendarProvider2, t=2, cnt=1, w=1667627974, Int=0
D/PMS ( 714): acquireWL(43c415a8): PARTIAL_WAKE_LOCK ScheduleNextAlarmWakeLock_5 0x1 16187 10020
I/ActivityManager( 714): Delay finish: com.android.providers.calendar/.CalendarProviderBroadcastReceiver
W/MastheadClock( 1102): mDigitAnimMin.start
I/ActivityManager( 714): Resuming delayed broadcast
D/PMS ( 714): releaseWL(43c92308): PARTIAL_WAKE_LOCK AlarmManager 0x1
W/MastheadClock( 920): mDigitAnimMin.start
D/PMS ( 714): releaseWL(43c415a8): PARTIAL_WAKE_LOCK ScheduleNextAlarmWakeLock_5 0x1
D/AutoSetting(16187): service - handleMessage() stop self
W/ProcessCpuTracker( 714): Skipping unknown process pid 14191
W/ProcessCpuTracker( 714): Skipping unknown process pid 14193
W/ProcessCpuTracker( 714): Skipping unknown process pid 14194
W/ProcessCpuTracker( 714): Skipping unknown process pid 14196
D/AppWidgetHostView( 1102): updateAppWidget mInfo = AppWidgetProviderInfo(provider=ComponentInfo{com.levelup.beautifulwidgets.free/com.levelup.beautifulwidgets.core.ui.widgets.clock.ClockWidget42})
I/RemoteViews.Performance( 1102): com.levelup.beautifulwidgets.free 0 4 74
D/AutoSetting(16187): service - onDestroy() END
D/AutoSetting(16187): service - handleMessage() quit looper
D/ContactMessageStore( 1066): clearContact1Table() <<<
D/ContactMessageStore( 1066): delete/insert time: 40
D/ContactMessageStore( 1066): insertContactsTable() <<
D/ContactMessageStore( 1066): end time: 1667644067(762)
D/DraftCache(13246): [DraftCache/1] refresh
D/ContactMessageStore( 1066): notify MmsSms
D/PMS ( 714): acquireWL(436a0608): PARTIAL_WAKE_LOCK AlarmManager 0x1 714 1000
V/AlarmManager( 714): sending alarm PendingIntent{41cc4ea0: PendingIntentRecord{42433870 android broadcastIntent}}, i=android.net.ConnectivityService.action.PKT_CNT_SAMPLE_INTERVAL_ELAPSED, t=3, cnt=1, w=1667649675, Int=0
D/ConnectivityService( 714): Sampling interval elapsed, updating statistics ..
D/ConnectivityService( 714): Done.
V/AlarmManager( 714): sending alarm PendingIntent{427dfde0: PendingIntentRecord{429ad348 com.whatsapp broadcastIntent}}, i=com.whatsapp.messaging.MessageService.LOGOUT_ACTION, t=2, cnt=1, w=1667671614, Int=0
D/ConnectivityService( 714): Setting timer for 30seconds
D/PMS ( 714): releaseWL(436a0608): PARTIAL_WAKE_LOCK AlarmManager 0x1
D/TelephUtils( 1066): QUERY for [ com.android.phone ] tid: 38
D/DraftCache(13246): [DraftCache/41134] rebuildCache
D/SMSBackup(12491): Got a database change event
D/TelephUtils( 1066): QUERY for [ com.android.mms ] tid: 31
D/Jerry ( 1066): URI_DRAFT
D/DraftCache(13246): hasDraft() = false mNeedNotifyChange = false
D/DraftCache(13246): [DraftCache/41134] rebuildCache time: 2
D/TelephonyCallback( 920): SignalStrength: 3
D/TelephonyRegistry( 714): This is not dual project
D/SIGNAL_ICON( 920): level=3/5
D/StatusBar.NetworkController( 920): dumpIcon[(gone) stat_sys_5signal_3|null stat_sys_wifi_signal_4 (gone) F]
D/GpsLocationProvider( 714): ServiceState.STATE_IN_SERVICE
D/WifiService( 714): @onServiceStateChanged: 0 0 home TURKCELL TURKCELL 28601 UMTS EDGE CSS not supported -1 -1 RoamInd=-1 DefRoamInd=-1EriInd= -1EriMode= -1RadioPowerSv: false EmergOnly=false PhoneType: 1 VoiceRoaming: false DataRoaming: false
D/WifiService( 714): MCC after camp network: 286
D/WifiService( 714): WIFI_COUNTRY_CODE set to tr after camp network
I/WifiService( 714): WifiService trying to set country code to tr with persist set to true
D/WifiP2pService( 714): InactiveState{ when=-1ms what=143376 obj=tr target=com.android.internal.util.StateMachine$SmHandler }
D/WifiP2pService( 714): P2pEnabledState{ when=-1ms what=143376 obj=tr target=com.android.internal.util.StateMachine$SmHandler }
D/TelephonyRegistry( 714): This is not dual project
D/TelephonyCallback( 920): ServiceState: 0 UMTS 0 EDGE -1 1
D/StatusBar.NetworkController( 920): dumpState[0 0 0 2 false UNKNOWN 108]
D/SIGNAL_ICON( 920): level=3/5
D/StatusBar.NetworkController( 920): dumpIcon[(gone) stat_sys_5signal_3|null stat_sys_wifi_signal_4 (gone) F]
I/QuickSettingAirplane( 920): getActualState:STATE_AIRPLANE_OFF airplaneOn:false radioAllOff:false
D/DialerApp(15795): StateReceiver(): onServiceStateChanged state=0
D/PMS ( 714): acquireWL(43636b50): PARTIAL_WAKE_LOCK SWITCH_NETWORK_MODE_WAKE_LOCK_0 0x1 16187 10020
D/AutoSetting(16187): receiver - intent: android.intent.action.SERVICE_STATE
D/PMS ( 714): releaseWL(43636b50): PARTIAL_WAKE_LOCK SWITCH_NETWORK_MODE_WAKE_LOCK_0 0x1
D/GpsLocationProvider( 714): ServiceState.STATE_IN_SERVICE
D/DialerApp(15795): StateReceiver(): onServiceStateChanged state=0
D/WifiService( 714): @onServiceStateChanged: 0 0 home TURKCELL TURKCELL 28601 UMTS UMTS CSS not supported -1 -1 RoamInd=-1 DefRoamInd=-1EriInd= -1EriMode= -1RadioPowerSv: false EmergOnly=false PhoneType: 1 VoiceRoaming: false DataRoaming: false
D/WifiService( 714): MCC after camp network: 286
D/WifiService( 714): WIFI_COUNTRY_CODE set to tr after camp network
I/WifiService( 714): WifiService trying to set country code to tr with persist set to true
D/TelephonyCallback( 920): ServiceState: 0 UMTS 0 UMTS -1 1
D/WifiP2pService( 714): InactiveState{ when=-2ms what=143376 obj=tr target=com.android.internal.util.StateMachine$SmHandler }
D/WifiP2pService( 714): P2pEnabledState{ when=-2ms what=143376 obj=tr target=com.android.internal.util.StateMachine$SmHandler }
D/StatusBar.NetworkController( 920): dumpState[0 0 0 3 false UNKNOWN 108]
D/TelephonyRegistry( 714): This is not dual project
D/SIGNAL_ICON( 920): level=3/5
I/QuickSettingAirplane( 920): getActualState:STATE_AIRPLANE_OFF airplaneOn:false radioAllOff:false
D/StatusBar.NetworkController( 920): dumpIcon[(gone) stat_sys_5signal_3|null stat_sys_wifi_signal_4 (gone) F]
D/PMS ( 714): acquireWL(435d1e00): PARTIAL_WAKE_LOCK SWITCH_NETWORK_MODE_WAKE_LOCK_0 0x1 16187 10020
D/AutoSetting(16187): receiver - intent: android.intent.action.SERVICE_STATE
D/PMS ( 714): releaseWL(435d1e00): PARTIAL_WAKE_LOCK SWITCH_NETWORK_MODE_WAKE_LOCK_0 0x1
D/PMS ( 714): acquireWL(435cdac0): PARTIAL_WAKE_LOCK AlarmManager 0x1 714 1000
V/AlarmManager( 714): sending alarm PendingIntent{4243e0f8: PendingIntentRecord{42430420 android broadcastIntent}}, i=android.intent.action.TIME_TICK, t=3, cnt=1, w=1667687796, Int=0
V/AlarmManager( 714): sending alarm PendingIntent{43716d20: PendingIntentRecord{424dd430 com.levelup.beautifulwidgets.free broadcastIntent}}, i=com.levelup.beautifulwidgets.core.ACTION_REFRESHTIME, t=1, cnt=1, w=1405196640000, Int=0
V/AlarmManager( 714): sending alarm PendingIntent{41cc4ea0: PendingIntentRecord{42433870 android broadcastIntent}}, i=android.net.ConnectivityService.action.PKT_CNT_SAMPLE_INTERVAL_ELAPSED, t=3, cnt=1, w=1667701839, Int=0
D/PMS ( 714): releaseWL(435cdac0): PARTIAL_WAKE_LOCK AlarmManager 0x1
D/ConnectivityService( 714): Sampling interval elapsed, updating statistics ..
D/ConnectivityService( 714): Done.
D/ConnectivityService( 714): Setting timer for 30seconds
W/MastheadClock( 1102): mDigitAnimMin.start
W/MastheadClock( 920): mDigitAnimMin.start
D/AppWidgetHostView( 1102): updateAppWidget mInfo = AppWidgetProviderInfo(provider=ComponentInfo{com.levelup.beautifulwidgets.free/com.levelup.beautifulwidgets.core.ui.widgets.clock.ClockWidget42})
I/RemoteViews.Performance( 1102): com.levelup.beautifulwidgets.free 1 11 74
D/PMS ( 714): acquireWL(4347fcd8): PARTIAL_WAKE_LOCK NlpWakeLock 0x1 11542 10023
D/PMS ( 714): acquireWL(433eda70): PARTIAL_WAKE_LOCK NlpWakeLock 0x1 11542 10023
D/WifiService( 714): acquireWifiLockLocked: WifiLock{NlpWifiLock type=2 binder=android.os.BinderProxy@426a0e90}
I/wpa_supplicant( 4359): wlan0: Scan req: 0 sec 0 usec
I/wpa_supplicant( 4359): wlan0: wpa_supplicant_scan enter
I/wpa_supplicant( 4359): wlan0: ap_scan=1 , scan_req =2
D/BatSI ( 714): WIFI scan started for: 47030030 uid:10181
D/PMS ( 714): acquireWL(433c3cc0): PARTIAL_WAKE_LOCK AlarmManager 0x1 714 1000
V/AlarmManager( 714): sending alarm PendingIntent{42c6b218: PendingIntentRecord{4253de60 com.google.android.gms broadcastIntent}}, i=com.google.android.gms.nlp.ALARM_WAKEUP_LOCATOR, t=2, cnt=1, w=1667777002, Int=0
V/AlarmManager( 714): sending alarm PendingIntent{41cc4ea0: PendingIntentRecord{42433870 android broadcastIntent}}, i=android.net.ConnectivityService.action.PKT_CNT_SAMPLE_INTERVAL_ELAPSED, t=3, cnt=1, w=1667797966, Int=0
V/AlarmManager( 714): sending alarm PendingIntent{430daf40: PendingIntentRecord{427bfbf0 com.supercell.clashofclans broadcastIntent}}, i=null, t=0, cnt=1, w=1405196735087, Int=0
I/wpa_supplicant( 4359): Scan req (ret=0) - timeout 30 secs
V/AlarmManager( 714): sending alarm PendingIntent{43bd7230: PendingIntentRecord{428a4190 com.google.android.gms broadcastIntent}}, i=null, t=0, cnt=1, w=1405196755323, Int=1800000
V/AlarmManager( 714): sending alarm PendingIntent{42bf0338: PendingIntentRecord{424dd430 com.levelup.beautifulwidgets.free broadcastIntent}}, i=com.levelup.beautifulwidgets.core.ACTION_REFRESHTIME, t=1, cnt=1, w=1405196760000, Int=0
V/AlarmManager( 714): sending alarm PendingIntent{4243e0f8: PendingIntentRecord{42430420 android broadcastIntent}}, i=android.intent.action.TIME_TICK, t=3, cnt=1, w=1667807797, Int=0
D/ConnectivityService( 714): Sampling interval elapsed, updating statistics ..
D/PMS ( 714): releaseWL(4347fcd8): PARTIAL_WAKE_LOCK NlpWakeLock 0x1
I/ActivityManager( 714): Start proc com.supercell.clashofclans for broadcast com.supercell.clashofclans/.TimeAlarm: pid=14281 uid=10229 gids={50229, 3003, 5012}
D/ConnectivityService( 714): Done.
D/ConnectivityService( 714): Setting timer for 30seconds
W/MastheadClock( 1102): mDigitAnimMin.start
W/MastheadClock( 920): mDigitAnimMin.start
D/PMS ( 714): acquireWL(42cda190): PARTIAL_WAKE_LOCK RingtonePlayer 0x1 920 10049
D/PMS ( 714): acquireWL(42c9d0e0): PARTIAL_WAKE_LOCK *vibrator* 0x1 714 1000
D/PMS ( 714): acquireWL(42c7fe58): PARTIAL_WAKE_LOCK Event Log Handoff 0x1 16131 10023
D/RingtoneManager( 714): getActualDefaultRingtoneUri(context, 2)
D/MediaProvider(24020): [isExternalPath] not external path
D/PMS ( 714): acquireWL(42b6a930): PARTIAL_WAKE_LOCK Event Log Service 0x1 16131 10023
D/PMS ( 714): releaseWL(42c7fe58): PARTIAL_WAKE_LOCK Event Log Handoff 0x1
I/EventLogService(16131): Aggregate from 1405195846210 (log), 1405194955180 (data)
D/PMS ( 714): releaseWL(433c3cc0): PARTIAL_WAKE_LOCK AlarmManager 0x1
D/MediaPlayer( 920): setDataSource(FileDescriptor fd) out
D/MediaPlayer( 920): [DLNA]setDataSource(FileDescriptor fd) not use file descriptor directlly
I/MediaPlayer( 920): setLPAflag() in
D/MediaPlayer( 920): SystemProperties.get htc.audio.mirrorlink.status:
D/WirelessDisplayService( 714): getMirrorDisplayStatus:falsecurState:1
D/MediaPlayer( 920): set AwesomePlayer LPA flag to false +
D/MediaPlayer( 920): set AwesomePlayer LPA flag to false -
I/MediaPlayer( 920): setLPAflag() out
W/MediaPlayer( 920): info/warning (1, 902)
D/[MediaPluginDLNA]( 920): [getIsRegionSupported] sRegionCode: 6
D/HtcDeviceInfoManager( 714): MediaReceiver.onReceive
D/WirelessDisplayService( 714): getMirrorDisplayStatus:falsecurState:1
D/[MediaPluginDLNA]( 920): not in Mirror mode
D/MediaPlayer( 920): doStart() in
D/MediaPlayer( 920): Htc_getIntParameter = 902
W/AudFlgTh( 266): Using by PID 920, ProcessName:com.android.systemui
V/HtcDeviceInfoManager( 714): act=1, pid=920, type=1, hashCode=421608e0
D/MediaPlayer( 920): Mediaplayer receives message, message type: 200
D/MediaPlayer( 920): Mediaplayer receives message, message type: 5
D/MediaPlayer( 920): Mediaplayer receives message, message type: 1
E/MediaPlayer( 920): Should have subtitle controller already set
D/PMS ( 714): acquireWL(429fe360): PARTIAL_WAKE_LOCK AudioMix 0x1 266 1013
D/PMS ( 714): releaseWL(42cda190): PARTIAL_WAKE_LOCK RingtonePlayer 0x1
D/MediaPlayer( 920): Mediaplayer receives message, message type: 6
E/AudioStreamOutALSA( 266): PCM_Write set_amp_mode,1
W/HtcAudFlgTh( 266): ThreadLoop_wrtie blocking by HAL 32678532ns, the mixerBufferTime is 10666666
E/AudioSink( 266): received unknown event type: 1 inside CallbackWrapper !
D/OnDemandProgressBar( 920): release indeterminate drawable android.widget.OnDemandProgressBar{41f32410 G.ED.... ......I. 0,0-0,0 #102000d android:id/progress}
D/OnDemandProgressBar( 920): new OnDemandProgressBar android.widget.OnDemandProgressBar{41f32410 G.ED.... ......I. 0,0-0,0 #102000d android:id/progress}
I/RemoteViews.Performance( 920): com.supercell.clashofclans 1 111 6 11
D/OnDemandProgressBar( 920): release indeterminate drawable android.widget.OnDemandProgressBar{41a9c3a8 G.ED.... ......I. 0,0-0,0 #102000d android:id/progress}
D/OnDemandProgressBar( 920): new OnDemandProgressBar android.widget.OnDemandProgressBar{41a9c3a8 G.ED.... ......I. 0,0-0,0 #102000d android:id/progress}
I/RemoteViews.Performance( 920): com.supercell.clashofclans 1 18 5 16
D/PMS ( 714): releaseWL(42b6a930): PARTIAL_WAKE_LOCK Event Log Service 0x1
D/Process ( 714): killProcessQuiet, pid=9336
D/Process ( 714): com.android.server.am.ActivityManagerService.killUnneededProcessLocked:7501 com.android.server.am.ActivityManagerService.updateOomAdjLocked:16914 com.android.server.am.ActivityManagerService.removeContentProvider:8593
I/ActivityManager( 714): Killing 9336:com.joelapenna.foursquared/u0a19 (adj 15): empty #21
I/ActivityManager( 714): Recipient 9336
D/WifiService( 714): Client connection lost with reason: 4
D/AppWidgetHostView( 1102): updateAppWidget mInfo = AppWidgetProviderInfo(provider=ComponentInfo{com.levelup.beautifulwidgets.free/com.levelup.beautifulwidgets.core.ui.widgets.clock.ClockWidget42})
I/RemoteViews.Performance( 1102): com.levelup.beautifulwidgets.free 2 6 74
D/PMS ( 714): acquireWL(426a08d8): PARTIAL_WAKE_LOCK TimedEventQueue 0x1 266 1013
D/MediaPlayer( 920): Mediaplayer receives message, message type: 7
E/MediaPlayer( 920): internal/external state mismatch corrected
D/PMS ( 714): releaseWL(426a08d8): PARTIAL_WAKE_LOCK TimedEventQueue 0x1
D/MediaPlayer( 920): Mediaplayer receives message, message type: 2
D/MediaPlayer( 920): U58 Send PlaybackCompleteEvent
D/HtcDeviceInfoManager( 714): MediaReceiver.onReceive
D/HfmMessageReceiver(13246): onReceive: com.htc.intent.action.NOTIFICATION_SOUND_COMPLETE
V/HtcDeviceInfoManager( 714): act=2, pid=920, type=1, hashCode=421608e0
D/HfmMessageReceiver(13246): receive ACTION_NOTIFICATION_SOUND_COMPLETE, pkg= com.supercell.clashofclans, id= 1405177390
D/PMS ( 714): releaseWL(42c9d0e0): PARTIAL_WAKE_LOCK *vibrator* 0x1
I/wpa_supplicant( 4359): Got an original EVENT_SCAN_RESULTS
I/wpa_supplicant( 4359): nl80211: Received scan results (2 BSSes)
I/wpa_supplicant( 4359): nl80211: Scan results indicate BSS status with f8:3d:ff:a4:06:b2 as associated
I/wpa_supplicant( 4359): [Halim] f8:3d:ff:a4:06:b2 freq=2412 level=-52
I/wpa_supplicant( 4359): [PERI-NET] 10:fe:ed:73:39:86 freq=2472 level=-79
D/WifiStateMachine( 714): [MLHD] enter handleMediaLinkEvent SupplicantStartedState
D/Tethering( 714): [isWifi] getHotspotEnabled: false
W/ContextImpl( 714): Calling a method in the system process without a qualified user: android.app.ContextImpl.sendBroadcast:1363 android.net.wifi.WifiStateMachine.sendDongleScanResultsAvailableBroadcast:5252 android.net.wifi.WifiStateMachine.handleMediaLinkEvent:5430 android.net.wifi.WifiStateMachine.access$5900:242 android.net.wifi.WifiStateMachine$SupplicantStartedState.processMessage:6706
D/WirelessDisplayService( 714): getDiscoveryDongleList
D/WifiStateMachine( 714): [ScoreAP] + roamToTopScoreAP: Halim[f8:3d:ff:a4:06:b2], -61, 0
V/ScoreHelper( 714): Only print Top 10 in ApScanList
V/ScoreHelper( 714): + ScoreResult: 88, AP: Halim [f8:3d:ff:a4:06:b2], Rssi: 15 [-52], Tx: 13, Freq: 10 [2412], Disconn: 50, Last Used: 0
V/ScoreHelper( 714): + ScoreResult: 81, AP: PERI-NET [10:fe:ed:73:39:86], Rssi: 8 [-79], Tx: 13, Freq: 10 [2472], Disconn: 50, Last Used: 0
V/ScoreHelper( 714): + computeScore(Halim): 1
D/WifiStateMachine( 714): [ScoreAP] + No alternative AP to roam except current AP [1], Halim
D/WifiManager(11542): getScanResults enter
D/WirelessDisplayService( 714): getDiscoveryDongleList
D/BatSI ( 714): WIFI scan stopped for: 46030030 uid:10181
D/PMS ( 714): acquireWL(4252cde0): PARTIAL_WAKE_LOCK NlpWakeLock 0x1 11542 10023
D/LocationManagerService( 714): incoming location from: network
D/PMS ( 714): releaseWL(4252cde0): PARTIAL_WAKE_LOCK NlpWakeLock 0x1
D/PMS ( 714): acquireWL(4247cdc0): PARTIAL_WAKE_LOCK NlpWakeLock 0x1 11542 10023
D/PMS ( 714): releaseWL(4247cdc0): PARTIAL_WAKE_LOCK NlpWakeLock 0x1
D/LocationManagerService( 714): incoming location from: network
D/PMS ( 714): acquireWL(4224ad80): PARTIAL_WAKE_LOCK GCoreFlp 0x1 11542 10023
D/PMS ( 714): acquireWL(4215ce78): PARTIAL_WAKE_LOCK NlpWakeLock 0x1 11542 10023
D/PMS ( 714): acquireWL(41d5bf50): PARTIAL_WAKE_LOCK LocationManagerService 0x1 714 1000
D/PMS ( 714): releaseWL(4215ce78): PARTIAL_WAKE_LOCK NlpWakeLock 0x1
D/PMS ( 714): acquireWL(4216eb90): PARTIAL_WAKE_LOCK LocationManagerService 0x1 714 1000
D/PMS ( 714): acquireWL(41cbf7d8): PARTIAL_WAKE_LOCK LocationManagerService 0x1 714 1000
D/PMS ( 714): acquireWL(432c5168): PARTIAL_WAKE_LOCK GCoreFlp 0x1 11542 10023
D/PMS ( 714): acquireWL(42d3b940): PARTIAL_WAKE_LOCK LocationManagerService 0x1 714 1000
D/AutoSetting(16187): service - onCreate()
D/PMS ( 714): releaseWL(432c5168): PARTIAL_WAKE_LOCK GCoreFlp 0x1
D/PMS ( 714): acquireWL(425d6a40): PARTIAL_WAKE_LOCK LocationManagerService 0x1 714 1000
D/LocationManagerService( 714): incoming location from: fused
D/LocationManagerService( 714): incoming location from: fused
D/PMS ( 714): releaseWL(41d5bf50): PARTIAL_WAKE_LOCK LocationManagerService 0x1
D/PMS ( 714): releaseWL(41cbf7d8): PARTIAL_WAKE_LOCK LocationManagerService 0x1
D/PMS ( 714): releaseWL(42d3b940): PARTIAL_WAKE_LOCK LocationManagerService 0x1
D/PMS ( 714): releaseWL(4224ad80): PARTIAL_WAKE_LOCK GCoreFlp 0x1
D/PMS ( 714): acquireWL(41cfbc68): PARTIAL_WAKE_LOCK LocationManagerService 0x1 714 1000
D/PMS ( 714): acquireWL(42c87020): PARTIAL_WAKE_LOCK LocationManagerService 0x1 714 1000
D/PMS ( 714): acquireWL(42c68630): PARTIAL_WAKE_LOCK LocationManagerService 0x1 714 1000
D/QMI_FW ( 714): QCCI: QMI_CCI_TX: cntl_flag - 00, txn_id - 0d2d, msg_id - 0039, msg_len - 0021
D/QMI_FW ( 714): QCCI: QMUXD: xport_send[1 -> 16]: 40 bytes on conn_id=9
D/PMS ( 714): releaseWL(41cfbc68): PARTIAL_WAKE_LOCK LocationManagerService 0x1
D/PMS ( 714): releaseWL(42c87020): PARTIAL_WAKE_LOCK LocationManagerService 0x1
D/PMS ( 714): releaseWL(42c68630): PARTIAL_WAKE_LOCK LocationManagerService 0x1
D/PMS ( 714): releaseWL(425d6a40): PARTIAL_WAKE_LOCK LocationManagerService 0x1
D/PMS ( 714): releaseWL(4216eb90): PARTIAL_WAKE_LOCK LocationManagerService 0x1
D/AutoSetting(16187): service - onStartCommand() action: com.htc.app.autosetting.location
D/AutoSetting(16187): service - handleMessage() within range
D/LocationManagerService( 714): request 427864e0 passive Request[POWER_NONE passive fastest=+5s0ms] from com.htc.htclocationservice(10020)
D/LocationManagerService( 714): provider request: passive ProviderRequest[ON interval=0]
D/QMI_FW ( 714): QCCI: QMUXD: xport_rx[1 <- 16]: 14 bytes on conn_id: 9
D/QMI_FW ( 714): QCCI: QMI_CCI_RX: cntl_flag - 02, txn_id - 0d2d, msg_id - 0039, msg_len - 0007
D/WifiService( 714): releaseWifiLockLocked: WifiLock{NlpWifiLock type=2 binder=android.os.BinderProxy@426a0e90}
D/PMS ( 714): releaseWL(433eda70): PARTIAL_WAKE_LOCK NlpWakeLock 0x1
D/PMS ( 714): acquireWL(42a88f00): PARTIAL_WAKE_LOCK NlpWakeLock 0x1 11542 10023
D/GpsLocationProvider( 714): [reportHTCStatus] eventMask = 2 , status = 0
D/GpsLocationProvider( 714): [reportHTCStatus] INJECT_LOCATION
D/QMI_FW ( 714): QCCI: QMUXD: xport_rx[1 <- 16]: 14 bytes on conn_id: 9
D/PMS ( 714): releaseWL(42a88f00): PARTIAL_WAKE_LOCK NlpWakeLock 0x1
D/QMI_FW ( 714): QCCI: QMI_CCI_RX: cntl_flag - 04, txn_id - 0000, msg_id - 0039, msg_len - 0007
D/PMS ( 714): acquireWL(429ac8a8): PARTIAL_WAKE_LOCK NlpWakeLock 0x1 11542 10023
D/PMS ( 714): acquireWL(42974550): PARTIAL_WAKE_LOCK GCoreFlp 0x1 11542 10023
D/PMS ( 714): releaseWL(42974550): PARTIAL_WAKE_LOCK GCoreFlp 0x1
D/PMS ( 714): acquireWL(42908220): PARTIAL_WAKE_LOCK NlpWakeLock 0x1 11542 10023
