V/AlarmManager( 714): sending alarm PendingIntent{432f9e90: PendingIntentRecord{426cf298 com.domobile.applock startService}}, i=null, t=3, cnt=1, w=1668051474, Int=300
D/PMS ( 714): releaseWL(423bfff0): PARTIAL_WAKE_LOCK AlarmManager 0x1
D/PMS ( 714): acquireWL(42284570): PARTIAL_WAKE_LOCK AlarmManager 0x1 714 1000
V/AlarmManager( 714): sending alarm PendingIntent{432f9e90: PendingIntentRecord{426cf298 com.domobile.applock startService}}, i=null, t=3, cnt=1, w=1668051774, Int=300
D/PMS ( 714): releaseWL(42284570): PARTIAL_WAKE_LOCK AlarmManager 0x1
D/PMS ( 714): acquireWL(4213db40): PARTIAL_WAKE_LOCK AlarmManager 0x1 714 1000
V/AlarmManager( 714): sending alarm PendingIntent{432f9e90: PendingIntentRecord{426cf298 com.domobile.applock startService}}, i=null, t=3, cnt=1, w=1668052074, Int=300
D/PMS ( 714): releaseWL(4213db40): PARTIAL_WAKE_LOCK AlarmManager 0x1
D/PMS ( 714): acquireWL(41f13820): PARTIAL_WAKE_LOCK AlarmManager 0x1 714 1000
V/AlarmManager( 714): sending alarm PendingIntent{432f9e90: PendingIntentRecord{426cf298 com.domobile.applock startService}}, i=null, t=3, cnt=1, w=1668052374, Int=300
D/PMS ( 714): releaseWL(41f13820): PARTIAL_WAKE_LOCK AlarmManager 0x1
D/PMS ( 714): acquireWL(41c732e8): PARTIAL_WAKE_LOCK AlarmManager 0x1 714 1000
V/AlarmManager( 714): sending alarm PendingIntent{432f9e90: PendingIntentRecord{426cf298 com.domobile.applock startService}}, i=null, t=3, cnt=1, w=1668052674, Int=300
D/PMS ( 714): releaseWL(41c732e8): PARTIAL_WAKE_LOCK AlarmManager 0x1
D/WifiStateMachine( 714): fetchRssiAndLinkSpeedNative RSSI = -58 abnormalRssiCnt = 0 newLinkSpeed = 72
D/WifiStateMachine( 714): fetchRssiAndLinkSpeedNative mLinkspeedCount = 4, mLinkspeedSum: 288
D/PMS ( 714): acquireWL(42179858): PARTIAL_WAKE_LOCK AlarmManager 0x1 714 1000
V/AlarmManager( 714): sending alarm PendingIntent{432f9e90: PendingIntentRecord{426cf298 com.domobile.applock startService}}, i=null, t=3, cnt=1, w=1668052974, Int=300
D/PMS ( 714): releaseWL(42179858): PARTIAL_WAKE_LOCK AlarmManager 0x1
D/PMS ( 714): acquireWL(41d59b88): PARTIAL_WAKE_LOCK AlarmManager 0x1 714 1000
V/AlarmManager( 714): sending alarm PendingIntent{432f9e90: PendingIntentRecord{426cf298 com.domobile.applock startService}}, i=null, t=3, cnt=1, w=1668053274, Int=300
D/PMS ( 714): releaseWL(41d59b88): PARTIAL_WAKE_LOCK AlarmManager 0x1
V/LightsService( 714): setLight #0: color=#ff505050
V/LightsService( 714): setLight #0: color=#ff4c4c4c
V/LightsService( 714): setLight #0: color=#ff464646
V/LightsService( 714): setLight #0: color=#ff424242
V/LightsService( 714): setLight #0: color=#ff3f3f3f
V/LightsService( 714): setLight #0: color=#ff3c3c3c
V/LightsService( 714): setLight #0: color=#ff393939
V/LightsService( 714): setLight #0: color=#ff353535
V/LightsService( 714): setLight #0: color=#ff323232
V/LightsService( 714): setLight #0: color=#ff2f2f2f
V/LightsService( 714): setLight #0: color=#ff2b2b2b
V/LightsService( 714): setLight #0: color=#ff282828
V/LightsService( 714): setLight #0: color=#ff252525
V/LightsService( 714): setLight #0: color=#ff222222
V/LightsService( 714): setLight #0: color=#ff1e1e1e
V/LightsService( 714): setLight #0: color=#ff1b1b1b
V/LightsService( 714): setLight #0: color=#ff181818
D/PMS ( 714): acquireWL(42b8d068): PARTIAL_WAKE_LOCK AlarmManager 0x1 714 1000
V/AlarmManager( 714): sending alarm PendingIntent{432f9e90: PendingIntentRecord{426cf298 com.domobile.applock startService}}, i=null, t=3, cnt=1, w=1668053574, Int=300
D/PMS ( 714): releaseWL(42b8d068): PARTIAL_WAKE_LOCK AlarmManager 0x1
V/LightsService( 714): setLight #0: color=#ff141414
D/PMS ( 714): acquireWL(42b3ea90): PARTIAL_WAKE_LOCK AlarmManager 0x1 714 1000
V/AlarmManager( 714): sending alarm PendingIntent{432f9e90: PendingIntentRecord{426cf298 com.domobile.applock startService}}, i=null, t=3, cnt=1, w=1668053874, Int=300
D/PMS ( 714): releaseWL(42b3ea90): PARTIAL_WAKE_LOCK AlarmManager 0x1
D/PMS ( 714): acquireWL(42aef5b0): PARTIAL_WAKE_LOCK AlarmManager 0x1 714 1000
V/AlarmManager( 714): sending alarm PendingIntent{432f9e90: PendingIntentRecord{426cf298 com.domobile.applock startService}}, i=null, t=3, cnt=1, w=1668054174, Int=300
D/PMS ( 714): releaseWL(42aef5b0): PARTIAL_WAKE_LOCK AlarmManager 0x1
D/PMS ( 714): acquireWL(42a8fee0): PARTIAL_WAKE_LOCK AlarmManager 0x1 714 1000
V/AlarmManager( 714): sending alarm PendingIntent{432f9e90: PendingIntentRecord{426cf298 com.domobile.applock startService}}, i=null, t=3, cnt=1, w=1668054474, Int=300
D/PMS ( 714): releaseWL(42a8fee0): PARTIAL_WAKE_LOCK AlarmManager 0x1
D/TelephonyRegistry( 714): This is not dual project
D/TelephonyCallback( 920): SignalStrength: 5
D/SIGNAL_ICON( 920): level=5/5
D/StatusBar.NetworkController( 920): dumpIcon[(gone) stat_sys_5signal_5|null stat_sys_wifi_signal_4 (gone) F]
D/PMS ( 714): acquireWL(428f8858): PARTIAL_WAKE_LOCK AlarmManager 0x1 714 1000
V/AlarmManager( 714): sending alarm PendingIntent{432f9e90: PendingIntentRecord{426cf298 com.domobile.applock startService}}, i=null, t=3, cnt=1, w=1668054774, Int=300
D/PMS ( 714): releaseWL(428f8858): PARTIAL_WAKE_LOCK AlarmManager 0x1
D/PMS ( 714): acquireWL(428ca310): PARTIAL_WAKE_LOCK AlarmManager 0x1 714 1000
V/AlarmManager( 714): sending alarm PendingIntent{432f9e90: PendingIntentRecord{426cf298 com.domobile.applock startService}}, i=null, t=3, cnt=1, w=1668055074, Int=300
D/PMS ( 714): releaseWL(428ca310): PARTIAL_WAKE_LOCK AlarmManager 0x1
D/PMS ( 714): acquireWL(42873668): PARTIAL_WAKE_LOCK AlarmManager 0x1 714 1000
V/AlarmManager( 714): sending alarm PendingIntent{432f9e90: PendingIntentRecord{426cf298 com.domobile.applock startService}}, i=null, t=3, cnt=1, w=1668055374, Int=300
D/PMS ( 714): releaseWL(42873668): PARTIAL_WAKE_LOCK AlarmManager 0x1
D/PMS ( 714): acquireWL(428566b8): PARTIAL_WAKE_LOCK AlarmManager 0x1 714 1000
V/AlarmManager( 714): sending alarm PendingIntent{432f9e90: PendingIntentRecord{426cf298 com.domobile.applock startService}}, i=null, t=3, cnt=1, w=1668055674, Int=300
D/PMS ( 714): releaseWL(428566b8): PARTIAL_WAKE_LOCK AlarmManager 0x1
D/WifiStateMachine( 714): fetchRssiAndLinkSpeedNative RSSI = -59 abnormalRssiCnt = 0 newLinkSpeed = 72
D/WifiStateMachine( 714): fetchRssiAndLinkSpeedNative mLinkspeedCount = 5, mLinkspeedSum: 360
D/WifiStateMachine( 714): fetchRssiAndLinkSpeedNative: Update RSSI:-58 and linkspeed:72 in database
D/WifiApDatabaseHandler( 714): updateConnectedAP...
D/PMS ( 714): acquireWL(427fa4d8): PARTIAL_WAKE_LOCK AlarmManager 0x1 714 1000
V/AlarmManager( 714): sending alarm PendingIntent{432f9e90: PendingIntentRecord{426cf298 com.domobile.applock startService}}, i=null, t=3, cnt=1, w=1668055974, Int=300
D/PMS ( 714): releaseWL(427fa4d8): PARTIAL_WAKE_LOCK AlarmManager 0x1
D/PMS ( 714): acquireWL(427c4a80): PARTIAL_WAKE_LOCK AlarmManager 0x1 714 1000
V/AlarmManager( 714): sending alarm PendingIntent{432f9e90: PendingIntentRecord{426cf298 com.domobile.applock startService}}, i=null, t=3, cnt=1, w=1668056274, Int=300
D/PMS ( 714): releaseWL(427c4a80): PARTIAL_WAKE_LOCK AlarmManager 0x1
D/PMS ( 714): acquireWL(42798900): PARTIAL_WAKE_LOCK AlarmManager 0x1 714 1000
V/AlarmManager( 714): sending alarm PendingIntent{432f9e90: PendingIntentRecord{426cf298 com.domobile.applock startService}}, i=null, t=3, cnt=1, w=1668056574, Int=300
D/PMS ( 714): releaseWL(42798900): PARTIAL_WAKE_LOCK AlarmManager 0x1
D/PMS ( 714): acquireWL(4276dcb8): PARTIAL_WAKE_LOCK AlarmManager 0x1 714 1000
V/AlarmManager( 714): sending alarm PendingIntent{432f9e90: PendingIntentRecord{426cf298 com.domobile.applock startService}}, i=null, t=3, cnt=1, w=1668056874, Int=300
D/PMS ( 714): releaseWL(4276dcb8): PARTIAL_WAKE_LOCK AlarmManager 0x1
D/PMS ( 714): acquireWL(42731630): PARTIAL_WAKE_LOCK AlarmManager 0x1 714 1000
V/AlarmManager( 714): sending alarm PendingIntent{432f9e90: PendingIntentRecord{426cf298 com.domobile.applock startService}}, i=null, t=3, cnt=1, w=1668057174, Int=300
D/PMS ( 714): releaseWL(42731630): PARTIAL_WAKE_LOCK AlarmManager 0x1
D/PMS ( 714): acquireWL(426eadc8): PARTIAL_WAKE_LOCK AlarmManager 0x1 714 1000
V/AlarmManager( 714): sending alarm PendingIntent{432f9e90: PendingIntentRecord{426cf298 com.domobile.applock startService}}, i=null, t=3, cnt=1, w=1668057474, Int=300
D/PMS ( 714): releaseWL(426eadc8): PARTIAL_WAKE_LOCK AlarmManager 0x1
D/PMS ( 714): acquireWL(426412b8): PARTIAL_WAKE_LOCK AlarmManager 0x1 714 1000
V/AlarmManager( 714): sending alarm PendingIntent{432f9e90: PendingIntentRecord{426cf298 com.domobile.applock startService}}, i=null, t=3, cnt=1, w=1668057774, Int=300
D/PMS ( 714): releaseWL(426412b8): PARTIAL_WAKE_LOCK AlarmManager 0x1
D/PMS ( 714): acquireWL(425e13a0): PARTIAL_WAKE_LOCK AlarmManager 0x1 714 1000
V/AlarmManager( 714): sending alarm PendingIntent{432f9e90: PendingIntentRecord{426cf298 com.domobile.applock startService}}, i=null, t=3, cnt=1, w=1668058074, Int=300
D/PMS ( 714): releaseWL(425e13a0): PARTIAL_WAKE_LOCK AlarmManager 0x1
D/PMS ( 714): acquireWL(42573330): PARTIAL_WAKE_LOCK AlarmManager 0x1 714 1000
V/AlarmManager( 714): sending alarm PendingIntent{432f9e90: PendingIntentRecord{426cf298 com.domobile.applock startService}}, i=null, t=3, cnt=1, w=1668058374, Int=300
D/PMS ( 714): releaseWL(42573330): PARTIAL_WAKE_LOCK AlarmManager 0x1
D/PMS ( 714): acquireWL(424f7da8): PARTIAL_WAKE_LOCK AlarmManager 0x1 714 1000
V/AlarmManager( 714): sending alarm PendingIntent{432f9e90: PendingIntentRecord{426cf298 com.domobile.applock startService}}, i=null, t=3, cnt=1, w=1668058674, Int=300
D/PMS ( 714): releaseWL(424f7da8): PARTIAL_WAKE_LOCK AlarmManager 0x1
D/PMS ( 714): acquireWL(424c2440): PARTIAL_WAKE_LOCK AlarmManager 0x1 714 1000
V/AlarmManager( 714): sending alarm PendingIntent{432f9e90: PendingIntentRecord{426cf298 com.domobile.applock startService}}, i=null, t=3, cnt=1, w=1668058974, Int=300
D/PMS ( 714): releaseWL(424c2440): PARTIAL_WAKE_LOCK AlarmManager 0x1
D/WifiStateMachine( 714): fetchRssiAndLinkSpeedNative RSSI = -60 abnormalRssiCnt = 0 newLinkSpeed = 72
D/WifiStateMachine( 714): fetchRssiAndLinkSpeedNative mLinkspeedCount = 1, mLinkspeedSum: 72
D/TelephonyRegistry( 714): This is not dual project
D/TelephonyCallback( 920): SignalStrength: 5
D/SIGNAL_ICON( 920): level=5/5
D/StatusBar.NetworkController( 920): dumpIcon[(gone) stat_sys_5signal_5|null stat_sys_wifi_signal_4 (gone) F]
D/PMS ( 714): acquireWL(420f10c0): PARTIAL_WAKE_LOCK Icing 0x1 16131 10023
D/PMS ( 714): releaseWL(420f10c0): PARTIAL_WAKE_LOCK Icing 0x1
I/SensorManager( 714): unregisterListenerImpl++: listener = com.android.server.power.DisplayPowerController$10@41c8f998
I/PMS ( 714): Going to sleep due to screen timeout...
D/PMS ( 714): acquireWL(41c8b6f8): PARTIAL_WAKE_LOCK AlarmManager 0x1 714 1000
D/WirelessDisplayService( 714): Screen File Receiver; callOnGoing: false, Screen On: false
D/WirelessDisplayService( 714): ScreenReceiver: ACTION_SCREEN_OFF && Not in DongleWait nor MirrorEnabling State: REQ_JOIN_GROUP - FALSE
I/SensorManager( 714): unregisterListenerImpl++: listener = com.android.internal.policy.impl.WindowOrientationListener$SensorEventListenerImpl@41aa5d18
D/KeyguardViewMediator( 920): doKeyguard: showing the lock screen
V/AlarmManager( 714): sending alarm PendingIntent{432f9e90: PendingIntentRecord{426cf298 com.domobile.applock startService}}, i=null, t=3, cnt=1, w=1668059274, Int=300
D/PMS ( 714): releaseWL(41c8b6f8): PARTIAL_WAKE_LOCK AlarmManager 0x1
D/PMS ( 714): acquireWL(41b1e040): PARTIAL_WAKE_LOCK show keyguard 0x1 920 10049
D/PMN ( 714): goingToSleep
D/PMS ( 714): acquireWL(41a6e120): PARTIAL_WAKE_LOCK ActivityManager-Sleep 0x1 714 1000
D/KeyguardViewMediator( 920): password timeout now
D/StatusBarManager( 920): disable=0x0 pid=0 pkg=com.android.keyguard thread=Binder_5 token=android.os.Binder@41e963c0
D/PMS ( 714): acquireWL(42c597a8): PARTIAL_WAKE_LOCK HtcLockScreen:remote_15 0x1 920 10049
I/FeedHostManager( 1102): [onPause]
I/FeedProviderManager( 1102): onPause
I/SocialFeedProvider( 1102): +onPause
I/SocialFeedProvider( 1102): -onPause
D/PMS ( 714): acquireHCC(42c18f00): CPU_MIN_FREQ HtcLockScreen-UICreate-Freq 0x100 920 10049
E/Prism.MastheadStatePro_( 1102): uri: content://com.htc.launcher.masthead_state/visibility
D/PMS ( 714): releaseWL(41a6e120): PARTIAL_WAKE_LOCK ActivityManager-Sleep 0x1
E/Prism.MastheadStatePro_( 1102): uri: content://com.htc.launcher.masthead_state/visibility
V/LightsService( 714): setLight #2: color=#0
D/lights ( 714): set_light_buttons_func: on=0 brightness=0
V/LightsService( 714): setLight #0: color=#ff000000
D/PMS ( 714): acquireWL(42a9bbd8): PARTIAL_WAKE_LOCK Icing 0x1 16131 10023
I/wpa_supplicant( 4359): SET_SCREEN_ON:Off
D/PMS ( 714): acquireWL(427f8680): PARTIAL_WAKE_LOCK WifiSuspend 0x1 714 1000
W/HtcLockScreen( 920): KgWidgetPager: onPageSwitched failed
D/SmartSyncUtils(12178): getMobilePolicyEnabled, result = true
D/PMS ( 714): releaseWL(427f8680): PARTIAL_WAKE_LOCK WifiSuspend 0x1
W/ContextImpl( 714): Calling a method in the system process without a qualified user: android.app.ContextImpl.stopService:1725 android.content.ContextWrapper.stopService:506 android.content.ContextWrapper.stopService:506 com.htc.smartdim.SystemIntentReceiver.onReceive:115 android.app.ActivityThread.handleReceiver:2845
D/PMS ( 714): releaseWL(42a9bbd8): PARTIAL_WAKE_LOCK Icing 0x1
W/PropertyValuesHolder( 920): Method setMyDrawable() with type int not found on target class class android.widget.ImageView
D/PMS ( 714): acquireWL(42b533d8): PARTIAL_WAKE_LOCK Icing 0x1 16131 10023
D/PMS ( 714): releaseWL(42b533d8): PARTIAL_WAKE_LOCK Icing 0x1
D/StatusBarManager( 920): disable=0x1000000 pid=920 pkg=com.android.keyguard thread=main token=android.os.Binder@41e963c0
I/CVW ( 1039): Dismiss CandidateViewWindow WCLID:0
W/AudFlgTh( 266): Using by PID 920, ProcessName:com.android.systemui
D/PMS ( 714): acquireWL(428cb988): PARTIAL_WAKE_LOCK AudioMix 0x1 266 1013
D/PMS ( 714): releaseWL(41b1e040): PARTIAL_WAKE_LOCK show keyguard 0x1
E/qdexternal( 252): writeHPDOption: state file '/sys/devices/virtual/graphics/fb1/hpd' not found : ret-1 err str: Permission denied
D/SurfaceControl( 714): Excessive delay in blankDisplay() while turning screen off: 112ms
D/PMS ( 714): nativeSetInteractive:false
D/PMS ( 714): nativeSetInteractive:false done
D/PMS ( 714): nativeSetAutoSuspend:true
D/PMS ( 714): nativeSetAutoSuspend:true done
D/NfcService( 1088): ScreenObserver: OFF
D/NfcService( 1088): NFC-C OFF, disconnect
I/InputMethodManagerService( 714): screenObserver, isScreenOn=false
I/InputMethodManagerService( 714): Disable input method client, pid=1102
D/PMS ( 714): acquireWL(4250ee70): PARTIAL_WAKE_LOCK NfcService:mRoutingWakeLock 0x1 1088 1027
D/HABCtrl ( 714): TPE algorithm. remove timeout.
D/PMS ( 714): OOBE c monitor 11
E/AudioStreamOutALSA( 266): PCM_Write set_amp_mode,1
W/HtcAudFlgTh( 266): ThreadLoop_wrtie blocking by HAL 33908134ns, the mixerBufferTime is 10666666
D/UsbnetService( 714): BroadcastReceiver::onReceive+
D/UsbnetService( 714): onReceive BATTERY_CHANGED
D/UsbnetService( 714): --> pluggedType = 2, mPluggedType = 0, mScreenOff = false
D/HtcPowerSaver( 714): updateBatteryInfo
D/UsbnetService( 714): BroadcastReceiver::onReceive-
D/HtcPowerSaver( 714): Checking...
I/HtcPowerSaver( 714): >> updateStatus
D/PMS ( 714): acquireWL(424b6de8): PARTIAL_WAKE_LOCK BatteryServiceUpdateStats 0x1 0 0
I/BatteryService( 714): n_update end
D/PMS ( 714): releaseWL(424b6de8): PARTIAL_WAKE_LOCK BatteryServiceUpdateStats 0x1
D/PMS ( 714): runPSCheck
I/HtcPowerSaver( 714): updateStatus (8000,68,-1,false,false,false,-1)
I/HtcPowerSaver( 714): << updateStatus
D/PMS ( 714): releaseWL(4250ee70): PARTIAL_WAKE_LOCK NfcService:mRoutingWakeLock 0x1
D/PMS ( 714): releaseWL(42c597a8): PARTIAL_WAKE_LOCK HtcLockScreen:remote_15 0x1
D/PMS ( 714): releaseHCC(42c18f00): CPU_MIN_FREQ HtcLockScreen-UICreate-Freq 0x100
D/PMS ( 714): acquireWL(425ab030): PARTIAL_WAKE_LOCK AlarmManager 0x1 714 1000
V/AlarmManager( 714): sending alarm PendingIntent{432f9e90: PendingIntentRecord{426cf298 com.domobile.applock startService}}, i=null, t=3, cnt=1, w=1668059574, Int=300
V/AlarmManager( 714): sending alarm PendingIntent{42ab3508: PendingIntentRecord{42aac698 com.facebook.katana broadcastIntent}}, i=com.facebook.analytics.service.AnalyticsEventUploader.ACTION_ALARM, t=0, cnt=1, w=1405197011531, Int=3600000
D/PMS ( 714): releaseWL(425ab030): PARTIAL_WAKE_LOCK AlarmManager 0x1
D/PhoneStatusBar( 920): disable: < expand icons alerts ticker system_info back HOME* RECENT* clock search > D/ContactMessageStore( 1066): start background delete task...
D/PowerUI ( 920): closing low battery warning: level=68
D/PowerUI ( 920): plugged = true, health = 2, mBatteryLevel = 68, mPluggedBatteryLevel = 68, mLowBatteryWarningLevel2 = 25, mshowLowChargingWarning2 = true
D/ContactMessageStore( 1066): size: 0 , 0
D/ContactMessageStore( 1066): Background delete complete
D/PMS ( 714): acquireWL(4287d5c0): PARTIAL_WAKE_LOCK Wakeful StateMachine: GeofencerStateMachine 0x1 11542 10023
D/PMS ( 714): releaseWL(4287d5c0): PARTIAL_WAKE_LOCK Wakeful StateMachine: GeofencerStateMachine 0x1
I/InputManager( 714): Cancel all due to getting PMS screen off broadcast
I/ClockThread( 920): stop update clock
D/PMS ( 714): acquireWL(428376e0): PARTIAL_WAKE_LOCK AlarmManager 0x1 714 1000
V/AlarmManager( 714): sending alarm PendingIntent{432f9e90: PendingIntentRecord{426cf298 com.domobile.applock startService}}, i=null, t=3, cnt=1, w=1668059874, Int=300
D/PMS ( 714): releaseWL(428376e0): PARTIAL_WAKE_LOCK AlarmManager 0x1
D/PMS ( 714): acquireWL(4253a518): PARTIAL_WAKE_LOCK AlarmManager 0x1 714 1000
V/AlarmManager( 714): sending alarm PendingIntent{432f9e90: PendingIntentRecord{426cf298 com.domobile.applock startService}}, i=null, t=3, cnt=1, w=1668060174, Int=300
D/PMS ( 714): releaseWL(4253a518): PARTIAL_WAKE_LOCK AlarmManager 0x1
D/PMS ( 714): acquireWL(42159780): PARTIAL_WAKE_LOCK AlarmManager 0x1 714 1000
V/AlarmManager( 714): sending alarm PendingIntent{432f9e90: PendingIntentRecord{426cf298 com.domobile.applock startService}}, i=null, t=3, cnt=1, w=1668060474, Int=300
D/PMS ( 714): releaseWL(42159780): PARTIAL_WAKE_LOCK AlarmManager 0x1
D/SyncIpcServiceImpl( 4610): isFloatServiceDirty = false
D/PMS ( 714): acquireWL(431133a0): PARTIAL_WAKE_LOCK AlarmManager 0x1 714 1000
V/AlarmManager( 714): sending alarm PendingIntent{432f9e90: PendingIntentRecord{426cf298 com.domobile.applock startService}}, i=null, t=3, cnt=1, w=1668060774, Int=300
D/PMS ( 714): releaseWL(431133a0): PARTIAL_WAKE_LOCK AlarmManager 0x1
D/PMS ( 714): acquireWL(42e16090): PARTIAL_WAKE_LOCK AlarmManager 0x1 714 1000
V/AlarmManager( 714): sending alarm PendingIntent{432f9e90: PendingIntentRecord{426cf298 com.domobile.applock startService}}, i=null, t=3, cnt=1, w=1668061074, Int=300
D/PMS ( 714): releaseWL(42e16090): PARTIAL_WAKE_LOCK AlarmManager 0x1
D/PMS ( 714): acquireWL(42d1a5c0): PARTIAL_WAKE_LOCK AlarmManager 0x1 714 1000
V/AlarmManager( 714): sending alarm PendingIntent{432f9e90: PendingIntentRecord{426cf298 com.domobile.applock startService}}, i=null, t=3, cnt=1, w=1668061374, Int=300
D/PMS ( 714): releaseWL(42d1a5c0): PARTIAL_WAKE_LOCK AlarmManager 0x1
D/InputDispatcher( 714): ActualScreenOn=0
I/SensorManager( 714): registerListenerImpl: listener = com.android.internal.policy.impl.WindowOrientationListener$SensorEventListenerImpl@41aa5d18, sensor = {Sensor name="BOSCH BMA250 3-axis Accelerometer", vendor="BOSCH", version=1, type=1, maxRange=39.2266, resolution=0.038307227, power=0.1, minDelay=10000}, delay = 66667, handler = Handler (com.android.internal.policy.impl.PhoneWindowManager$PolicyHandler) {42404c00}
D/InputDispatcher( 714): notify PowerKey:0
I/PMS ( 714): Waking up from sleep...
I/SensorManager( 714): registerListenerImpl: listener = com.android.server.power.DisplayPowerController$10@41c8f998, sensor = {Sensor name="CM36282 Light sensor", vendor="Capella Microsystems", version=1, type=5, maxRange=10240.0, resolution=1.0, power=0.15, minDelay=0}, delay = 1000000, handler = Handler (com.android.server.power.DisplayPowerController$DisplayControllerHandler) {41cb9668}
V/KeyguardServiceDelegate( 714): onScreenTurnedOn(showListener = com.android.internal.policy.impl.PhoneWindowManager$22@43392148)
D/PMN ( 714): wakingUp
V/LightsService( 714): setLight #2: color=#ffffffff
D/lights ( 714): set_light_buttons_func: on=16777215 brightness=255
D/PMS ( 714): nativeSetAutoSuspend:false
D/PMS ( 714): nativeSetAutoSuspend:false done
D/PMS ( 714): nativeSetInteractive:true
D/PMS ( 714): nativeSetInteractive:true done
I/wpa_supplicant( 4359): SET_SCREEN_ON:On
I/wpa_supplicant( 4359): BG scan when screen On
I/wpa_supplicant( 4359): wlan0: Scan req: 0 sec 0 usec
I/wpa_supplicant( 4359): wlan0: wpa_supplicant_scan enter
I/wpa_supplicant( 4359): wlan0: Match BG scan, scan!
I/wpa_supplicant( 4359): wlan0: ap_scan=1 , scan_req =2
D/PMS ( 714): acquireWL(41cae040): PARTIAL_WAKE_LOCK BatteryServiceUpdateStats 0x1 0 0
I/BatteryService( 714): n_update end
D/PMS ( 714): releaseWL(41cae040): PARTIAL_WAKE_LOCK BatteryServiceUpdateStats 0x1
I/wpa_supplicant( 4359): Scan req (ret=0) - timeout 30 secs
D/WifiStateMachine( 714): fetchRssiAndLinkSpeedNative RSSI = -57 abnormalRssiCnt = 0 newLinkSpeed = 72
D/WifiStateMachine( 714): fetchRssiAndLinkSpeedNative mLinkspeedCount = 2, mLinkspeedSum: 144
D/UsbnetService( 714): BroadcastReceiver::onReceive+
D/UsbnetService( 714): onReceive BATTERY_CHANGED
D/UsbnetService( 714): --> pluggedType = 2, mPluggedType = 0, mScreenOff = false
D/UsbnetService( 714): BroadcastReceiver::onReceive-
V/KeyguardServiceDelegate( 714): **** SHOWN CALLED ****
D/WirelessDisplayService( 714): ScreenReceiver;android.intent.action.SCREEN_ON,callOnGoing: false, Screen On: true
D/PMS ( 714): acquireWL(424007a0): PARTIAL_WAKE_LOCK AlarmManager 0x1 714 1000
I/WindowManager( 714): Lock screen displayed!
V/AlarmManager( 714): sending alarm PendingIntent{41cc4ea0: PendingIntentRecord{42433870 android broadcastIntent}}, i=android.net.ConnectivityService.action.PKT_CNT_SAMPLE_INTERVAL_ELAPSED, t=3, cnt=1, w=1668061547, Int=0
D/PMN ( 714): onScreenOn
D/PowerUI ( 920): closing low battery warning: level=68
D/PowerUI ( 920): plugged = true, health = 2, mBatteryLevel = 68, mPluggedBatteryLevel = 68, mLowBatteryWarningLevel2 = 25, mshowLowChargingWarning2 = true
D/SmartSyncUtils(12178): getMobilePolicyEnabled, result = true
D/InputDispatcher( 714): ActualScreenOn=0
D/HtcPowerSaver( 714): updateBatteryInfo
D/HtcPowerSaver( 714): Checking...
I/HtcPowerSaver( 714): >> updateStatus
I/HtcPowerSaver( 714): updateStatus (8000,68,-1,false,false,false,-1)
I/HtcPowerSaver( 714): << updateStatus
D/HABCtrl ( 714): TPE algorithm. schedule timeout.
D/HABCtrl ( 714): ALG=2, lsvalue=160(3th)->90(2th), last_level=3, lValue=81->81
D/PMS ( 714): runPSCheck
W/ContextImpl( 714): Calling a method in the system process without a qualified user: android.app.ContextImpl.startService:1719 android.content.ContextWrapper.startService:501 android.content.ContextWrapper.startService:501 com.htc.smartdim.SystemIntentReceiver.onReceive:135 android.app.ActivityThread.handleReceiver:2845
D/ConnectivityService( 714): Sampling interval elapsed, updating statistics ..
D/PMS ( 714): releaseWL(424007a0): PARTIAL_WAKE_LOCK AlarmManager 0x1
D/ConnectivityService( 714): Done.
D/ConnectivityService( 714): Setting timer for 30seconds
I/RemoteViews.Performance( 920): com.google.android.gm 0 21 6 25
E/qdexternal( 252): writeHPDOption: state file '/sys/devices/virtual/graphics/fb1/hpd' not found : ret-1 err str: Permission denied
D/SurfaceControl( 714): Excessive delay in unblankDisplay() while turning screen on: 199ms
D/PMS ( 714): acquireWL(428d7090): PARTIAL_WAKE_LOCK AlarmManager 0x1 714 1000
V/AlarmManager( 714): sending alarm PendingIntent{432f9e90: PendingIntentRecord{426cf298 com.domobile.applock startService}}, i=null, t=3, cnt=1, w=1668061674, Int=300
D/PMS ( 714): releaseWL(428d7090): PARTIAL_WAKE_LOCK AlarmManager 0x1
D/PhoneStatusBar( 920): new rot = 0, old rot = 0, config = {0 1.0 286mcc1mnc tr_TR ldltr sw360dp w360dp h615dp 480dpi nrml long port finger -keyb/v/h -nav/h s.560 skin=default fontsize=3 hasNavBar=0}
D/NfcService( 1088): ScreenObserver: ON_LOCKED
D/PMS ( 714): OOBE c monitor 11
V/LightsService( 714): setLight #0: color=#ff646464
I/InputMethodManagerService( 714): screenObserver, isScreenOn=true
I/InputMethodManagerService( 714): Enable input method client, pid=1102
D/PMS ( 714): acquireWL(42b04e80): PARTIAL_WAKE_LOCK NfcService:mRoutingWakeLock 0x1 1088 1027
D/PMS ( 714): releaseWL(42b04e80): PARTIAL_WAKE_LOCK NfcService:mRoutingWakeLock 0x1
W/PropertyValuesHolder( 920): Method setMyDrawable() with type int not found on target class class android.widget.ImageView
D/HABCtrl ( 714): mTPEAlgorithmTimeoutTask: TPE algorithm. restore.
D/HABCtrl ( 714): TPE algorithm. remove timeout.
D/HABCtrl ( 714): ALG=2, lsvalue=90(2th)->90(2th), last_level=3, lValue=81->50
V/LightsService( 714): setLight #0: color=#ff636363
W/Settings( 4610): Setting android_id has moved from android.provider.Settings.System to android.provider.Settings.Secure, returning read-only value.
I/RemoteViews.Performance( 920): com.google.android.gm 1 4 0 1
I/RemoteViews.Performance( 920): com.google.android.gm 0 1 0 1
I/RemoteViews.Performance( 920): com.google.android.gm 1 1 0 1
I/RemoteViews.Performance( 920): com.google.android.gm 1 2 0 1
D/PMS ( 714): acquireWL(42df5228): PARTIAL_WAKE_LOCK Wakeful StateMachine: GeofencerStateMachine 0x1 11542 10023
D/PMS ( 714): releaseWL(42df5228): PARTIAL_WAKE_LOCK Wakeful StateMachine: GeofencerStateMachine 0x1
I/RemoteViews.Performance( 920): com.google.android.gm 0 2 0 1
I/RemoteViews.Performance( 920): com.google.android.gm 1 1 0 1
I/RemoteViews.Performance( 920): com.google.android.gm 0 1 0 1
I/RemoteViews.Performance( 920): com.google.android.gm 1 1 0 1
V/LightsService( 714): setLight #0: color=#ff606060
V/LightsService( 714): setLight #0: color=#ff5e5e5e
I/RemoteViews.Performance( 920): com.google.android.gm 1 18 1 11
I/RemoteViews.Performance( 920): com.google.android.gm 1 5 0 10
V/LightsService( 714): setLight #0: color=#ff5c5c5c
I/RemoteViews.Performance( 920): com.google.android.gm 0 5 0 11
I/RemoteViews.Performance( 920): com.google.android.gm 1 4 1 10
V/LightsService( 714): setLight #0: color=#ff5b5b5b
V/LightsService( 714): setLight #0: color=#ff595959
I/RemoteViews.Performance( 920): com.google.android.gm 0 6 1 10
I/ClockThread( 920): start update clock
I/ClockThread( 920): now=1405197014019 next=45981
I/RemoteViews.Performance( 920): com.google.android.gm 1 7 0 10
I/RemoteViews.Performance( 920): com.google.android.gm 0 5 1 10
V/LightsService( 714): setLight #0: color=#ff585858
I/RemoteViews.Performance( 920): com.google.android.gm 1 6 2 11
V/LightsService( 714): setLight #0: color=#ff565656
V/LightsService( 714): setLight #0: color=#ff555555
V/LightsService( 714): setLight #0: color=#ff535353
V/LightsService( 714): setLight #0: color=#ff515151
V/LightsService( 714): setLight #0: color=#ff505050
V/LightsService( 714): setLight #0: color=#ff4e4e4e
V/LightsService( 714): setLight #0: color=#ff4d4d4d
V/LightsService( 714): setLight #0: color=#ff4b4b4b
V/LightsService( 714): setLight #0: color=#ff494949
D/PMS ( 714): acquireWL(4244eac8): PARTIAL_WAKE_LOCK AlarmManager 0x1 714 1000
V/AlarmManager( 714): sending alarm PendingIntent{432f9e90: PendingIntentRecord{426cf298 com.domobile.applock startService}}, i=null, t=3, cnt=1, w=1668061974, Int=300
D/PMS ( 714): releaseWL(4244eac8): PARTIAL_WAKE_LOCK AlarmManager 0x1
V/LightsService( 714): setLight #0: color=#ff484848
V/LightsService( 714): setLight #0: color=#ff464646
V/LightsService( 714): setLight #0: color=#ff454545
V/LightsService( 714): setLight #0: color=#ff434343
V/LightsService( 714): setLight #0: color=#ff414141
V/LightsService( 714): setLight #0: color=#ff404040
V/LightsService( 714): setLight #0: color=#ff3e3e3e
V/LightsService( 714): setLight #0: color=#ff3d3d3d
V/LightsService( 714): setLight #0: color=#ff3b3b3b
V/LightsService( 714): setLight #0: color=#ff393939
V/LightsService( 714): setLight #0: color=#ff383838
V/LightsService( 714): setLight #0: color=#ff363636
V/LightsService( 714): setLight #0: color=#ff343434
V/LightsService( 714): setLight #0: color=#ff333333
V/LightsService( 714): setLight #0: color=#ff323232
W/PropertyValuesHolder( 920): Method setMyAlpha() with type float not found on target class class com.htc.lockscreen.ui.ForegroundContainer
D/PMS ( 714): acquireWL(42a60e18): PARTIAL_WAKE_LOCK AlarmManager 0x1 714 1000
V/AlarmManager( 714): sending alarm PendingIntent{432f9e90: PendingIntentRecord{426cf298 com.domobile.applock startService}}, i=null, t=3, cnt=1, w=1668062274, Int=300
D/PMS ( 714): releaseWL(42a60e18): PARTIAL_WAKE_LOCK AlarmManager 0x1
W/PropertyValuesHolder( 920): Method setMoveY() with type int not found on target class class com.htc.lockscreen.drag.DragView
W/PropertyValuesHolder( 920): Method setMyAlpha() with type float not found on target class class com.htc.lockscreen.drag.DragView
D/PMS ( 714): acquireWL(432f8f90): PARTIAL_WAKE_LOCK AlarmManager 0x1 714 1000
V/AlarmManager( 714): sending alarm PendingIntent{432f9e90: PendingIntentRecord{426cf298 com.domobile.applock startService}}, i=null, t=3, cnt=1, w=1668062574, Int=300
D/PMS ( 714): releaseWL(432f8f90): PARTIAL_WAKE_LOCK AlarmManager 0x1
D/KeyguardViewMediator( 920): keyguardDone(true, true)
W/AudFlgTh( 266): Using by PID 920, ProcessName:com.android.systemui
D/StatusBarManager( 920): disable=0x0 pid=920 pkg=com.android.keyguard thread=main token=android.os.Binder@41e963c0
I/FeedHostManager( 1102): [onResume]
I/FeedProviderManager( 1102): onResume
I/SocialFeedProvider( 1102): +onResume
I/SocialFeedProvider( 1102): updateAccounts - Accounts is no change
I/FeedPager( 1102): [updatePages] total: 30, current: 1, map: 3, add: 0, reload: 3
I/SocialFeedProvider( 1102): -onResume
I/ActivityManager( 714): Cannot resolve ContentProvider=com.htc.idlescreen.setting.provider
E/ActivityThread( 1102): Failed to find provider info for com.htc.idlescreen.setting.provider
D/MtpService(24020): [MTP][onReceive]+android.intent.action.USER_PRESENT
D/MtpService(24020): [MTP][onReceive]-
D/AutoSetting(16187): receiver - intent: android.intent.action.USER_PRESENT
D/AutoSetting(16187): service - onCreate()
D/PhoneStatusBar( 920): disable: < expand icons alerts ticker system_info back home* recent* clock search > V/NotificationService( 714): batLight: plugged
V/LightsService( 714): setLight #8: color=#c8c800
D/lights ( 714): set_color_led color=13158400, mode=255, off_min=0, off_sec=0
D/lights ( 714): [LedInfo] without indicator attribute, red:c80000, green:c800, blue:0
V/LightsService( 714): setLight #8: color=#c80000
D/lights ( 714): set_color_led color=13107200, mode=1, off_min=0, off_sec=0
D/WirelessDisplayService( 714): ScreenReceiver;android.intent.action.USER_PRESENT,callOnGoing: false, Screen On: true
D/WirelessDisplayService( 714): ScreenReceiver: ACTION_USER_PRESENT: REQ_JOIN_GROUP - TRUE
D/WirelessDisplayService( 714): ScreenReceiver:ACTION_USER_PRESENT: curState1 condState:0
D/lights ( 714): [LedInfo] without indicator attribute, red:c80000, green:0, blue:0
D/lights ( 714): [LedInfo] write attr ok name=/sys/class/leds/amber/brightness string=1,len=1
D/lights ( 714): [LedInfo] write attr ok name=/sys/class/leds/amber/blink string=0,len=1
D/lights ( 714): [LedInfo] write attr ok name=/sys/class/leds/amber/off_timer string=0 0,len=3
D/lights ( 714): [LedInfo] write attr ok name=/sys/class/leds/green/brightness string=0,len=1
D/lights ( 714): [LedInfo] write attr ok name=/sys/class/leds/green/blink string=0,len=1
D/lights ( 714): [LedInfo] write attr ok name=/sys/class/leds/green/off_timer string=0 0,len=3
D/TetherSettings(12663): CustomizedNS:true CustomizedML:false CustomizedSPCSC:false CustomizedIPT:true CustomizedSingleUSBfalse
D/ (12663): Cust_ConnectToPC : Internet_Sharing>true
D/ (12663): Cust_ConnectToPC : Modem_Link>false
D/ (12663): Cust_ConnectToPC : spcsc>false
D/ (12663): Cust_ConnectToPC : IPT>true
D/ (12663): Cust_ConnectToPC : Singel_USB>false
W/Settings(12663): Setting tethering_blocked has moved from android.provider.Settings.Secure to android.provider.Settings.Global.
D/SmartNS_Utility(12663): [ACC]Settings-Wireless_+_network-USB_tethering_:usb_storage_notification=false
D/SmartNS_NSReceiver(12663): onReceive : android.intent.action.USER_PRESENT hasTethered:false isNSOpening:false
I/PSReceiver(12663): onReceive:android.intent.action.USER_PRESENT
I/SmartNS_PSService(12663): onReceive:android.intent.action.USER_PRESENT
W/Settings(12663): Setting tethering_blocked has moved from android.provider.Settings.Secure to android.provider.Settings.Global.
I/SmartNS_PSService(12663): defaultType:0
W/InputMethodManagerService( 714): Window already focused, ignoring focus gain of: com.android.internal.view.IInputMethodClient$Stub$Proxy@428f7ba8 attribute=EditorInfo { packageName=com.htc.launcher, inputType=0x0, imeOptions=0x0, privateImeOptions=null }, token = android.os.BinderProxy@425154e0, client pid=1102, inputType=0x0
W/ContextImpl(12663): Calling a method in the system process without a qualified user: android.app.ContextImpl.startService:1719 android.content.ContextWrapper.startService:501 android.content.ContextWrapper.startService:501 com.android.settings.PSReceiver.onReceive:36 android.app.ActivityThread.handleReceiver:2845
I/STDJS ( 4610): N: 40629648
D/PMS ( 714): acquireWL(420be4d8): PARTIAL_WAKE_LOCK AlarmManager 0x1 714 1000
V/AlarmManager( 714): sending alarm PendingIntent{432f9e90: PendingIntentRecord{426cf298 com.domobile.applock startService}}, i=null, t=3, cnt=1, w=1668062874, Int=300
D/PMS ( 714): releaseWL(420be4d8): PARTIAL_WAKE_LOCK AlarmManager 0x1
D/LocationManagerService( 714): request 427864e0 passive Request[POWER_NONE passive fastest=+5s0ms] from com.htc.htclocationservice(10020)
D/LocationManagerService( 714): provider request: passive ProviderRequest[ON interval=0]
D/AutoSetting(16187): service - onStartCommand() action: com.htc.app.autosetting.delayrequest
V/Nextpeer(17175): Nextpeer push service requires internet connection. Your AndroidManifest.xml file should include 'android.permission.RECEIVE_BOOT_COMPLETED' permission
D/AppWidgetHostView( 1102): updateAppWidget mInfo = AppWidgetProviderInfo(provider=ComponentInfo{com.levelup.beautifulwidgets.free/com.levelup.beautifulwidgets.core.ui.widgets.clock.ClockWidget42})
I/RemoteViews.Performance( 1102): com.levelup.beautifulwidgets.free 0 4 74
D/PMS ( 714): acquireWL(4285b500): PARTIAL_WAKE_LOCK AlarmManager 0x1 714 1000
V/AlarmManager( 714): sending alarm PendingIntent{432f9e90: PendingIntentRecord{426cf298 com.domobile.applock startService}}, i=null, t=3, cnt=1, w=1668063174, Int=300
D/PMS ( 714): releaseWL(4285b500): PARTIAL_WAKE_LOCK AlarmManager 0x1
D/NfcService( 1088): NFC-C ON
D/PMS ( 714): acquireWL(4256a910): PARTIAL_WAKE_LOCK NfcService:mRoutingWakeLock 0x1 1088 1027
D/PMS ( 714): releaseWL(4256a910): PARTIAL_WAKE_LOCK NfcService:mRoutingWakeLock 0x1
D/PMS ( 714): acquireWL(421085a0): PARTIAL_WAKE_LOCK AlarmManager 0x1 714 1000
V/AlarmManager( 714): sending alarm PendingIntent{432f9e90: PendingIntentRecord{426cf298 com.domobile.applock startService}}, i=null, t=3, cnt=1, w=1668063474, Int=300
D/PMS ( 714): releaseWL(421085a0): PARTIAL_WAKE_LOCK AlarmManager 0x1
D/PMS ( 714): acquireWL(436c93e8): PARTIAL_WAKE_LOCK AlarmManager 0x1 714 1000
V/AlarmManager( 714): sending alarm PendingIntent{432f9e90: PendingIntentRecord{426cf298 com.domobile.applock startService}}, i=null, t=3, cnt=1, w=1668063774, Int=300
D/PMS ( 714): releaseWL(436c93e8): PARTIAL_WAKE_LOCK AlarmManager 0x1
D/PMS ( 714): acquireWL(432baf90): PARTIAL_WAKE_LOCK AlarmManager 0x1 714 1000
V/AlarmManager( 714): sending alarm PendingIntent{432f9e90: PendingIntentRecord{426cf298 com.domobile.applock startService}}, i=null, t=3, cnt=1, w=1668064074, Int=300
D/PMS ( 714): releaseWL(432baf90): PARTIAL_WAKE_LOCK AlarmManager 0x1
W/Prism.WorkspaceThumbna_( 1102): Get null workspace page thumbnail with index: 7
W/Prism.WorkspaceThumbna_( 1102): Get null workspace page thumbnail with index: 7
D/TelephonyRegistry( 714): This is not dual project
D/TelephonyCallback( 920): SignalStrength: 5
D/SIGNAL_ICON( 920): level=5/5
D/StatusBar.NetworkController( 920): dumpIcon[(gone) stat_sys_5signal_5|null stat_sys_wifi_signal_4 (gone) F]
D/PMS ( 714): acquireWL(425329e0): PARTIAL_WAKE_LOCK AlarmManager 0x1 714 1000
V/AlarmManager( 714): sending alarm PendingIntent{432f9e90: PendingIntentRecord{426cf298 com.domobile.applock startService}}, i=null, t=3, cnt=1, w=1668064374, Int=300
D/PMS ( 714): releaseWL(425329e0): PARTIAL_WAKE_LOCK AlarmManager 0x1
I/Launcher( 1102): updateWallpaperVisibility: false
D/WifiStateMachine( 714): fetchRssiAndLinkSpeedNative RSSI = -62 abnormalRssiCnt = 0 newLinkSpeed = 58
D/WifiStateMachine( 714): fetchRssiAndLinkSpeedNative mLinkspeedCount = 3, mLinkspeedSum: 202
D/PMS ( 714): acquireWL(426b7c88): PARTIAL_WAKE_LOCK AlarmManager 0x1 714 1000
V/AlarmManager( 714): sending alarm PendingIntent{432f9e90: PendingIntentRecord{426cf298 com.domobile.applock startService}}, i=null, t=3, cnt=1, w=1668064674, Int=300
D/PMS ( 714): releaseWL(426b7c88): PARTIAL_WAKE_LOCK AlarmManager 0x1
I/wpa_supplicant( 4359): Got an original EVENT_SCAN_RESULTS
I/wpa_supplicant( 4359): nl80211: Received scan results (2 BSSes)
I/wpa_supplicant( 4359): nl80211: Scan results indicate BSS status with f8:3d:ff:a4:06:b2 as associated
I/wpa_supplicant( 4359): [Halim] f8:3d:ff:a4:06:b2 freq=2412 level=-55
I/wpa_supplicant( 4359): [Panta] 00:0c:e3:70:b4:df freq=2437 level=-85
W/wpa_supplicant( 4359): [EAP-MSG] EAP wpa_supplicant_check_sim@821: eap_methods not available
I/wpa_supplicant( 4359): wlan0: selected BSS f8:3d:ff:a4:06:b2 ssid='Halim'
I/wpa_supplicant( 4359): Do nothing, wait SELECT_BSSID CMD...
I/wpa_supplicant( 4359): Search last scan result
W/wpa_supplicant( 4359): [EAP-MSG] EAP wpa_supplicant_check_sim@821: eap_methods not available
I/wpa_supplicant( 4359): wlan0: selected BSS f8:3d:ff:a4:06:b2 ssid='Halim'
I/wpa_supplicant( 4359): Do nothing, wait SELECT_BSSID CMD...
I/wpa_supplicant( 4359): clear disabled list - type=1
I/wpa_supplicant( 4359): wlan0: No suitable network found
I/wpa_supplicant( 4359): wlan0: Background scan every 600 seconds
I/wpa_supplicant( 4359): wlan0: Scan req: 600 sec 0 usec
I/wpa_supplicant( 4359): nl80211: Received scan results (2 BSSes)
I/wpa_supplicant( 4359): [Halim] f8:3d:ff:a4:06:b2 freq=2412 level=-55
I/wpa_supplicant( 4359): [Panta] 00:0c:e3:70:b4:df freq=2437 level=-85
I/wpa_supplicant( 4359): Search last scan result
I/wpa_supplicant( 4359): clear disabled list - type=1
I/wpa_supplicant( 4359): p2p0: No suitable network found
I/wpa_supplicant( 4359): p2p0: State: INACTIVE -> INACTIVE
I/wpa_supplicant( 4359): Save last scan result
I/wpa_supplicant( 4359): nl80211: Received scan results (2 BSSes)
I/wpa_supplicant( 4359): nl80211: Scan results indicate BSS status with f8:3d:ff:a4:06:b2 as associated
D/WifiStateMachine( 714): [MLHD] enter handleMediaLinkEvent SupplicantStartedState
D/Tethering( 714): [isWifi] getHotspotEnabled: false
D/WifiP2pService( 714): InactiveState{ when=-3ms what=147461 target=com.android.internal.util.StateMachine$SmHandler }
D/WifiP2pService( 714): P2pEnabledState{ when=-3ms what=147461 target=com.android.internal.util.StateMachine$SmHandler }
D/WifiP2pService( 714): DefaultState{ when=-3ms what=147461 target=com.android.internal.util.StateMachine$SmHandler }
D/WirelessDisplayService( 714): getDiscoveryDongleList
W/ContextImpl( 714): Calling a method in the system process without a qualified user: android.app.ContextImpl.sendBroadcast:1363 android.net.wifi.WifiStateMachine.sendDongleScanResultsAvailableBroadcast:5252 android.net.wifi.WifiStateMachine.handleMediaLinkEvent:5430 android.net.wifi.WifiStateMachine.access$5900:242 android.net.wifi.WifiStateMachine$SupplicantStartedState.processMessage:6706
D/WifiStateMachine( 714): [ScoreAP] + roamToTopScoreAP: Halim[f8:3d:ff:a4:06:b2], -62, 0
V/ScoreHelper( 714): Only print Top 10 in ApScanList
V/ScoreHelper( 714): + ScoreResult: 88, AP: Halim [f8:3d:ff:a4:06:b2], Rssi: 15 [-55], Tx: 13, Freq: 10 [2412], Disconn: 50, Last Used: 0
V/ScoreHelper( 714): + ScoreResult: 77, AP: Murat [18:28:61:3f:d1:6d], Rssi: 4 [-85], Tx: 13, Freq: 10 [2472], Disconn: 50, Last Used: 0
V/ScoreHelper( 714): + ScoreResult: 77, AP: Panta [00:0c:e3:70:b4:df], Rssi: 4 [-85], Tx: 13, Freq: 10 [2437], Disconn: 50, Last Used: 0
V/ScoreHelper( 714): + computeScore(Halim): 1
D/WifiStateMachine( 714): [ScoreAP] + No alternative AP to roam except current AP [1], Halim
D/WirelessDisplayService( 714): getDiscoveryDongleList
D/WifiManager(11542): getScanResults enter
D/PMS ( 714): acquireWL(42d1f208): PARTIAL_WAKE_LOCK AlarmManager 0x1 714 1000
V/AlarmManager( 714): sending alarm PendingIntent{432f9e90: PendingIntentRecord{426cf298 com.domobile.applock startService}}, i=null, t=3, cnt=1, w=1668064974, Int=300
D/PMS ( 714): releaseWL(42d1f208): PARTIAL_WAKE_LOCK AlarmManager 0x1
D/PMS ( 714): acquireWL(426b9dc8): PARTIAL_WAKE_LOCK AlarmManager 0x1 714 1000
V/AlarmManager( 714): sending alarm PendingIntent{432f9e90: PendingIntentRecord{426cf298 com.domobile.applock startService}}, i=null, t=3, cnt=1, w=1668065274, Int=300
D/PMS ( 714): releaseWL(426b9dc8): PARTIAL_WAKE_LOCK AlarmManager 0x1
D/PMS ( 714): acquireWL(42476010): PARTIAL_WAKE_LOCK AlarmManager 0x1 714 1000
V/AlarmManager( 714): sending alarm PendingIntent{432f9e90: PendingIntentRecord{426cf298 com.domobile.applock startService}}, i=null, t=3, cnt=1, w=1668065574, Int=300
D/PMS ( 714): releaseWL(42476010): PARTIAL_WAKE_LOCK AlarmManager 0x1
D/PMS ( 714): acquireWL(4272b418): PARTIAL_WAKE_LOCK AlarmManager 0x1 714 1000
V/AlarmManager( 714): sending alarm PendingIntent{432f9e90: PendingIntentRecord{426cf298 com.domobile.applock startService}}, i=null, t=3, cnt=1, w=1668065874, Int=300
D/PMS ( 714): releaseWL(4272b418): PARTIAL_WAKE_LOCK AlarmManager 0x1
D/PMS ( 714): acquireWL(428b8460): PARTIAL_WAKE_LOCK AlarmManager 0x1 714 1000
V/AlarmManager( 714): sending alarm PendingIntent{432f9e90: PendingIntentRecord{426cf298 com.domobile.applock startService}}, i=null, t=3, cnt=1, w=1668066174, Int=300
D/PMS ( 714): releaseWL(428b8460): PARTIAL_WAKE_LOCK AlarmManager 0x1
D/PMS ( 714): acquireWL(429cd420): PARTIAL_WAKE_LOCK AlarmManager 0x1 714 1000
V/AlarmManager( 714): sending alarm PendingIntent{432f9e90: PendingIntentRecord{426cf298 com.domobile.applock startService}}, i=null, t=3, cnt=1, w=1668066474, Int=300
D/PMS ( 714): releaseWL(429cd420): PARTIAL_WAKE_LOCK AlarmManager 0x1
D/PMS ( 714): acquireWL(42bc4ce0): PARTIAL_WAKE_LOCK AlarmManager 0x1 714 1000
V/AlarmManager( 714): sending alarm PendingIntent{432f9e90: PendingIntentRecord{426cf298 com.domobile.applock startService}}, i=null, t=3, cnt=1, w=1668066774, Int=300
D/PMS ( 714): releaseWL(42bc4ce0): PARTIAL_WAKE_LOCK AlarmManager 0x1
D/PMS ( 714): releaseWL(428cb988): PARTIAL_WAKE_LOCK AudioMix 0x1
D/TelephonyCallback( 920): SignalStrength: 5
D/SIGNAL_ICON( 920): level=5/5
D/StatusBar.NetworkController( 920): dumpIcon[(gone) stat_sys_5signal_5|null stat_sys_wifi_signal_4 (gone) F]
D/TelephonyRegistry( 714): This is not dual project
V/PeopleApp(15795): Start ReQuery PreLoadCursor
I/PeopleApp(15795): Preload all people cursor with - displayOnlyPhones: false
D/PMS ( 714): acquireWL(42b27050): PARTIAL_WAKE_LOCK AlarmManager 0x1 714 1000
V/AlarmManager( 714): sending alarm PendingIntent{432f9e90: PendingIntentRecord{426cf298 com.domobile.applock startService}}, i=null, t=3, cnt=1, w=1668067074, Int=300
D/PMS ( 714): releaseWL(42b27050): PARTIAL_WAKE_LOCK AlarmManager 0x1
D/PMS ( 714): acquireWL(43234358): PARTIAL_WAKE_LOCK AlarmManager 0x1 714 1000
V/AlarmManager( 714): sending alarm PendingIntent{432f9e90: PendingIntentRecord{426cf298 com.domobile.applock startService}}, i=null, t=3, cnt=1, w=1668067374, Int=300
D/PMS ( 714): releaseWL(43234358): PARTIAL_WAKE_LOCK AlarmManager 0x1
D/TelephonyRegistry( 714): This is not dual project
D/TelephonyCallback( 920): SignalStrength: 5
D/SIGNAL_ICON( 920): level=5/5
D/StatusBar.NetworkController( 920): dumpIcon[(gone) stat_sys_5signal_5|null stat_sys_wifi_signal_4 (gone) F]
D/WifiStateMachine( 714): fetchRssiAndLinkSpeedNative RSSI = -68 abnormalRssiCnt = 0 newLinkSpeed = 58
D/WifiStateMachine( 714): fetchRssiAndLinkSpeedNative mLinkspeedCount = 4, mLinkspeedSum: 260
D/PMS ( 714): acquireWL(437034d0): PARTIAL_WAKE_LOCK AlarmManager 0x1 714 1000
V/AlarmManager( 714): sending alarm PendingIntent{432f9e90: PendingIntentRecord{426cf298 com.domobile.applock startService}}, i=null, t=3, cnt=1, w=1668067674, Int=300
D/PMS ( 714): releaseWL(437034d0): PARTIAL_WAKE_LOCK AlarmManager 0x1
D/PMS ( 714): acquireHCC(43ec43e8): CPU_MIN_NUM PrismScroll_2 0x400 1102 10159
D/PMS ( 714): acquireHCC(4247e5f8): CPU_MIN_FREQ PrismScroll_2 0x100 1102 10159
D/PMS ( 714): releaseHCC(43ec43e8): CPU_MIN_NUM PrismScroll_2 0x400
D/PMS ( 714): releaseHCC(4247e5f8): CPU_MIN_FREQ PrismScroll_2 0x100
I/Intent ( 714): @test_code: getHtcIntentFlag: 0 obj: 1116586440
D/InputManager( 714): Exception: Filter focused app name - java.lang.StringIndexOutOfBoundsException: length=97; regionStart=93; regionLength=-94
D/PMS ( 714): acquireHCC(427d43e0): CPU_MIN_NUM PrismLaunchActivity_4 0x400 1102 10159
W/CpuWake ( 714): >>nativeAcquireCpuPerfWakeLock()
D/PMS ( 714): acquireHCC(4286dea0): CPU_MIN_FREQ PrismLaunchActivity_4 0x100 1102 10159
W/CpuWake ( 714): <>acquire mCpuPerf_cpu_count wakelock
W/CpuWake ( 714): <>acquire mCpuPerf_Freq wakelock
W/CpuWake ( 714): <: EGL 1.4 QUALCOMM build: (CL4169980)
I/Adreno-EGL(14953): OpenGL ES Shader Compiler Version: 17.01.10.SPL
I/Adreno-EGL(14953): Build Date: 12/25/13 Wed I/Adreno-EGL(14953): Local Branch:
I/Adreno-EGL(14953): Remote Branch:
I/Adreno-EGL(14953): Local Patches:
I/Adreno-EGL(14953): Reconstruct Branch:
W/Adreno-EGL(14953): : EGL_BAD_ATTRIBUTE
W/Adreno-EGL(14953): : EGL_BAD_ATTRIBUTE
D/Unity (14953): GL_AMD_compressed_ATC_texture GL_AMD_performance_monitor GL_AMD_program_binary_Z400 GL_EXT_debug_label GL_EXT_debug_marker GL_EXT_discard_framebuffer GL_EXT_robustness GL_EXT_texture_format_BGRA8888 GL_EXT_texture_type_2_10_10_10_REV GL_NV_fence GL_OES_compressed_ETC1_RGB8_texture GL_OES_depth_texture GL_OES_depth24 GL_OES_EGL_image GL_OES_EGL_image_external GL_OES_element_index_uint GL_OES_fbo_render_mipmap GL_OES_fragment_precision_high GL_OES_get_program_binary GL_OES_packed_depth_stencil GL_OES_depth_texture_cube_map GL_OES_rgb8_rgba8 GL_OES_standard_derivatives GL_OES_texture_3D GL_OES_texture_float GL_OES_texture_half_float GL_OES_texture_half_float_linear GL_OES_texture_npot GL_OES_vertex_half_float GL_OES_vertex_type_10_10_10_2 GL_OES_vertex_array_object GL_QCOM_alpha_test GL_QCOM_binning_control GL_QCOM_driver_control GL_QCOM_perfmon_global_mode GL_QCOM_extended_get GL_QCOM_extended_get2 GL_QCOM_tiled_rendering GL_QCOM_writeonly_rendering GL_EXT_sRGB GL_EXT_texture_filter_anisotropic GL_EXT_color_bu
D/Unity (14953): ffer_float GL_EXT_color_buffer_half_float GL_EXT_disjoint_timer_query
W/libc (14953): pthread_create sched_setscheduler call failed: Operation not permitted
D/PMS ( 714): acquireWL(43854ad8): PARTIAL_WAKE_LOCK AudioMix 0x1 266 1013
W/AudFlgTh( 266): Using by PID 14953, ProcessName:com.Halim.admobdeneme
V/AudioService( 714): Receive BEATS_NATIVE_NOTIFICATION from Native AudioTrack!!! notificationOn=true
D/AudioService( 714): [HtcBeatsEffect]onMessageBeatsNotify active=true effect=900
I/AudioService( 714): [HtcBeatsEffect]enableBeats notification!
D/PhoneStatusBar( 920): addIcon slot=beats_effect index=0 viewIndex=0 icon=StatusBarIcon(pkg=androiduser=0 id=0x302008e level=0 visible=true num=0 ) name=stat_sys_beats vis=true
D/PMS ( 714): acquireWL(4384ec68): PARTIAL_WAKE_LOCK AudioMix 0x1 266 1013
D/PMS ( 714): releaseWL(4384ec68): PARTIAL_WAKE_LOCK AudioMix 0x1
V/WiredAccessoryManager( 714): Headset UEVENT: {SUBSYSTEM=switch, SWITCH_STATE=1, DEVPATH=/devices/virtual/switch/Beats, SEQNUM=434827, ACTION=change, SWITCH_NAME=Beats}
V/WiredAccessoryManager( 714): Beats UEVENT: STATE:1
V/WiredAccessoryManager( 714): Beats UEVENT: bests_status:true
W/Vold ( 250): Ignoring unknown switch 'Beats'
E/AudioStreamOutALSA( 266): PCM_Write set_amp_mode,1
W/HtcAudFlgTh( 266): ThreadLoop_wrtie blocking by HAL 27285212ns, the mixerBufferTime is 10666666
D/PMS ( 714): acquireWL(43836150): PARTIAL_WAKE_LOCK AlarmManager 0x1 714 1000
V/AlarmManager( 714): sending alarm PendingIntent{43abaab0: PendingIntentRecord{426cf298 com.domobile.applock startService}}, i=null, t=3, cnt=1, w=1668068928, Int=300
D/PMS ( 714): releaseWL(43836150): PARTIAL_WAKE_LOCK AlarmManager 0x1
D/TelephonyRegistry( 714): This is not dual project
D/TelephonyCallback( 920): SignalStrength: 5
D/SIGNAL_ICON( 920): level=5/5
D/StatusBar.NetworkController( 920): dumpIcon[(gone) stat_sys_5signal_5|null stat_sys_wifi_signal_4 (gone) F]
D/PhoneStatusBar( 920): Status bar WINDOW_STATE_HIDDEN
D/PMS ( 714): acquireWL(4369b020): PARTIAL_WAKE_LOCK AlarmManager 0x1 714 1000
V/AlarmManager( 714): sending alarm PendingIntent{43abaab0: PendingIntentRecord{426cf298 com.domobile.applock startService}}, i=null, t=3, cnt=1, w=1668069228, Int=300
D/PMS ( 714): releaseWL(4369b020): PARTIAL_WAKE_LOCK AlarmManager 0x1
W/CpuWake ( 714): >>nativeReleaseCpuPerfWakeLock()
W/CpuWake ( 714): <>release mCpuPerf_cpu_count wakelock
W/CpuWake ( 714): <>release mCpuPerf_Freq wakelock
W/CpuWake ( 714): <:0
I/Unity (14953): at UnityEngine.AndroidJNISafe.CallStaticObjectMethod (IntPtr clazz, IntPtr methodID, UnityEngine.jvalue[] args) [0x00000] in :0
I/Unity (14953): at UnityEngine.AndroidJavaObject._CallStatic[AndroidJavaObject] (System.String methodName, System.Object[] args) [0x00000] in :0
