E/ActivityThread( 1102): Failed to find provider info for com.htc.idlescreen.setting.provider
D/PhoneStatusBar( 920): disable: < expand icons alerts ticker system_info back home* recent* clock search > V/NotificationService( 714): batLight: plugged
V/LightsService( 714): setLight #8: color=#c8c800
D/lights ( 714): set_color_led color=13158400, mode=255, off_min=0, off_sec=0
D/lights ( 714): [LedInfo] without indicator attribute, red:c80000, green:c800, blue:0
V/LightsService( 714): setLight #8: color=#c80000
D/WirelessDisplayService( 714): ScreenReceiver;android.intent.action.USER_PRESENT,callOnGoing: false, Screen On: true
D/WirelessDisplayService( 714): ScreenReceiver: ACTION_USER_PRESENT: REQ_JOIN_GROUP - TRUE
D/WirelessDisplayService( 714): ScreenReceiver:ACTION_USER_PRESENT: curState1 condState:0
D/lights ( 714): set_color_led color=13107200, mode=1, off_min=0, off_sec=0
D/lights ( 714): [LedInfo] without indicator attribute, red:c80000, green:0, blue:0
D/lights ( 714): [LedInfo] write attr ok name=/sys/class/leds/amber/brightness string=1,len=1
D/lights ( 714): [LedInfo] write attr ok name=/sys/class/leds/amber/blink string=0,len=1
D/lights ( 714): [LedInfo] write attr ok name=/sys/class/leds/amber/off_timer string=0 0,len=3
D/lights ( 714): [LedInfo] write attr ok name=/sys/class/leds/green/brightness string=0,len=1
D/lights ( 714): [LedInfo] write attr ok name=/sys/class/leds/green/blink string=0,len=1
D/lights ( 714): [LedInfo] write attr ok name=/sys/class/leds/green/off_timer string=0 0,len=3
D/PMS ( 714): releaseWL(42d54d68): PARTIAL_WAKE_LOCK *net_scheduler* 0x1
W/InputMethodManagerService( 714): Window already focused, ignoring focus gain of: com.android.internal.view.IInputMethodClient$Stub$Proxy@42c54040 attribute=EditorInfo { packageName=com.htc.launcher, inputType=0x0, imeOptions=0x0, privateImeOptions=null }, token = android.os.BinderProxy@425154e0, client pid=1102, inputType=0x0
D/AutoSetting(16187): receiver - intent: android.intent.action.SERVICE_STATE
D/PMS ( 714): releaseWL(41d2a9d8): PARTIAL_WAKE_LOCK SWITCH_NETWORK_MODE_WAKE_LOCK_0 0x1
D/PMS ( 714): releaseWL(428a61f0): PARTIAL_WAKE_LOCK AlarmManager 0x1
I/ActivityManager( 714): Start proc com.google.android.music:main for broadcast com.google.android.music/.store.MediaStoreImportService$Receiver: pid=14567 uid=10143 gids={50143, 3003, 5012, 1028, 1015}
D/PMS ( 714): acquireWL(43ee2308): PARTIAL_WAKE_LOCK AlarmManager 0x1 714 1000
V/AlarmManager( 714): sending alarm PendingIntent{432f9e90: PendingIntentRecord{426cf298 com.domobile.applock startService}}, i=null, t=3, cnt=1, w=1668019074, Int=300
D/PMS ( 714): releaseWL(43ee2308): PARTIAL_WAKE_LOCK AlarmManager 0x1
I/ShoeBox_LGG(12850): [SBPW]StopSelf 1
I/ShoeBox_LGG(12850): [SBPW]Destroy
D/PMS ( 714): acquireWL(43a9e560): PARTIAL_WAKE_LOCK NfcService:mRoutingWakeLock 0x1 1088 1027
D/NfcService( 1088): NFC-C ON
I/MusicStore(14567): Database version: 75
D/PMS ( 714): releaseWL(43a9e560): PARTIAL_WAKE_LOCK NfcService:mRoutingWakeLock 0x1
W/ContextImpl(14567): Implicit intents with startService are not safe: Intent { act=com.google.android.music.PREFERENCE_SERVICE } android.content.ContextWrapper.bindService:524 com.google.android.music.utils.SafeServiceConnection$ServiceConnectionImp.bindService:98 com.google.android.music.utils.SafeServiceConnection.bindService:259
D/PMS ( 714): acquireWL(43a92488): PARTIAL_WAKE_LOCK AlarmManager 0x1 714 1000
V/AlarmManager( 714): sending alarm PendingIntent{432f9e90: PendingIntentRecord{426cf298 com.domobile.applock startService}}, i=null, t=3, cnt=1, w=1668019374, Int=300
D/PMS ( 714): releaseWL(43a92488): PARTIAL_WAKE_LOCK AlarmManager 0x1
W/ContextImpl(14567): Implicit intents with startService are not safe: Intent { act=com.google.android.music.NETWORK_MONITOR_SERVICE } android.content.ContextWrapper.bindService:524 com.google.android.music.utils.SafeServiceConnection$ServiceConnectionImp.bindService:98 com.google.android.music.utils.SafeServiceConnection.bindService:259
I/Launcher( 1102): updateWallpaperVisibility: false
I/PackageManager( 714): setEnabledSetting(), pkgName=com.google.android.music, clsName=com.android.music.MediaAppWidgetProvider, state=1, flag=1, pid=14567, uid=10143, userID:0
D/WifiDisplayAdapter( 714): getWifiDisplayStatusLocked: result=WifiDisplayStatus{featureState=3, scanState=0, activeDisplayState=0, activeDisplay=null, displays=[], sessionInfo=WifiDisplaySessionInfo:
D/WifiDisplayAdapter( 714): Client/Owner: Client
D/WifiDisplayAdapter( 714): GroupId:
D/WifiDisplayAdapter( 714): Passphrase:
D/WifiDisplayAdapter( 714): SessionId: 0
D/WifiDisplayAdapter( 714): IP Address: }
I/MediaRouter(14567): Found default route: MediaRouter.RouteInfo{ uniqueId=android/.support.v7.media.SystemMediaRouteProvider:DEFAULT_ROUTE, name=Telefon, description=null, enabled=true, connecting=false, playbackType=0, playbackStream=3, volumeHandling=1, volume=4, volumeMax=15, presentationDisplayId=-1, extras=null, providerPackageName=android }
D/WifiDisplayAdapter( 714): getWifiDisplayStatusLocked: result=WifiDisplayStatus{featureState=3, scanState=0, activeDisplayState=0, activeDisplay=null, displays=[], sessionInfo=WifiDisplaySessionInfo:
D/WifiDisplayAdapter( 714): Client/Owner: Client
D/WifiDisplayAdapter( 714): GroupId:
D/WifiDisplayAdapter( 714): Passphrase:
D/WifiDisplayAdapter( 714): SessionId: 0
D/WifiDisplayAdapter( 714): IP Address: }
I/ActivityManager( 714): Delay finish: com.google.android.music/.store.MediaStoreImportService$Receiver
D/WifiStateMachine( 714): fetchRssiAndLinkSpeedNative RSSI = -51 abnormalRssiCnt = 0 newLinkSpeed = 72
D/WifiStateMachine( 714): fetchRssiAndLinkSpeedNative mLinkspeedCount = 3, mLinkspeedSum: 216
D/PMS ( 714): acquireWL(4384ec68): PARTIAL_WAKE_LOCK Icing 0x1 16131 10023
I/PackageManager( 714): setEnabledSetting(), pkgName=com.google.android.music, clsName=com.google.android.music.Settings.NetworkUsage, state=1, flag=1, pid=14567, uid=10143, userID:0
D/PMS ( 714): releaseWL(4384ec68): PARTIAL_WAKE_LOCK Icing 0x1
I/ActivityManager( 714): Resuming delayed broadcast
D/AutoSetting(16187): receiver - intent: android.intent.action.USER_PRESENT
D/TetherSettings(12663): CustomizedNS:true CustomizedML:false CustomizedSPCSC:false CustomizedIPT:true CustomizedSingleUSBfalse
D/ (12663): Cust_ConnectToPC : Internet_Sharing>true
D/ (12663): Cust_ConnectToPC : Modem_Link>false
D/ (12663): Cust_ConnectToPC : spcsc>false
D/ (12663): Cust_ConnectToPC : IPT>true
D/ (12663): Cust_ConnectToPC : Singel_USB>false
W/Settings(12663): Setting tethering_blocked has moved from android.provider.Settings.Secure to android.provider.Settings.Global.
D/SmartNS_Utility(12663): [ACC]Settings-Wireless_+_network-USB_tethering_:usb_storage_notification=false
D/SmartNS_NSReceiver(12663): onReceive : android.intent.action.USER_PRESENT hasTethered:false isNSOpening:false
D/AutoSetting(16187): service - onStartCommand() action: com.htc.app.autosetting.delayrequest
I/PSReceiver(12663): onReceive:android.intent.action.USER_PRESENT
I/SmartNS_PSService(12663): onReceive:android.intent.action.USER_PRESENT
W/Settings(12663): Setting tethering_blocked has moved from android.provider.Settings.Secure to android.provider.Settings.Global.
I/SmartNS_PSService(12663): defaultType:0
W/ContextImpl(12663): Calling a method in the system process without a qualified user: android.app.ContextImpl.startService:1719 android.content.ContextWrapper.startService:501 android.content.ContextWrapper.startService:501 com.android.settings.PSReceiver.onReceive:36 android.app.ActivityThread.handleReceiver:2845
I/STDJS ( 4610): N: 40629648
D/PMS ( 714): acquireWL(436af660): PARTIAL_WAKE_LOCK Icing 0x1 16131 10023
D/Process ( 714): killProcessQuiet, pid=13246
D/Process ( 714): com.android.server.am.ActivityManagerService.killUnneededProcessLocked:7501 com.android.server.am.ActivityManagerService.updateOomAdjLocked:16914 com.android.server.am.ActivityManagerService.updateOomAdjLocked:16758
I/ActivityManager( 714): Killing 13246:com.android.mms/u0a142 (adj 15): empty #21
I/ActivityManager( 714): Recipient 13246
D/PMS ( 714): acquireWL(4367e490): PARTIAL_WAKE_LOCK AlarmManager 0x1 714 1000
V/AlarmManager( 714): sending alarm PendingIntent{432f9e90: PendingIntentRecord{426cf298 com.domobile.applock startService}}, i=null, t=3, cnt=1, w=1668019674, Int=300
D/PMS ( 714): releaseWL(4367e490): PARTIAL_WAKE_LOCK AlarmManager 0x1
V/Nextpeer(17175): Nextpeer push service requires internet connection. Your AndroidManifest.xml file should include 'android.permission.RECEIVE_BOOT_COMPLETED' permission
D/PMS ( 714): releaseWL(436af660): PARTIAL_WAKE_LOCK Icing 0x1
D/PMS ( 714): acquireWL(43636ca8): PARTIAL_WAKE_LOCK Icing 0x1 16131 10023
D/PMS ( 714): releaseWL(43636ca8): PARTIAL_WAKE_LOCK Icing 0x1
D/PMS ( 714): acquireWL(43633d40): PARTIAL_WAKE_LOCK Icing 0x1 16131 10023
D/PMS ( 714): releaseWL(43633d40): PARTIAL_WAKE_LOCK Icing 0x1
D/PMS ( 714): acquireWL(43631f80): PARTIAL_WAKE_LOCK Icing 0x1 16131 10023
D/PMS ( 714): releaseWL(43631f80): PARTIAL_WAKE_LOCK Icing 0x1
I/wpa_supplicant( 4359): Got an original EVENT_SCAN_RESULTS
I/wpa_supplicant( 4359): nl80211: Received scan results (2 BSSes)
D/Tethering( 714): [isWifi] getHotspotEnabled: false
I/wpa_supplicant( 4359): nl80211: Scan results indicate BSS status with f8:3d:ff:a4:06:b2 as associated
I/wpa_supplicant( 4359): [Halim] f8:3d:ff:a4:06:b2 freq=2412 level=-49
I/wpa_supplicant( 4359): [Murat] 18:28:61:3f:d1:6d freq=2472 level=-85
D/WifiStateMachine( 714): [MLHD] enter handleMediaLinkEvent SupplicantStartedState
W/wpa_supplicant( 4359): [EAP-MSG] EAP wpa_supplicant_check_sim@821: eap_methods not available
I/wpa_supplicant( 4359): wlan0: selected BSS f8:3d:ff:a4:06:b2 ssid='Halim'
I/wpa_supplicant( 4359): Do nothing, wait SELECT_BSSID CMD...
I/wpa_supplicant( 4359): Search last scan result
W/wpa_supplicant( 4359): [EAP-MSG] EAP wpa_supplicant_check_sim@821: eap_methods not available
I/wpa_supplicant( 4359): wlan0: selected BSS f8:3d:ff:a4:06:b2 ssid='Halim'
I/wpa_supplicant( 4359): Do nothing, wait SELECT_BSSID CMD...
I/wpa_supplicant( 4359): clear disabled list - type=1
I/wpa_supplicant( 4359): wlan0: No suitable network found
I/wpa_supplicant( 4359): wlan0: Background scan every 600 seconds
I/wpa_supplicant( 4359): wlan0: Scan req: 600 sec 0 usec
I/wpa_supplicant( 4359): nl80211: Received scan results (2 BSSes)
I/wpa_supplicant( 4359): [Halim] f8:3d:ff:a4:06:b2 freq=2412 level=-49
I/wpa_supplicant( 4359): [Murat] 18:28:61:3f:d1:6d freq=2472 level=-85
I/wpa_supplicant( 4359): Search last scan result
I/wpa_supplicant( 4359): clear disabled list - type=1
I/wpa_supplicant( 4359): p2p0: No suitable network found
I/wpa_supplicant( 4359): p2p0: State: INACTIVE -> INACTIVE
I/wpa_supplicant( 4359): Save last scan result
I/wpa_supplicant( 4359): nl80211: Received scan results (2 BSSes)
I/wpa_supplicant( 4359): nl80211: Scan results indicate BSS status with f8:3d:ff:a4:06:b2 as associated
D/WirelessDisplayService( 714): getDiscoveryDongleList
W/ContextImpl( 714): Calling a method in the system process without a qualified user: android.app.ContextImpl.sendBroadcast:1363 android.net.wifi.WifiStateMachine.sendDongleScanResultsAvailableBroadcast:5252 android.net.wifi.WifiStateMachine.handleMediaLinkEvent:5430 android.net.wifi.WifiStateMachine.access$5900:242 android.net.wifi.WifiStateMachine$SupplicantStartedState.processMessage:6706
D/WifiStateMachine( 714): [ScoreAP] + roamToTopScoreAP: Halim[f8:3d:ff:a4:06:b2], -51, 0
D/WifiP2pService( 714): InactiveState{ when=-1ms what=147461 target=com.android.internal.util.StateMachine$SmHandler }
D/WifiP2pService( 714): P2pEnabledState{ when=-2ms what=147461 target=com.android.internal.util.StateMachine$SmHandler }
D/WifiP2pService( 714): DefaultState{ when=-2ms what=147461 target=com.android.internal.util.StateMachine$SmHandler }
V/ScoreHelper( 714): Only print Top 10 in ApScanList
V/ScoreHelper( 714): + ScoreResult: 88, AP: Halim [f8:3d:ff:a4:06:b2], Rssi: 15 [-49], Tx: 13, Freq: 10 [2412], Disconn: 50, Last Used: 0
V/ScoreHelper( 714): + ScoreResult: 77, AP: Murat [18:28:61:3f:d1:6d], Rssi: 4 [-85], Tx: 13, Freq: 10 [2472], Disconn: 50, Last Used: 0
V/ScoreHelper( 714): + computeScore(Halim): 1
D/WifiStateMachine( 714): [ScoreAP] + No alternative AP to roam except current AP [1], Halim
D/WirelessDisplayService( 714): getDiscoveryDongleList
D/WifiManager(11542): getScanResults enter
D/AppWidgetHostView( 1102): updateAppWidget mInfo = AppWidgetProviderInfo(provider=ComponentInfo{com.levelup.beautifulwidgets.free/com.levelup.beautifulwidgets.core.ui.widgets.clock.ClockWidget42})
I/RemoteViews.Performance( 1102): com.levelup.beautifulwidgets.free 1 7 74
D/PMS ( 714): acquireWL(42b66688): PARTIAL_WAKE_LOCK Icing 0x1 16131 10023
D/PMS ( 714): releaseWL(42b66688): PARTIAL_WAKE_LOCK Icing 0x1
D/PMS ( 714): acquireWL(42b59198): PARTIAL_WAKE_LOCK Icing 0x1 16131 10023
D/PMS ( 714): releaseWL(42b59198): PARTIAL_WAKE_LOCK Icing 0x1
D/PMS ( 714): acquireWL(42b4a8c0): PARTIAL_WAKE_LOCK Icing 0x1 16131 10023
D/PMS ( 714): releaseWL(42b4a8c0): PARTIAL_WAKE_LOCK Icing 0x1
D/PMS ( 714): acquireWL(42b49080): PARTIAL_WAKE_LOCK AlarmManager 0x1 714 1000
V/AlarmManager( 714): sending alarm PendingIntent{432f9e90: PendingIntentRecord{426cf298 com.domobile.applock startService}}, i=null, t=3, cnt=1, w=1668019974, Int=300
D/PMS ( 714): releaseWL(42b49080): PARTIAL_WAKE_LOCK AlarmManager 0x1
D/PMS ( 714): acquireWL(42b22c48): PARTIAL_WAKE_LOCK AlarmManager 0x1 714 1000
V/AlarmManager( 714): sending alarm PendingIntent{432f9e90: PendingIntentRecord{426cf298 com.domobile.applock startService}}, i=null, t=3, cnt=1, w=1668020274, Int=300
D/PMS ( 714): releaseWL(42b22c48): PARTIAL_WAKE_LOCK AlarmManager 0x1
D/PMS ( 714): acquireWL(42af2da8): PARTIAL_WAKE_LOCK AlarmManager 0x1 714 1000
V/AlarmManager( 714): sending alarm PendingIntent{432f9e90: PendingIntentRecord{426cf298 com.domobile.applock startService}}, i=null, t=3, cnt=1, w=1668020574, Int=300
D/PMS ( 714): releaseWL(42af2da8): PARTIAL_WAKE_LOCK AlarmManager 0x1
D/MediaProvider(24020): [delete][83]#2#
D/PMS ( 714): acquireWL(42ac77c8): PARTIAL_WAKE_LOCK AlarmManager 0x1 714 1000
V/AlarmManager( 714): sending alarm PendingIntent{432f9e90: PendingIntentRecord{426cf298 com.domobile.applock startService}}, i=null, t=3, cnt=1, w=1668020874, Int=300
D/PMS ( 714): releaseWL(42ac77c8): PARTIAL_WAKE_LOCK AlarmManager 0x1
D/Recents ( 920): recents : 1
D/PMS ( 714): acquireWL(42ab1b78): PARTIAL_WAKE_LOCK GCoreFlp 0x1 11542 10023
D/PMS ( 714): acquireWL(42aaf3b0): PARTIAL_WAKE_LOCK GCoreFlp 0x1 11542 10023
D/PMS ( 714): releaseWL(42ab1b78): PARTIAL_WAKE_LOCK GCoreFlp 0x1
D/PMS ( 714): releaseWL(42aaf3b0): PARTIAL_WAKE_LOCK GCoreFlp 0x1
D/InputDispatcher( 714): cancelRecentAppsAction: prepare to launch Home I/com.dropbox.android.service.CameraUploadService(17422): Starting camera upload scan...
D/PMS ( 714): acquireWL(42aa0c30): PARTIAL_WAKE_LOCK AlarmManager 0x1 714 1000
V/AlarmManager( 714): sending alarm PendingIntent{432f9e90: PendingIntentRecord{426cf298 com.domobile.applock startService}}, i=null, t=3, cnt=1, w=1668021174, Int=300
D/PMS ( 714): releaseWL(42aa0c30): PARTIAL_WAKE_LOCK AlarmManager 0x1
D/PMS ( 714): acquireHCC(42a844b8): CPU_MIN_FREQ HomeKeyHandlerFreq 0x100 714 1000
D/InputDispatcher( 714): LaunchActivity: Intent { act=android.intent.action.MAIN cat=[android.intent.category.HOME] flg=0x10200000 }
I/CVW ( 1039): Dismiss CandidateViewWindow WCLID:0
I/Intent ( 714): @test_code: getHtcIntentFlag: 0 obj: 1116890608
W/CpuWake ( 714): >>nativeAcquireCpuPerfWakeLock()
W/CpuWake ( 714): <>nativeReleaseCpuPerfWakeLock()
W/CpuWake ( 714): <iface =
D/libc ( 260): [NET][SMD] Cache EXPIRED (STALE ENTRY 0xb88dd248 DISCARDED) or need renew
D/libc ( 260): [NET] entry_id:10 entry:0xb88dd248 removed
D/libc ( 260): [NET][SMD][v0204] Extended TTL = 43200, original TTL = 58
D/libc ( 260): [NET]res_nsend:resplen=402
D/libc ( 260): [NET]res_queryN: exit 3, ancount=2
D/libc ( 260): [NET]_dns_getaddrinfo-, (NS_SUCCESS)
D/libc ( 260): [NET] getaddrinfo-, SUCCESS
D/libc (14708): [NET] getaddrinfo_proxy-, success
I/global (14708): call createSocket() return a new socket.
D/libc (14708): [NET] getaddrinfo+,hn 13(0x36352e35322e31),sn(),family 0,flags 4
D/libc (14708): [NET] getaddrinfo-, SUCCESS
D/PMS ( 714): acquireWL(428c8548): PARTIAL_WAKE_LOCK AlarmManager 0x1 714 1000
V/AlarmManager( 714): sending alarm PendingIntent{432f9e90: PendingIntentRecord{426cf298 com.domobile.applock startService}}, i=null, t=3, cnt=1, w=1668029574, Int=300
D/PMS ( 714): releaseWL(428c8548): PARTIAL_WAKE_LOCK AlarmManager 0x1
D/libc (14708): [NET] getaddrinfo+,hn 24(0x73657474696e67),sn(),family 0,flags 4
D/libc (14708): [NET] getaddrinfo-,err=8
D/libc (14708): [NET] getaddrinfo+,hn 24(0x73657474696e67),sn(),family 0,flags 1024
D/libc (14708): [NET] getaddrinfo-, 1
D/libc (14708): [NET] getaddrinfo_proxy+
D/libc ( 260): [NET] getaddrinfo+,hn 24(0x73657474696e67),sn(),family 0,flags 1024
D/libc ( 260): [NET]_dns_getaddrinfo+ interface=
D/libc ( 260): +++++ res_nsend xid =b0ee +++++
D/libc ( 260): [NET] res_nLookupCache: rstatp->iface =
D/libc ( 260): [NET][SMD] Cache EXPIRED (STALE ENTRY 0xb87aeef0 DISCARDED) or need renew
D/libc ( 260): [NET] entry_id:36 entry:0xb87aeef0 removed
D/libc ( 260): [NET][SMD][v0204] Extended TTL = 43200, original TTL = 27
D/libc ( 260): [NET]res_nsend:resplen=441
D/libc ( 260): [NET]res_queryN: exit 3, ancount=9
D/libc ( 260): [NET]_dns_getaddrinfo-, (NS_SUCCESS)
D/libc ( 260): [NET] getaddrinfo-, SUCCESS
D/libc (14708): [NET] getaddrinfo_proxy-, success
D/AutoSetting(16187): service - mRequestRunnable: screen on delay 10s, request NLP now
D/AutoSetting(16187): service - requestNLP() to last request within 2hrs, don't request 2882506
D/libc (14708): [NET] getaddrinfo+,hn 58(0x736576656e6469),sn(),family 0,flags 4
D/libc (14708): [NET] getaddrinfo-,err=8
D/PMS ( 714): acquireWL(43bb6af8): PARTIAL_WAKE_LOCK AlarmManager 0x1 714 1000
V/AlarmManager( 714): sending alarm PendingIntent{432f9e90: PendingIntentRecord{426cf298 com.domobile.applock startService}}, i=null, t=3, cnt=1, w=1668029874, Int=300
D/PMS ( 714): releaseWL(43bb6af8): PARTIAL_WAKE_LOCK AlarmManager 0x1
W/DefaultRequestDirector(14708): Authentication error: Unable to respond to any of these challenges: {}
E/JSALogUtil(14708): [ 0] error registering with azure
E/JSALogUtil(14708): com.microsoft.windowsazure.messaging.NotificationHubUnauthorizedException: Unauthorized
E/JSALogUtil(14708): at com.microsoft.windowsazure.messaging.Connection.a(SourceFile:213)
E/JSALogUtil(14708): at com.microsoft.windowsazure.messaging.Connection.a(SourceFile:160)
E/JSALogUtil(14708): at com.microsoft.windowsazure.messaging.NotificationHub.c(SourceFile:232)
E/JSALogUtil(14708): at com.microsoft.windowsazure.messaging.NotificationHub.a(SourceFile:320)
E/JSALogUtil(14708): at com.microsoft.windowsazure.messaging.NotificationHub.a(SourceFile:134)
E/JSALogUtil(14708): at uk.co.sevendigital.android.library.eo.application.job.SDIUpdatePushNotificationTagsJob.a(SourceFile:175)
E/JSALogUtil(14708): at uk.co.sevendigital.android.library.eo.application.job.SDIUpdatePushNotificationTagsJob.b(SourceFile:103)
E/JSALogUtil(14708): at uk.co.sevendigital.android.library.eo.application.job.SDIUpdatePushNotificationTagsJob.a(SourceFile:57)
E/JSALogUtil(14708): at nz.co.jsalibrary.android.background.JSABackgroundJobIntentService.a(SourceFile:232)
E/JSALogUtil(14708): at nz.co.jsalibrary.android.service.JSAMultiThreadedService$ServiceHandler.handleMessage(SourceFile:378)
E/JSALogUtil(14708): at android.os.Handler.dispatchMessage(Handler.java:102)
E/JSALogUtil(14708): at android.os.Looper.loop(Looper.java:157)
E/JSALogUtil(14708): at android.os.HandlerThread.run(HandlerThread.java:61)
D/PMS ( 714): acquireWL(43850ed0): PARTIAL_WAKE_LOCK AlarmManager 0x1 714 1000
V/AlarmManager( 714): sending alarm PendingIntent{432f9e90: PendingIntentRecord{426cf298 com.domobile.applock startService}}, i=null, t=3, cnt=1, w=1668030174, Int=300
D/PMS ( 714): releaseWL(43850ed0): PARTIAL_WAKE_LOCK AlarmManager 0x1
D/PMS ( 714): acquireWL(436dc840): PARTIAL_WAKE_LOCK AlarmManager 0x1 714 1000
V/AlarmManager( 714): sending alarm PendingIntent{432f9e90: PendingIntentRecord{426cf298 com.domobile.applock startService}}, i=null, t=3, cnt=1, w=1668030474, Int=300
D/PMS ( 714): releaseWL(436dc840): PARTIAL_WAKE_LOCK AlarmManager 0x1
D/PMS ( 714): acquireWL(434910f0): PARTIAL_WAKE_LOCK AlarmManager 0x1 714 1000
V/AlarmManager( 714): sending alarm PendingIntent{432f9e90: PendingIntentRecord{426cf298 com.domobile.applock startService}}, i=null, t=3, cnt=1, w=1668030774, Int=300
D/PMS ( 714): releaseWL(434910f0): PARTIAL_WAKE_LOCK AlarmManager 0x1
D/PMS ( 714): acquireWL(42dea1b0): PARTIAL_WAKE_LOCK AlarmManager 0x1 714 1000
V/AlarmManager( 714): sending alarm PendingIntent{425d5c18: PendingIntentRecord{42a27810 com.google.android.apps.plus startService}}, i=null, t=0, cnt=1, w=1405196982994, Int=0
D/PMS ( 714): releaseWL(42dea1b0): PARTIAL_WAKE_LOCK AlarmManager 0x1
D/PMS ( 714): acquireWL(438ed658): PARTIAL_WAKE_LOCK AlarmManager 0x1 714 1000
V/AlarmManager( 714): sending alarm PendingIntent{41cc4ea0: PendingIntentRecord{42433870 android broadcastIntent}}, i=android.net.ConnectivityService.action.PKT_CNT_SAMPLE_INTERVAL_ELAPSED, t=3, cnt=1, w=1668030854, Int=0
V/AlarmManager( 714): sending alarm PendingIntent{432f9e90: PendingIntentRecord{426cf298 com.domobile.applock startService}}, i=null, t=3, cnt=1, w=1668031074, Int=300
V/AlarmManager( 714): sending alarm PendingIntent{432f9e90: PendingIntentRecord{426cf298 com.domobile.applock startService}}, i=null, t=3, cnt=1, w=1668031374, Int=300
I/ActivityManager( 714): Resuming delayed broadcast
D/ConnectivityService( 714): Sampling interval elapsed, updating statistics ..
D/PMS ( 714): releaseWL(438ed658): PARTIAL_WAKE_LOCK AlarmManager 0x1
D/ConnectivityService( 714): Done.
D/ConnectivityService( 714): Setting timer for 30seconds
W/ProcessCpuTracker( 714): Skipping unknown process pid 14773
W/ProcessCpuTracker( 714): Skipping unknown process pid 14776
W/ProcessCpuTracker( 714): Skipping unknown process pid 14779
W/ProcessCpuTracker( 714): Skipping unknown process pid 14781
W/ProcessCpuTracker( 714): Skipping unknown process pid 14782
W/ProcessCpuTracker( 714): Skipping unknown process pid 14784
W/ProcessCpuTracker( 714): Skipping unknown process pid 14786
W/ProcessCpuTracker( 714): Skipping unknown process pid 14789
W/ProcessCpuTracker( 714): Skipping unknown process pid 14791
D/WifiStateMachine( 714): fetchRssiAndLinkSpeedNative RSSI = -52 abnormalRssiCnt = 0 newLinkSpeed = 72
D/WifiStateMachine( 714): fetchRssiAndLinkSpeedNative mLinkspeedCount = 2, mLinkspeedSum: 144
D/PMS ( 714): acquireWL(43852258): PARTIAL_WAKE_LOCK AlarmManager 0x1 714 1000
V/AlarmManager( 714): sending alarm PendingIntent{432f9e90: PendingIntentRecord{426cf298 com.domobile.applock startService}}, i=null, t=3, cnt=1, w=1668031674, Int=300
D/PMS ( 714): releaseWL(43852258): PARTIAL_WAKE_LOCK AlarmManager 0x1
D/PMS ( 714): acquireWL(436aa898): PARTIAL_WAKE_LOCK AlarmManager 0x1 714 1000
V/AlarmManager( 714): sending alarm PendingIntent{432f9e90: PendingIntentRecord{426cf298 com.domobile.applock startService}}, i=null, t=3, cnt=1, w=1668031974, Int=300
D/PMS ( 714): releaseWL(436aa898): PARTIAL_WAKE_LOCK AlarmManager 0x1
I/RemoteViews.Performance( 920): com.cleanmaster.mguard 0 2 20
I/RemoteViews.Performance( 920): com.cleanmaster.mguard 0 22 15 20
D/Process ( 714): killProcessQuiet, pid=12491
D/Process ( 714): com.android.server.am.ActivityManagerService.killUnneededProcessLocked:7501 com.android.server.am.ActivityManagerService.updateOomAdjLocked:16914 com.android.server.am.ActivityManagerService.updateOomAdjLocked:16758
I/ActivityManager( 714): Killing 12491:com.htc.mms.backupagent/u0a291 (adj 15): empty #21
I/ActivityManager( 714): Recipient 12491
I/RemoteViews.Performance( 920): com.cleanmaster.mguard 0 40 10 18
I/RemoteViews.Performance( 920): com.cleanmaster.mguard 4 95 4
D/PMS ( 714): acquireWL(432891f8): PARTIAL_WAKE_LOCK AlarmManager 0x1 714 1000
V/AlarmManager( 714): sending alarm PendingIntent{432f9e90: PendingIntentRecord{426cf298 com.domobile.applock startService}}, i=null, t=3, cnt=1, w=1668032274, Int=300
D/PMS ( 714): releaseWL(432891f8): PARTIAL_WAKE_LOCK AlarmManager 0x1
D/PMS ( 714): acquireWL(43227a60): PARTIAL_WAKE_LOCK AlarmManager 0x1 714 1000
V/AlarmManager( 714): sending alarm PendingIntent{432f9e90: PendingIntentRecord{426cf298 com.domobile.applock startService}}, i=null, t=3, cnt=1, w=1668032574, Int=300
D/PMS ( 714): releaseWL(43227a60): PARTIAL_WAKE_LOCK AlarmManager 0x1
D/PMS ( 714): acquireWL(4316a830): PARTIAL_WAKE_LOCK AlarmManager 0x1 714 1000
V/AlarmManager( 714): sending alarm PendingIntent{432f9e90: PendingIntentRecord{426cf298 com.domobile.applock startService}}, i=null, t=3, cnt=1, w=1668032874, Int=300
D/PMS ( 714): releaseWL(4316a830): PARTIAL_WAKE_LOCK AlarmManager 0x1
D/PMS ( 714): acquireWL(43140a20): PARTIAL_WAKE_LOCK AlarmManager 0x1 714 1000
V/AlarmManager( 714): sending alarm PendingIntent{432f9e90: PendingIntentRecord{426cf298 com.domobile.applock startService}}, i=null, t=3, cnt=1, w=1668033174, Int=300
D/PMS ( 714): releaseWL(43140a20): PARTIAL_WAKE_LOCK AlarmManager 0x1
D/PMS ( 714): acquireWL(43134b98): PARTIAL_WAKE_LOCK AlarmManager 0x1 714 1000
V/AlarmManager( 714): sending alarm PendingIntent{432f9e90: PendingIntentRecord{426cf298 com.domobile.applock startService}}, i=null, t=3, cnt=1, w=1668033474, Int=300
D/PMS ( 714): releaseWL(43134b98): PARTIAL_WAKE_LOCK AlarmManager 0x1
D/PMS ( 714): acquireWL(43113738): PARTIAL_WAKE_LOCK AlarmManager 0x1 714 1000
V/AlarmManager( 714): sending alarm PendingIntent{432f9e90: PendingIntentRecord{426cf298 com.domobile.applock startService}}, i=null, t=3, cnt=1, w=1668033774, Int=300
D/PMS ( 714): releaseWL(43113738): PARTIAL_WAKE_LOCK AlarmManager 0x1
D/PMS ( 714): acquireWL(43111930): PARTIAL_WAKE_LOCK AlarmManager 0x1 714 1000
V/AlarmManager( 714): sending alarm PendingIntent{432f9e90: PendingIntentRecord{426cf298 com.domobile.applock startService}}, i=null, t=3, cnt=1, w=1668034074, Int=300
D/PMS ( 714): releaseWL(43111930): PARTIAL_WAKE_LOCK AlarmManager 0x1
I/GAV3 (14708): Thread[GAThread,5,main]: No campaign data found.
D/PMS ( 714): acquireWL(42f4e498): PARTIAL_WAKE_LOCK AlarmManager 0x1 714 1000
V/AlarmManager( 714): sending alarm PendingIntent{432f9e90: PendingIntentRecord{426cf298 com.domobile.applock startService}}, i=null, t=3, cnt=1, w=1668034374, Int=300
D/PMS ( 714): releaseWL(42f4e498): PARTIAL_WAKE_LOCK AlarmManager 0x1
D/PMS ( 714): acquireWL(42e04378): PARTIAL_WAKE_LOCK AlarmManager 0x1 714 1000
V/AlarmManager( 714): sending alarm PendingIntent{432f9e90: PendingIntentRecord{426cf298 com.domobile.applock startService}}, i=null, t=3, cnt=1, w=1668034674, Int=300
D/PMS ( 714): releaseWL(42e04378): PARTIAL_WAKE_LOCK AlarmManager 0x1
D/WifiStateMachine( 714): fetchRssiAndLinkSpeedNative RSSI = -52 abnormalRssiCnt = 0 newLinkSpeed = 72
D/WifiStateMachine( 714): fetchRssiAndLinkSpeedNative mLinkspeedCount = 3, mLinkspeedSum: 216
D/PMS ( 714): acquireWL(42dc67b8): PARTIAL_WAKE_LOCK AlarmManager 0x1 714 1000
V/AlarmManager( 714): sending alarm PendingIntent{432f9e90: PendingIntentRecord{426cf298 com.domobile.applock startService}}, i=null, t=3, cnt=1, w=1668034974, Int=300
D/PMS ( 714): releaseWL(42dc67b8): PARTIAL_WAKE_LOCK AlarmManager 0x1
D/PMS ( 714): acquireWL(42d8a528): PARTIAL_WAKE_LOCK AlarmManager 0x1 714 1000
V/AlarmManager( 714): sending alarm PendingIntent{432f9e90: PendingIntentRecord{426cf298 com.domobile.applock startService}}, i=null, t=3, cnt=1, w=1668035274, Int=300
D/PMS ( 714): releaseWL(42d8a528): PARTIAL_WAKE_LOCK AlarmManager 0x1
D/HABCtrl ( 714): TPE algorithm. remove timeout.
D/HABCtrl ( 714): ALG=2, lsvalue=40(1th)->160(3th), last_level=1, lValue=50->81
V/LightsService( 714): setLight #0: color=#ff333333
V/LightsService( 714): setLight #0: color=#ff343434
V/LightsService( 714): setLight #0: color=#ff353535
V/LightsService( 714): setLight #0: color=#ff363636
V/LightsService( 714): setLight #0: color=#ff373737
V/LightsService( 714): setLight #0: color=#ff383838
V/LightsService( 714): setLight #0: color=#ff393939
V/LightsService( 714): setLight #0: color=#ff3a3a3a
V/LightsService( 714): setLight #0: color=#ff3b3b3b
D/PMS ( 714): acquireWL(42d52ed0): PARTIAL_WAKE_LOCK AlarmManager 0x1 714 1000
V/AlarmManager( 714): sending alarm PendingIntent{432f9e90: PendingIntentRecord{426cf298 com.domobile.applock startService}}, i=null, t=3, cnt=1, w=1668035574, Int=300
D/PMS ( 714): releaseWL(42d52ed0): PARTIAL_WAKE_LOCK AlarmManager 0x1
V/LightsService( 714): setLight #0: color=#ff3c3c3c
V/LightsService( 714): setLight #0: color=#ff3d3d3d
V/LightsService( 714): setLight #0: color=#ff3e3e3e
V/LightsService( 714): setLight #0: color=#ff3f3f3f
V/LightsService( 714): setLight #0: color=#ff404040
V/LightsService( 714): setLight #0: color=#ff414141
V/LightsService( 714): setLight #0: color=#ff424242
V/LightsService( 714): setLight #0: color=#ff434343
V/LightsService( 714): setLight #0: color=#ff444444
V/LightsService( 714): setLight #0: color=#ff454545
V/LightsService( 714): setLight #0: color=#ff464646
V/LightsService( 714): setLight #0: color=#ff474747
V/LightsService( 714): setLight #0: color=#ff484848
V/LightsService( 714): setLight #0: color=#ff494949
V/LightsService( 714): setLight #0: color=#ff4a4a4a
V/LightsService( 714): setLight #0: color=#ff4b4b4b
V/LightsService( 714): setLight #0: color=#ff4c4c4c
V/LightsService( 714): setLight #0: color=#ff4d4d4d
D/PMS ( 714): acquireWL(42d37310): PARTIAL_WAKE_LOCK AlarmManager 0x1 714 1000
V/AlarmManager( 714): sending alarm PendingIntent{432f9e90: PendingIntentRecord{426cf298 com.domobile.applock startService}}, i=null, t=3, cnt=1, w=1668035874, Int=300
D/PMS ( 714): releaseWL(42d37310): PARTIAL_WAKE_LOCK AlarmManager 0x1
V/LightsService( 714): setLight #0: color=#ff4e4e4e
V/LightsService( 714): setLight #0: color=#ff4f4f4f
V/LightsService( 714): setLight #0: color=#ff505050
V/LightsService( 714): setLight #0: color=#ff515151
D/PMS ( 714): acquireWL(42c9d0e0): PARTIAL_WAKE_LOCK AlarmManager 0x1 714 1000
V/AlarmManager( 714): sending alarm PendingIntent{432f9e90: PendingIntentRecord{426cf298 com.domobile.applock startService}}, i=null, t=3, cnt=1, w=1668036174, Int=300
D/PMS ( 714): releaseWL(42c9d0e0): PARTIAL_WAKE_LOCK AlarmManager 0x1
D/PMS ( 714): acquireWL(42c87e68): PARTIAL_WAKE_LOCK AlarmManager 0x1 714 1000
V/AlarmManager( 714): sending alarm PendingIntent{432f9e90: PendingIntentRecord{426cf298 com.domobile.applock startService}}, i=null, t=3, cnt=1, w=1668036474, Int=300
D/PMS ( 714): releaseWL(42c87e68): PARTIAL_WAKE_LOCK AlarmManager 0x1
D/PMS ( 714): acquireWL(42c78930): PARTIAL_WAKE_LOCK AlarmManager 0x1 714 1000
V/AlarmManager( 714): sending alarm PendingIntent{432f9e90: PendingIntentRecord{426cf298 com.domobile.applock startService}}, i=null, t=3, cnt=1, w=1668036774, Int=300
D/PMS ( 714): releaseWL(42c78930): PARTIAL_WAKE_LOCK AlarmManager 0x1
D/PMS ( 714): acquireWL(42c42f40): PARTIAL_WAKE_LOCK AlarmManager 0x1 714 1000
V/AlarmManager( 714): sending alarm PendingIntent{432f9e90: PendingIntentRecord{426cf298 com.domobile.applock startService}}, i=null, t=3, cnt=1, w=1668037074, Int=300
D/PMS ( 714): releaseWL(42c42f40): PARTIAL_WAKE_LOCK AlarmManager 0x1
D/PMS ( 714): acquireWL(42c1d870): PARTIAL_WAKE_LOCK AlarmManager 0x1 714 1000
V/AlarmManager( 714): sending alarm PendingIntent{432f9e90: PendingIntentRecord{426cf298 com.domobile.applock startService}}, i=null, t=3, cnt=1, w=1668037374, Int=300
D/PMS ( 714): releaseWL(42c1d870): PARTIAL_WAKE_LOCK AlarmManager 0x1
D/PMS ( 714): acquireWL(42ba20e8): PARTIAL_WAKE_LOCK AlarmManager 0x1 714 1000
V/AlarmManager( 714): sending alarm PendingIntent{432f9e90: PendingIntentRecord{426cf298 com.domobile.applock startService}}, i=null, t=3, cnt=1, w=1668037674, Int=300
D/PMS ( 714): releaseWL(42ba20e8): PARTIAL_WAKE_LOCK AlarmManager 0x1
D/WifiStateMachine( 714): fetchRssiAndLinkSpeedNative RSSI = -66 abnormalRssiCnt = 0 newLinkSpeed = 72
D/WifiStateMachine( 714): fetchRssiAndLinkSpeedNative mLinkspeedCount = 4, mLinkspeedSum: 288
D/PMS ( 714): acquireWL(42b93908): PARTIAL_WAKE_LOCK AlarmManager 0x1 714 1000
V/AlarmManager( 714): sending alarm PendingIntent{432f9e90: PendingIntentRecord{426cf298 com.domobile.applock startService}}, i=null, t=3, cnt=1, w=1668037974, Int=300
D/PMS ( 714): releaseWL(42b93908): PARTIAL_WAKE_LOCK AlarmManager 0x1
D/PMS ( 714): acquireWL(42b5e6e8): PARTIAL_WAKE_LOCK AlarmManager 0x1 714 1000
V/AlarmManager( 714): sending alarm PendingIntent{432f9e90: PendingIntentRecord{426cf298 com.domobile.applock startService}}, i=null, t=3, cnt=1, w=1668038274, Int=300
D/PMS ( 714): releaseWL(42b5e6e8): PARTIAL_WAKE_LOCK AlarmManager 0x1 I/com.dropbox.android.service.CameraUploadService(17422): Starting camera upload scan...
D/PMS ( 714): acquireWL(42b44588): PARTIAL_WAKE_LOCK AlarmManager 0x1 714 1000
V/AlarmManager( 714): sending alarm PendingIntent{432f9e90: PendingIntentRecord{426cf298 com.domobile.applock startService}}, i=null, t=3, cnt=1, w=1668038574, Int=300
D/PMS ( 714): releaseWL(42b44588): PARTIAL_WAKE_LOCK AlarmManager 0x1
D/PMS ( 714): acquireWL(42b3f1c0): PARTIAL_WAKE_LOCK AlarmManager 0x1 714 1000
V/AlarmManager( 714): sending alarm PendingIntent{432f9e90: PendingIntentRecord{426cf298 com.domobile.applock startService}}, i=null, t=3, cnt=1, w=1668038874, Int=300
D/PMS ( 714): releaseWL(42b3f1c0): PARTIAL_WAKE_LOCK AlarmManager 0x1
D/PMS ( 714): acquireWL(42afbf60): PARTIAL_WAKE_LOCK AlarmManager 0x1 714 1000
V/AlarmManager( 714): sending alarm PendingIntent{432f9e90: PendingIntentRecord{426cf298 com.domobile.applock startService}}, i=null, t=3, cnt=1, w=1668039174, Int=300
D/PMS ( 714): releaseWL(42afbf60): PARTIAL_WAKE_LOCK AlarmManager 0x1 I/com.dropbox.android.service.CameraUploadService(17422): Finished querying providers. I/com.dropbox.android.service.CameraUploadService(17422): Finished camera upload scan.
D/PMS ( 714): acquireWL(42ad8bd8): PARTIAL_WAKE_LOCK AlarmManager 0x1 714 1000
V/AlarmManager( 714): sending alarm PendingIntent{432f9e90: PendingIntentRecord{426cf298 com.domobile.applock startService}}, i=null, t=3, cnt=1, w=1668039474, Int=300
D/PMS ( 714): releaseWL(42ad8bd8): PARTIAL_WAKE_LOCK AlarmManager 0x1
D/PMS ( 714): acquireWL(42ab7b48): PARTIAL_WAKE_LOCK AlarmManager 0x1 714 1000
V/AlarmManager( 714): sending alarm PendingIntent{432f9e90: PendingIntentRecord{426cf298 com.domobile.applock startService}}, i=null, t=3, cnt=1, w=1668039774, Int=300
D/PMS ( 714): releaseWL(42ab7b48): PARTIAL_WAKE_LOCK AlarmManager 0x1
D/PMS ( 714): acquireWL(42aae040): PARTIAL_WAKE_LOCK AlarmManager 0x1 714 1000
V/AlarmManager( 714): sending alarm PendingIntent{432f9e90: PendingIntentRecord{426cf298 com.domobile.applock startService}}, i=null, t=3, cnt=1, w=1668040074, Int=300
D/PMS ( 714): releaseWL(42aae040): PARTIAL_WAKE_LOCK AlarmManager 0x1
D/PMS ( 714): acquireWL(42a5c128): PARTIAL_WAKE_LOCK AlarmManager 0x1 714 1000
V/AlarmManager( 714): sending alarm PendingIntent{432f9e90: PendingIntentRecord{426cf298 com.domobile.applock startService}}, i=null, t=3, cnt=1, w=1668040374, Int=300
D/PMS ( 714): releaseWL(42a5c128): PARTIAL_WAKE_LOCK AlarmManager 0x1
D/PMS ( 714): acquireWL(42a30a60): PARTIAL_WAKE_LOCK AlarmManager 0x1 714 1000
V/AlarmManager( 714): sending alarm PendingIntent{432f9e90: PendingIntentRecord{426cf298 com.domobile.applock startService}}, i=null, t=3, cnt=1, w=1668040674, Int=300
D/PMS ( 714): releaseWL(42a30a60): PARTIAL_WAKE_LOCK AlarmManager 0x1
I/wpa_supplicant( 4359): Change stage from stage0 to stage3
I/wpa_supplicant( 4359): wlan0: Background scan every 600 seconds
I/wpa_supplicant( 4359): wlan0: Scan req: 600 sec 0 usec
D/WifiStateMachine( 714): fetchRssiAndLinkSpeedNative RSSI = -60 abnormalRssiCnt = 0 newLinkSpeed = 72
D/WifiStateMachine( 714): fetchRssiAndLinkSpeedNative mLinkspeedCount = 5, mLinkspeedSum: 360
D/WifiStateMachine( 714): fetchRssiAndLinkSpeedNative: Update RSSI:-55 and linkspeed:72 in database
D/WifiApDatabaseHandler( 714): updateConnectedAP...
D/PMS ( 714): acquireWL(429eefc8): PARTIAL_WAKE_LOCK AlarmManager 0x1 714 1000
V/AlarmManager( 714): sending alarm PendingIntent{432f9e90: PendingIntentRecord{426cf298 com.domobile.applock startService}}, i=null, t=3, cnt=1, w=1668040974, Int=300
D/PMS ( 714): releaseWL(429eefc8): PARTIAL_WAKE_LOCK AlarmManager 0x1
D/PMS ( 714): acquireWL(429cc368): PARTIAL_WAKE_LOCK AlarmManager 0x1 714 1000
V/AlarmManager( 714): sending alarm PendingIntent{432f9e90: PendingIntentRecord{426cf298 com.domobile.applock startService}}, i=null, t=3, cnt=1, w=1668041274, Int=300
D/PMS ( 714): releaseWL(429cc368): PARTIAL_WAKE_LOCK AlarmManager 0x1
D/PMS ( 714): acquireWL(429a2ac0): PARTIAL_WAKE_LOCK AlarmManager 0x1 714 1000
V/AlarmManager( 714): sending alarm PendingIntent{432f9e90: PendingIntentRecord{426cf298 com.domobile.applock startService}}, i=null, t=3, cnt=1, w=1668041574, Int=300
D/PMS ( 714): releaseWL(429a2ac0): PARTIAL_WAKE_LOCK AlarmManager 0x1
D/PMS ( 714): acquireWL(42997d50): PARTIAL_WAKE_LOCK AlarmManager 0x1 714 1000
V/AlarmManager( 714): sending alarm PendingIntent{432f9e90: PendingIntentRecord{426cf298 com.domobile.applock startService}}, i=null, t=3, cnt=1, w=1668041874, Int=300
D/PMS ( 714): releaseWL(42997d50): PARTIAL_WAKE_LOCK AlarmManager 0x1
D/PMS ( 714): acquireWL(4297b3b0): PARTIAL_WAKE_LOCK AlarmManager 0x1 714 1000
V/AlarmManager( 714): sending alarm PendingIntent{432f9e90: PendingIntentRecord{426cf298 com.domobile.applock startService}}, i=null, t=3, cnt=1, w=1668042174, Int=300
D/PMS ( 714): releaseWL(4297b3b0): PARTIAL_WAKE_LOCK AlarmManager 0x1
D/PMS ( 714): acquireWL(42972720): PARTIAL_WAKE_LOCK AlarmManager 0x1 714 1000
V/AlarmManager( 714): sending alarm PendingIntent{432f9e90: PendingIntentRecord{426cf298 com.domobile.applock startService}}, i=null, t=3, cnt=1, w=1668042474, Int=300
D/PMS ( 714): releaseWL(42972720): PARTIAL_WAKE_LOCK AlarmManager 0x1
D/PMS ( 714): acquireWL(429452c8): PARTIAL_WAKE_LOCK AlarmManager 0x1 714 1000
V/AlarmManager( 714): sending alarm PendingIntent{432f9e90: PendingIntentRecord{426cf298 com.domobile.applock startService}}, i=null, t=3, cnt=1, w=1668042774, Int=300
D/PMS ( 714): releaseWL(429452c8): PARTIAL_WAKE_LOCK AlarmManager 0x1
D/PMS ( 714): acquireWL(42929548): PARTIAL_WAKE_LOCK AlarmManager 0x1 714 1000
V/AlarmManager( 714): sending alarm PendingIntent{432f9e90: PendingIntentRecord{426cf298 com.domobile.applock startService}}, i=null, t=3, cnt=1, w=1668043074, Int=300
D/PMS ( 714): releaseWL(42929548): PARTIAL_WAKE_LOCK AlarmManager 0x1
D/PMS ( 714): acquireWL(42905c20): PARTIAL_WAKE_LOCK AlarmManager 0x1 714 1000
V/AlarmManager( 714): sending alarm PendingIntent{432f9e90: PendingIntentRecord{426cf298 com.domobile.applock startService}}, i=null, t=3, cnt=1, w=1668043374, Int=300
D/PMS ( 714): releaseWL(42905c20): PARTIAL_WAKE_LOCK AlarmManager 0x1
D/PMS ( 714): acquireWL(428f1308): PARTIAL_WAKE_LOCK AlarmManager 0x1 714 1000
V/AlarmManager( 714): sending alarm PendingIntent{432f9e90: PendingIntentRecord{426cf298 com.domobile.applock startService}}, i=null, t=3, cnt=1, w=1668043674, Int=300
D/PMS ( 714): releaseWL(428f1308): PARTIAL_WAKE_LOCK AlarmManager 0x1
I/ActivityManager( 714): Waited long enough for: ServiceRecord{42d9c218 u0 com.htc.musicenhancer/.EnhancerService}
D/WifiStateMachine( 714): fetchRssiAndLinkSpeedNative RSSI = -57 abnormalRssiCnt = 0 newLinkSpeed = 72
D/WifiStateMachine( 714): fetchRssiAndLinkSpeedNative mLinkspeedCount = 1, mLinkspeedSum: 72
D/PMS ( 714): acquireWL(428d8d00): PARTIAL_WAKE_LOCK AlarmManager 0x1 714 1000
V/AlarmManager( 714): sending alarm PendingIntent{432f9e90: PendingIntentRecord{426cf298 com.domobile.applock startService}}, i=null, t=3, cnt=1, w=1668043974, Int=300
D/PMS ( 714): releaseWL(428d8d00): PARTIAL_WAKE_LOCK AlarmManager 0x1
D/PMS ( 714): acquireWL(428baa98): PARTIAL_WAKE_LOCK AlarmManager 0x1 714 1000
V/AlarmManager( 714): sending alarm PendingIntent{432f9e90: PendingIntentRecord{426cf298 com.domobile.applock startService}}, i=null, t=3, cnt=1, w=1668044274, Int=300
D/PMS ( 714): releaseWL(428baa98): PARTIAL_WAKE_LOCK AlarmManager 0x1
D/PMS ( 714): acquireWL(42889338): PARTIAL_WAKE_LOCK AlarmManager 0x1 714 1000
V/AlarmManager( 714): sending alarm PendingIntent{432f9e90: PendingIntentRecord{426cf298 com.domobile.applock startService}}, i=null, t=3, cnt=1, w=1668044574, Int=300
D/PMS ( 714): releaseWL(42889338): PARTIAL_WAKE_LOCK AlarmManager 0x1
D/PMS ( 714): acquireWL(42868130): PARTIAL_WAKE_LOCK AlarmManager 0x1 714 1000
V/AlarmManager( 714): sending alarm PendingIntent{432f9e90: PendingIntentRecord{426cf298 com.domobile.applock startService}}, i=null, t=3, cnt=1, w=1668044874, Int=300
D/PMS ( 714): releaseWL(42868130): PARTIAL_WAKE_LOCK AlarmManager 0x1
D/PMS ( 714): acquireWL(42840b48): PARTIAL_WAKE_LOCK AlarmManager 0x1 714 1000
V/AlarmManager( 714): sending alarm PendingIntent{432f9e90: PendingIntentRecord{426cf298 com.domobile.applock startService}}, i=null, t=3, cnt=1, w=1668045174, Int=300
D/PMS ( 714): releaseWL(42840b48): PARTIAL_WAKE_LOCK AlarmManager 0x1
D/PMS ( 714): acquireWL(4283c058): PARTIAL_WAKE_LOCK AlarmManager 0x1 714 1000
V/AlarmManager( 714): sending alarm PendingIntent{432f9e90: PendingIntentRecord{426cf298 com.domobile.applock startService}}, i=null, t=3, cnt=1, w=1668045474, Int=300
D/PMS ( 714): releaseWL(4283c058): PARTIAL_WAKE_LOCK AlarmManager 0x1
D/PMS ( 714): acquireWL(42829480): PARTIAL_WAKE_LOCK AlarmManager 0x1 714 1000
V/AlarmManager( 714): sending alarm PendingIntent{432f9e90: PendingIntentRecord{426cf298 com.domobile.applock startService}}, i=null, t=3, cnt=1, w=1668045774, Int=300
D/PMS ( 714): releaseWL(42829480): PARTIAL_WAKE_LOCK AlarmManager 0x1
D/PMS ( 714): acquireWL(42811448): PARTIAL_WAKE_LOCK AlarmManager 0x1 714 1000
V/AlarmManager( 714): sending alarm PendingIntent{432f9e90: PendingIntentRecord{426cf298 com.domobile.applock startService}}, i=null, t=3, cnt=1, w=1668046074, Int=300
D/PMS ( 714): releaseWL(42811448): PARTIAL_WAKE_LOCK AlarmManager 0x1
D/PMS ( 714): acquireWL(427c1650): PARTIAL_WAKE_LOCK AlarmManager 0x1 714 1000
V/AlarmManager( 714): sending alarm PendingIntent{432f9e90: PendingIntentRecord{426cf298 com.domobile.applock startService}}, i=null, t=3, cnt=1, w=1668046374, Int=300
D/PMS ( 714): releaseWL(427c1650): PARTIAL_WAKE_LOCK AlarmManager 0x1
D/PMS ( 714): acquireWL(427bb6b0): PARTIAL_WAKE_LOCK AlarmManager 0x1 714 1000
V/AlarmManager( 714): sending alarm PendingIntent{432f9e90: PendingIntentRecord{426cf298 com.domobile.applock startService}}, i=null, t=3, cnt=1, w=1668046674, Int=300
D/PMS ( 714): releaseWL(427bb6b0): PARTIAL_WAKE_LOCK AlarmManager 0x1
D/WifiStateMachine( 714): fetchRssiAndLinkSpeedNative RSSI = -59 abnormalRssiCnt = 0 newLinkSpeed = 72
D/WifiStateMachine( 714): fetchRssiAndLinkSpeedNative mLinkspeedCount = 2, mLinkspeedSum: 144
D/PMS ( 714): acquireWL(427960a0): PARTIAL_WAKE_LOCK AlarmManager 0x1 714 1000
V/AlarmManager( 714): sending alarm PendingIntent{432f9e90: PendingIntentRecord{426cf298 com.domobile.applock startService}}, i=null, t=3, cnt=1, w=1668046974, Int=300
D/PMS ( 714): releaseWL(427960a0): PARTIAL_WAKE_LOCK AlarmManager 0x1
I/RemoteViews.Performance( 920): com.cleanmaster.mguard 0 2 20
I/RemoteViews.Performance( 920): com.cleanmaster.mguard 1 27 17 20
I/RemoteViews.Performance( 920): com.cleanmaster.mguard 1 13 14 18
I/RemoteViews.Performance( 920): com.cleanmaster.mguard 2 77 4
D/PMS ( 714): acquireWL(426ca790): PARTIAL_WAKE_LOCK AlarmManager 0x1 714 1000
V/AlarmManager( 714): sending alarm PendingIntent{432f9e90: PendingIntentRecord{426cf298 com.domobile.applock startService}}, i=null, t=3, cnt=1, w=1668047274, Int=300
D/PMS ( 714): releaseWL(426ca790): PARTIAL_WAKE_LOCK AlarmManager 0x1
D/PMS ( 714): acquireWL(426892f0): PARTIAL_WAKE_LOCK AlarmManager 0x1 714 1000
V/AlarmManager( 714): sending alarm PendingIntent{432f9e90: PendingIntentRecord{426cf298 com.domobile.applock startService}}, i=null, t=3, cnt=1, w=1668047574, Int=300
D/PMS ( 714): releaseWL(426892f0): PARTIAL_WAKE_LOCK AlarmManager 0x1
D/PMS ( 714): acquireWL(4265dc60): PARTIAL_WAKE_LOCK AlarmManager 0x1 714 1000
V/AlarmManager( 714): sending alarm PendingIntent{43a7f830: PendingIntentRecord{424dd430 com.levelup.beautifulwidgets.free broadcastIntent}}, i=com.levelup.beautifulwidgets.core.ACTION_REFRESHTIME, t=1, cnt=1, w=1405197000000, Int=0
V/AlarmManager( 714): sending alarm PendingIntent{4243e0f8: PendingIntentRecord{42430420 android broadcastIntent}}, i=android.intent.action.TIME_TICK, t=3, cnt=1, w=1668047796, Int=0
I/ClockThread( 920): now=1405197000029 next=59971
V/AlarmManager( 714): sending alarm PendingIntent{432f9e90: PendingIntentRecord{426cf298 com.domobile.applock startService}}, i=null, t=3, cnt=1, w=1668047874, Int=300
D/PMS ( 714): releaseWL(4265dc60): PARTIAL_WAKE_LOCK AlarmManager 0x1
W/MastheadClock( 1102): mDigitAnimMin.start
D/PMS ( 714): acquireWL(4262a0e8): PARTIAL_WAKE_LOCK AlarmManager 0x1 714 1000
V/AlarmManager( 714): sending alarm PendingIntent{432f9e90: PendingIntentRecord{426cf298 com.domobile.applock startService}}, i=null, t=3, cnt=1, w=1668048174, Int=300
D/PMS ( 714): releaseWL(4262a0e8): PARTIAL_WAKE_LOCK AlarmManager 0x1
D/AppWidgetHostView( 1102): updateAppWidget mInfo = AppWidgetProviderInfo(provider=ComponentInfo{com.levelup.beautifulwidgets.free/com.levelup.beautifulwidgets.core.ui.widgets.clock.ClockWidget42})
I/RemoteViews.Performance( 1102): com.levelup.beautifulwidgets.free 0 5 74
D/PMS ( 714): acquireWL(425cdc68): PARTIAL_WAKE_LOCK AlarmManager 0x1 714 1000
V/AlarmManager( 714): sending alarm PendingIntent{432f9e90: PendingIntentRecord{426cf298 com.domobile.applock startService}}, i=null, t=3, cnt=1, w=1668048474, Int=300
D/PMS ( 714): releaseWL(425cdc68): PARTIAL_WAKE_LOCK AlarmManager 0x1
D/PMS ( 714): acquireWL(425573d0): PARTIAL_WAKE_LOCK AlarmManager 0x1 714 1000
V/AlarmManager( 714): sending alarm PendingIntent{432f9e90: PendingIntentRecord{426cf298 com.domobile.applock startService}}, i=null, t=3, cnt=1, w=1668048774, Int=300
D/PMS ( 714): releaseWL(425573d0): PARTIAL_WAKE_LOCK AlarmManager 0x1
D/PMS ( 714): acquireWL(42518990): PARTIAL_WAKE_LOCK AlarmManager 0x1 714 1000
V/AlarmManager( 714): sending alarm PendingIntent{432f9e90: PendingIntentRecord{426cf298 com.domobile.applock startService}}, i=null, t=3, cnt=1, w=1668049074, Int=300
D/PMS ( 714): releaseWL(42518990): PARTIAL_WAKE_LOCK AlarmManager 0x1
D/PMS ( 714): acquireWL(424e3318): PARTIAL_WAKE_LOCK AlarmManager 0x1 714 1000
V/AlarmManager( 714): sending alarm PendingIntent{432f9e90: PendingIntentRecord{426cf298 com.domobile.applock startService}}, i=null, t=3, cnt=1, w=1668049374, Int=300
D/PMS ( 714): releaseWL(424e3318): PARTIAL_WAKE_LOCK AlarmManager 0x1
D/PMS ( 714): acquireWL(424d2480): PARTIAL_WAKE_LOCK AlarmManager 0x1 714 1000
V/AlarmManager( 714): sending alarm PendingIntent{432f9e90: PendingIntentRecord{426cf298 com.domobile.applock startService}}, i=null, t=3, cnt=1, w=1668049674, Int=300
D/PMS ( 714): releaseWL(424d2480): PARTIAL_WAKE_LOCK AlarmManager 0x1
D/AutoSetting(16187): service - handleMessage() stop self
D/AutoSetting(16187): service - onDestroy() END
D/Process ( 714): killProcessQuiet, pid=14281
D/Process ( 714): com.android.server.am.ActivityManagerService.killUnneededProcessLocked:7501 com.android.server.am.ActivityManagerService.updateOomAdjLocked:16914 com.android.server.am.ActivityManagerService.updateOomAdjLocked:16758
I/ActivityManager( 714): Killing 14281:com.supercell.clashofclans/u0a229 (adj 15): empty #21
D/AutoSetting(16187): service - handleMessage() quit looper
I/ActivityManager( 714): Recipient 14281
D/WifiStateMachine( 714): fetchRssiAndLinkSpeedNative RSSI = -59 abnormalRssiCnt = 0 newLinkSpeed = 72
D/WifiStateMachine( 714): fetchRssiAndLinkSpeedNative mLinkspeedCount = 3, mLinkspeedSum: 216
D/PMS ( 714): acquireWL(424b8bf8): PARTIAL_WAKE_LOCK AlarmManager 0x1 714 1000
V/AlarmManager( 714): sending alarm PendingIntent{432f9e90: PendingIntentRecord{426cf298 com.domobile.applock startService}}, i=null, t=3, cnt=1, w=1668049974, Int=300
D/PMS ( 714): releaseWL(424b8bf8): PARTIAL_WAKE_LOCK AlarmManager 0x1
D/PMS ( 714): acquireWL(42469d00): PARTIAL_WAKE_LOCK AlarmManager 0x1 714 1000
V/AlarmManager( 714): sending alarm PendingIntent{432f9e90: PendingIntentRecord{426cf298 com.domobile.applock startService}}, i=null, t=3, cnt=1, w=1668050274, Int=300
D/PMS ( 714): releaseWL(42469d00): PARTIAL_WAKE_LOCK AlarmManager 0x1
D/PMS ( 714): acquireWL(42442900): PARTIAL_WAKE_LOCK AlarmManager 0x1 714 1000
V/AlarmManager( 714): sending alarm PendingIntent{432f9e90: PendingIntentRecord{426cf298 com.domobile.applock startService}}, i=null, t=3, cnt=1, w=1668050574, Int=300
D/PMS ( 714): releaseWL(42442900): PARTIAL_WAKE_LOCK AlarmManager 0x1
D/PMS ( 714): acquireWL(4240a570): PARTIAL_WAKE_LOCK AlarmManager 0x1 714 1000
V/AlarmManager( 714): sending alarm PendingIntent{432f9e90: PendingIntentRecord{426cf298 com.domobile.applock startService}}, i=null, t=3, cnt=1, w=1668050874, Int=300
D/PMS ( 714): releaseWL(4240a570): PARTIAL_WAKE_LOCK AlarmManager 0x1
D/PMS ( 714): acquireWL(423dbfb0): PARTIAL_WAKE_LOCK AlarmManager 0x1 714 1000
V/AlarmManager( 714): sending alarm PendingIntent{432f9e90: PendingIntentRecord{426cf298 com.domobile.applock startService}}, i=null, t=3, cnt=1, w=1668051174, Int=300
D/PMS ( 714): releaseWL(423dbfb0): PARTIAL_WAKE_LOCK AlarmManager 0x1
D/TelephonyRegistry( 714): This is not dual project
D/TelephonyCallback( 920): SignalStrength: 5
D/SIGNAL_ICON( 920): level=5/5
D/StatusBar.NetworkController( 920): dumpIcon[(gone) stat_sys_5signal_5|null stat_sys_wifi_signal_4 (gone) F]
D/PMS ( 714): acquireWL(423bfff0): PARTIAL_WAKE_LOCK AlarmManager 0x1 714 1000
